000
CXUS54 KMRX 032315
CLMCHA

CLIMATE REPORT
NATIONAL WEATHER SERVICE MORRISTOWN TN
615 PM EST TUE FEB 3 2015

...................................

...THE CHATTANOOGA CLIMATE SUMMARY FOR THE MONTH OF JANUARY 2015...

CLIMATE NORMAL PERIOD 1981 TO 2010
CLIMATE RECORD PERIOD 1879 TO 2015

WEATHER         OBSERVED          NORMAL  DEPART
                 VALUE   DATE(S)  VALUE   FROM
                                          NORMAL
................................................
TEMPERATURE (F)
HIGHEST            67   01/20
LOWEST              9   01/08
AVG. MAXIMUM     49.2              50.2    -1.0
AVG. MINIMUM     30.4              30.7    -0.3
MEAN             39.8              40.5    -0.7
DAYS MAX >= 90      0
DAYS MAX <= 32      1
DAYS MIN <= 32     19
DAYS MIN <= 0       0

PRECIPITATION (INCHES)
RECORD
 MAXIMUM        12.67   1882
 MINIMUM         0.90   1986
TOTALS           3.49              4.91   -1.42
DAYS >= .01        10
DAYS >= .10         5
DAYS >= .50         3
DAYS >= 1.00        1
GREATEST
 24 HR. TOTAL    1.75   01/03 TO 01/04

SNOWFALL (INCHES)
TOTALS            0.7               1.7    -1.0
SINCE 7/1         0.7
SNOWDEPTH AVG.      0
DAYS >= TRACE       3
GREATEST
 SNOW DEPTH         0   MM

DEGREE_DAYS
HEATING TOTAL     774               761      13
 SINCE 7/1       2036              2045      -9
COOLING TOTAL       0                 0       0
 SINCE 1/1          0                 0       0
.................................................



-  INDICATES NEGATIVE NUMBERS.
R  INDICATES RECORD WAS SET OR TIED.
MM INDICATES DATA IS MISSING.
T  INDICATES TRACE AMOUNT.

$$
