000
CXUS54 KMRX 011543
CLMCHA


CLIMATE REPORT
NATIONAL WEATHER SERVICE MORRISTOWN TN
1143 AM EDT TUE SEP 1 2015

...................................

...THE CHATTANOOGA  ASOS CLIMATE SUMMARY FOR THE MONTH OF AUGUST 2015...

CLIMATE NORMAL PERIOD 1981 TO 2010
CLIMATE RECORD PERIOD 1879 TO 2015

WEATHER         OBSERVED          NORMAL  DEPART
                 VALUE   DATE(S)  VALUE   FROM
                                          NORMAL
................................................
TEMPERATURE (F)
HIGHEST            98   08/04
LOWEST             59   08/26
AVG. MAXIMUM     87.7              89.6    -1.9
AVG. MINIMUM     68.8              69.2    -0.4
MEAN             78.2              79.4    -1.2
DAYS MAX >= 90     12
DAYS MAX <= 32      0
DAYS MIN <= 32      0
DAYS MIN <= 0       0

PRECIPITATION (INCHES)
RECORD
 MAXIMUM        12.36   1920
 MINIMUM         0.01   2011
TOTALS           7.09              3.48    3.61
DAYS >= .01        10
DAYS >= .10         9
DAYS >= .50         4
DAYS >= 1.00        3
GREATEST
 24 HR. TOTAL    3.19   08/17 TO 08/18

SNOWFALL (INCHES)
TOTALS            0.0               0.0     0.0
SINCE 7/1         0.0
SNOWDEPTH AVG.      0
DAYS >= TRACE       0
GREATEST
 SNOW DEPTH         0   MM

DEGREE_DAYS
HEATING TOTAL       0                 0       0
 SINCE 7/1          0                 0       0
COOLING TOTAL     415               446     -31
 SINCE 1/1       1647              1450     197
.................................................



-  INDICATES NEGATIVE NUMBERS.
R  INDICATES RECORD WAS SET OR TIED.
MM INDICATES DATA IS MISSING.
T  INDICATES TRACE AMOUNT.

$$
