000
CXUS53 KDVN 011552
CLMCID


CLIMATE REPORT
NATIONAL WEATHER SERVICE QUAD CITIES IA IL
938 AM CST WED FEB 1 2017

...................................

...THE CEDAR RAPIDS IA CLIMATE SUMMARY FOR THE MONTH OF JANUARY 2017...

CLIMATE NORMAL PERIOD 1981 TO 2010
CLIMATE RECORD PERIOD 1891 TO 2017

WEATHER         OBSERVED          NORMAL  DEPART
                 VALUE   DATE(S)  VALUE   FROM
                                          NORMAL
................................................
TEMPERATURE (F)
RECORD
 HIGH              65   01/31/1989
 LOW              -29   01/15/2009
HIGHEST            46   01/10        29      17
LOWEST             -5   01/06        11     -16
AVG. MAXIMUM     31.2              28.2     3.0
AVG. MINIMUM     18.5              10.9     7.6
MEAN             24.8              19.5     5.3
DAYS MAX >= 90      0
DAYS MAX <= 32     13
DAYS MIN <= 32     29
DAYS MIN <= 0       4

PRECIPITATION (INCHES)
TOTALS           1.50              0.92    0.58
DAILY AVG.       0.05              0.03    0.02
DAYS >= .01         9
DAYS >= .10         4
DAYS >= .50         1
DAYS >= 1.00        0
GREATEST
 24 HR. TOTAL    0.68   01/16

DEGREE_DAYS
HEATING TOTAL    1238              1409    -171
 SINCE 7/1       3451              4148    -697
COOLING TOTAL       0                 0       0
 SINCE 1/1          0                 0       0
.................................................

WIND (MPH)
AVERAGE WIND SPEED              10.9
HIGHEST WIND SPEED/DIRECTION    37/280    DATE  01/10
HIGHEST GUST SPEED/DIRECTION    46/280    DATE  01/10

SKY COVER
POSSIBLE SUNSHINE (PERCENT)   MM
AVERAGE SKY COVER           0.70
NUMBER OF DAYS FAIR            4
NUMBER OF DAYS PC             13
NUMBER OF DAYS CLOUDY         14

AVERAGE RH (PERCENT)     83

WEATHER CONDITIONS. NUMBER OF DAYS WITH
THUNDERSTORM              0     HAIL                       0
SLEET                     0     FOG                       23
FOG W/VIS <= 1/4 MILE     9     HAZE                       4

-  INDICATES NEGATIVE NUMBERS.
R  INDICATES RECORD WAS SET OR TIED.
MM INDICATES DATA IS MISSING.
T  INDICATES TRACE AMOUNT.

$$
