000
CXUS54 KHGX 060655 RRA
CLMCLL

CLIMATE REPORT
NATIONAL WEATHER SERVICE HOUSTON/GALVESTON TX
1250 PM CST FRI JAN 1 2016

...................................

...THE COLLEGE STATION CLIMATE SUMMARY FOR THE MONTH OF DECEMBER 2015...

CLIMATE NORMAL PERIOD 1981 TO 2010
CLIMATE RECORD PERIOD 1902 TO 2015

WEATHER         OBSERVED          NORMAL  DEPART  LAST YEAR`S
                 VALUE   DATE(S)  VALUE   FROM    VALUE  DATE(S)
                                          NORMAL
................................................................
TEMPERATURE (F)
RECORD
 HIGH              89   12/01/1922
 LOW                2   12/23/1989

HIGHEST            80   12/23        MM      MM       80  12/05
                        12/11
LOWEST             34   12/18        MM      MM       31  12/29

AVG. MAXIMUM     68.1              62.3     5.8     62.8
AVG. MINIMUM     47.2              42.2     5.0     47.2
MEAN             57.6              52.2     5.4     55.0

DAYS MAX >= 90      0               0.0     0.0        0
DAYS MAX <= 32      0               0.3    -0.3        0
DAYS MIN <= 32      0               4.8    -4.8        1
DAYS MIN <= 0       0               0.0     0.0        0

PRECIPITATION (INCHES)
RECORD
 MAXIMUM        12.66   1913
 MINIMUM         0.10   1950

TOTALS           8.08              3.23    4.85     2.57
DAILY AVG.       0.26              0.10    0.16     0.08

DAYS >= .01         8               8.8    -0.8       11
DAYS >= .10         3               5.1    -2.1        4
DAYS >= .50         3               2.1     0.9        2
DAYS >= 1.00        3               0.9     2.1        1
GREATEST
 24 HR. TOTAL    5.11   12/12 TO 12/13

SNOWFALL (INCHES)
RECORDS
 TOTAL              T   2009
TOTALS            0.0               0.0     0.0      0.0
SINCE 7/1         0.0               0.0     0.0      0.0
SNOWDEPTH AVG.      0                MM      MM        0
DAYS >= 1.0         0               0.0     0.0        0
GREATEST
 SNOW DEPTH         0   MM                             0  MM
 24 HR TOTAL      0.0   12/31 TO 12/31

DEGREE_DAYS
HEATING TOTAL     255               411    -156      314
 SINCE 7/1        402               636    -234      609
COOLING TOTAL      36                16      20       10
 SINCE 1/1       3243              3089     154     2943
.................................................................

WIND (MPH)
AVERAGE WIND SPEED              8.2
HIGHEST WIND SPEED/DIRECTION    33/310    DATE  12/13
HIGHEST GUST SPEED/DIRECTION    44/160    DATE  12/12

SKY COVER
AVERAGE SKY COVER           0.40

AVERAGE RH (PERCENT)     74

WEATHER CONDITIONS. NUMBER OF DAYS WITH
THUNDERSTORM              2     MIXED PRECIP               0
HEAVY RAIN                3     RAIN                       3
LIGHT RAIN               12     FREEZING RAIN              0
LT FREEZING RAIN          0     HAIL                       0
HEAVY SNOW                0     SNOW                       0
LIGHT SNOW                0     SLEET                      0
FOG                      19     FOG W/VIS <= 1/4 MILE      3
HAZE                      3

-  INDICATES NEGATIVE NUMBERS.
R  INDICATES RECORD WAS SET OR TIED.
MM INDICATES DATA IS MISSING.
T  INDICATES TRACE AMOUNT.

$$
