000
CXUS51 KILN 011317
CLMCMH


CLIMATE REPORT
NATIONAL WEATHER SERVICE WILMINGTON OH
912 AM EDT TUE SEP 1 2015

...................................

...THE COLUMBUS CLIMATE SUMMARY FOR THE MONTH OF AUGUST 2015...

CLIMATE NORMAL PERIOD 1981 TO 2010
CLIMATE RECORD PERIOD 1869 TO 2015

WEATHER         OBSERVED          NORMAL  DEPART  LAST YEAR`S
                 VALUE   DATE(S)  VALUE   FROM    VALUE  DATE(S)
                                          NORMAL
................................................................
TEMPERATURE (F)
RECORD
 HIGH             103   08/05/1918
 LOW               39   08/29/1965
HIGHEST            88   08/17        83       5       93  08/30
                        08/16
                        08/02
LOWEST             56   08/28        62      -6       51  08/16
                        08/25
                        08/21
AVG. MAXIMUM     81.9              83.7    -1.8     85.0
AVG. MINIMUM     61.7              64.1    -2.4     65.6
MEAN             71.8              73.9    -2.1     75.3
DAYS MAX >= 90      0               4.8    -4.8        5
DAYS MAX <= 32      0               0.0     0.0        0
DAYS MIN <= 32      0               0.0     0.0        0
DAYS MIN <= 0       0               0.0     0.0        0

PRECIPITATION (INCHES)
TOTALS           3.59              3.32    0.27     4.90
DAILY AVG.       0.12              0.11    0.01     0.16
DAYS >= .01        10               9.2     0.8        8
DAYS >= .10         7               5.7     1.3        6
DAYS >= .50         3               2.3     0.7        5
DAYS >= 1.00        1               0.8     0.2        1
GREATEST
 24 HR. TOTAL    1.22   08/19 TO 08/20

SNOWFALL (INCHES)
TOTALS            0.0               0.0     0.0      0.0
SINCE 7/1         0.0               0.0     0.0      0.0
DAYS >= TRACE       0               0.0     0.0        0
DAYS >= 1.0         0               0.0     0.0        0
GREATEST
 24 HR TOTAL      0.0   08/31 TO 08/31

DEGREE_DAYS
HEATING TOTAL       5                 0       5        0
 SINCE 7/1          5                 0       5        0
COOLING TOTAL     223               281     -58      327
 SINCE 1/1        856               889     -33     1022
..................................................

WIND (MPH)
AVERAGE WIND SPEED              4.9
RESULTANT WIND SPEED/DIRECTION   1/254
HIGHEST WIND SPEED/DIRECTION    31/250    DATE  08/29
HIGHEST GUST SPEED/DIRECTION    48/320    DATE  08/17

SKY COVER
AVERAGE SKY COVER           0.50

AVERAGE RH (PERCENT)     69

WEATHER CONDITIONS. NUMBER OF DAYS WITH
THUNDERSTORM              6     MIXED PRECIP               0
HEAVY RAIN                5     RAIN                       4
LIGHT RAIN               11     FREEZING RAIN              0
LT FREEZING RAIN          0     HAIL                       0
HEAVY SNOW                0     SNOW                       0
LIGHT SNOW                0     SLEET                      0
FOG                      15     FOG W/VIS <= 1/4 MILE      0
HAZE                      5

-  INDICATES NEGATIVE NUMBERS.
R  INDICATES RECORD WAS SET OR TIED.
MM INDICATES DATA IS MISSING.
T  INDICATES TRACE AMOUNT.

$$
