000
CXUS51 KILN 121255
CLMCMH


CLIMATE REPORT
NATIONAL WEATHER SERVICE WILMINGTON OH
855 AM EDT WED APR 12 2017

...................................

...THE COLUMBUS CLIMATE SUMMARY FOR THE MONTH OF MARCH 2017...

CLIMATE NORMAL PERIOD 1981 TO 2010
CLIMATE RECORD PERIOD 1869 TO 2017

WEATHER         OBSERVED          NORMAL  DEPART  LAST YEAR`S
                 VALUE   DATE(S)  VALUE   FROM    VALUE  DATE(S)
                                          NORMAL
................................................................
TEMPERATURE (F)
RECORD
 HIGH              85   03/22/2012
                        03/21/2012
 LOW               -6   03/09/1984
HIGHEST            77   03/30        50      27       75  03/27
LOWEST             15   03/15        31     -16       22  03/03
                                                          03/02
AVG. MAXIMUM     52.1              51.1     1.0     57.8
AVG. MINIMUM     34.1              32.7     1.4     39.1
MEAN             43.1              41.9     1.2     48.5
DAYS MAX >= 90      0               0.0     0.0        0
DAYS MAX <= 32      1               1.8    -0.8        0
DAYS MIN <= 32     15              15.3    -0.3        8
DAYS MIN <= 0       0               0.0     0.0        0

PRECIPITATION (INCHES)
TOTALS           5.39              3.02    2.37     4.27
DAILY AVG.       0.17              0.10    0.07     0.14
DAYS >= .01        15              12.8     2.2       14
DAYS >= .10         8               7.1     0.9        9
DAYS >= .50         4               1.9     2.1        3
DAYS >= 1.00        2               0.4     1.6        0
GREATEST
 24 HR. TOTAL    1.53   03/26 TO 03/26           03/10 TO 03/10
                                                          03/09 TO 03/10
                                                          03/10 TO 03/10
 STORM TOTAL       MM                                 MM
 (MM/DD(HH))            MM                    03/10(00) TO 03/10(00)
                                                 03/10(00) TO 03/10(00)0
                                                 03/10(00) TO 03/10(00)0

SNOWFALL (INCHES)
TOTALS            1.7               4.2    -2.5      2.3
SINCE 7/1         9.3              25.6   -16.3     16.8
DAYS >= TRACE       8               4.5     3.5        6
DAYS >= 1.0         0               1.1    -1.1        1
GREATEST
 24 HR TOTAL      0.6   03/13 TO 03/13           03/04 TO 03/04
                                                          03/10 TO 03/10
                                                          03/10 TO 03/10
 STORM TOTAL       MM                                 MM
 (MM/DD(HH))            MM                    03/04(00) TO 03/04(00)
                                                 03/10(00) TO 03/10(00)0
                                                 03/10(00) TO 03/10(00)0

DEGREE_DAYS
HEATING TOTAL     673               716     -43      504
 SINCE 7/1       3942              4711    -769     3945
COOLING TOTAL       2                 0       2        0
 SINCE 1/1          6                 0       6        0
.................................................

WIND (MPH)
AVERAGE WIND SPEED              10.4
RESULTANT WIND SPEED/DIRECTION   3/302
HIGHEST WIND SPEED/DIRECTION    39/270    DATE  03/01
HIGHEST GUST SPEED/DIRECTION    49/230    DATE  03/08

SKY COVER
AVERAGE SKY COVER           0.70

AVERAGE RH (PERCENT)     64

WEATHER CONDITIONS. NUMBER OF DAYS WITH
THUNDERSTORM              0     MIXED PRECIP               0
HEAVY RAIN                6     RAIN                       8
LIGHT RAIN               16     FREEZING RAIN              0
LT FREEZING RAIN          0     HAIL                       0
HEAVY SNOW                1     SNOW                       3
LIGHT SNOW                8     SLEET                      0
FOG                      18     FOG W/VIS <= 1/4 MILE      2
HAZE                      4

-  INDICATES NEGATIVE NUMBERS.
R  INDICATES RECORD WAS SET OR TIED.
MM INDICATES DATA IS MISSING.
T  INDICATES TRACE AMOUNT.

$$
