000
CXUS51 KILN 011146
CLMCMH


CLIMATE REPORT
NATIONAL WEATHER SERVICE WILMINGTON OH
745 AM EDT SUN MAY 1 2016

...................................

...THE COLUMBUS CLIMATE SUMMARY FOR THE MONTH OF APRIL 2016...

CLIMATE NORMAL PERIOD 1981 TO 2010
CLIMATE RECORD PERIOD 1869 TO 2016

WEATHER         OBSERVED          NORMAL  DEPART  LAST YEAR`S
                 VALUE   DATE(S)  VALUE   FROM    VALUE  DATE(S)
                                          NORMAL
................................................................
TEMPERATURE (F)
RECORD
 HIGH              90   04/25/1915
 LOW               14   04/07/1982
HIGHEST            81   04/18        63      18       MM  MM
LOWEST             23   04/05        41     -18       MM  MM
AVG. MAXIMUM     62.5              63.5    -1.0       MM
AVG. MINIMUM     40.4              42.6    -2.2       MM
MEAN             51.4              53.1    -1.7       MM
DAYS MAX >= 90      0               0.0     0.0       MM
DAYS MAX <= 32      0               0.0     0.0       MM
DAYS MIN <= 32      8               3.8     4.2       MM
DAYS MIN <= 0       0               0.0     0.0       MM

PRECIPITATION (INCHES)
TOTALS           2.31              3.40   -1.09       MM
DAILY AVG.       0.08              0.11   -0.03       MM
DAYS >= .01        14              13.7     0.3       MM
DAYS >= .10         6               7.3    -1.3       MM
DAYS >= .50         1               2.2    -1.2       MM
DAYS >= 1.00        1               0.5     0.5       MM
GREATEST
 24 HR. TOTAL    1.10   04/10 TO 04/11                MM
 STORM TOTAL       MM                                 MM
 (MM/DD(HH))            MM                                MM

SNOWFALL (INCHES)
TOTALS            0.3               1.1    -0.8       MM
SINCE 7/1        17.1              26.7    -9.6       MM
DAYS >= TRACE       6               1.2     4.8       MM
DAYS >= 1.0         0               0.2    -0.2       MM
GREATEST
 24 HR TOTAL      0.3   04/09 TO 04/09                MM
 STORM TOTAL       MM                                 MM
 (MM/DD(HH))            MM                                MM

DEGREE_DAYS
HEATING TOTAL     400               371      29       MM
 SINCE 7/1       4345              5082    -737       MM
COOLING TOTAL       1                12     -11       MM
 SINCE 1/1          1                12     -11       MM
.................................................................

WIND (MPH)
AVERAGE WIND SPEED              8.9
RESULTANT WIND SPEED/DIRECTION   1/300
HIGHEST WIND SPEED/DIRECTION    47/270    DATE  04/02
HIGHEST GUST SPEED/DIRECTION    61/270    DATE  04/02

SKY COVER
AVERAGE SKY COVER           0.60

AVERAGE RH (PERCENT)     60

WEATHER CONDITIONS. NUMBER OF DAYS WITH
THUNDERSTORM              0     MIXED PRECIP               0
HEAVY RAIN                2     RAIN                       3
LIGHT RAIN               14     FREEZING RAIN              0
LT FREEZING RAIN          0     HAIL                       0
HEAVY SNOW                0     SNOW                       2
LIGHT SNOW                5     SLEET                      0
FOG                      12     FOG W/VIS <= 1/4 MILE      0
HAZE                      8

-  INDICATES NEGATIVE NUMBERS.
R  INDICATES RECORD WAS SET OR TIED.
MM INDICATES DATA IS MISSING.
T  INDICATES TRACE AMOUNT.

$$
