000
CXUS51 KILN 011228
CLMCMH


CLIMATE REPORT
NATIONAL WEATHER SERVICE WILMINGTON OH
824 AM EDT SAT AUG 1 2015

...................................

...THE COLUMBUS CLIMATE SUMMARY FOR THE MONTH OF JULY 2015...

CLIMATE NORMAL PERIOD 1981 TO 2010
CLIMATE RECORD PERIOD 1869 TO 2015

WEATHER         OBSERVED          NORMAL  DEPART  LAST YEAR`S
                 VALUE   DATE(S)  VALUE   FROM    VALUE  DATE(S)
                                          NORMAL
................................................................
TEMPERATURE (F)
RECORD
 HIGH             106   07/14/1936
                        07/21/1934
 LOW               43   07/06/1972
HIGHEST            91   07/29        85       6       92  07/22
                        07/28                             07/01
                        07/18
LOWEST             53   07/16        64     -11       54  07/17
                                                          07/05
AVG. MAXIMUM     82.1              84.9    -2.8     82.3
AVG. MINIMUM     64.3              65.5    -1.2     63.5
MEAN             73.2              75.2    -2.0     72.9
DAYS MAX >= 90      3               5.6    -2.6        3
DAYS MAX <= 32      0               0.0     0.0        0
DAYS MIN <= 32      0               0.0     0.0        0
DAYS MIN <= 0       0               0.0     0.0        0

PRECIPITATION (INCHES)
TOTALS           5.41              4.79    0.62     3.47
DAILY AVG.       0.17              0.15    0.02     0.11
DAYS >= .01        12              10.6     1.4       13
DAYS >= .10         7               7.2    -0.2        8
DAYS >= .50         5               3.3     1.7        3
DAYS >= 1.00        1               1.2    -0.2        0
GREATEST
 24 HR. TOTAL    2.25   07/12 TO 07/12

SNOWFALL (INCHES)
TOTALS            0.0               0.0     0.0      0.0
SINCE 7/1         0.0               0.0     0.0      0.0
DAYS >= TRACE       0               0.0     0.0        0
DAYS >= 1.0         0               0.0     0.0        0
GREATEST
 24 HR TOTAL      0.0   07/31 TO 07/31

DEGREE_DAYS
HEATING TOTAL       0                 0       0        0
 SINCE 7/1          0                 0       0        0
COOLING TOTAL     260               310     -50      251
 SINCE 1/1        633               608      25      695
........................................................

WIND (MPH)
AVERAGE WIND SPEED              5.4
RESULTANT WIND SPEED/DIRECTION   1/291
HIGHEST WIND SPEED/DIRECTION    38/330    DATE  07/14
HIGHEST GUST SPEED/DIRECTION    51/250    DATE  07/19

SKY COVER
AVERAGE SKY COVER           0.70

AVERAGE RH (PERCENT)     75

WEATHER CONDITIONS. NUMBER OF DAYS WITH
THUNDERSTORM              6     MIXED PRECIP               0
HEAVY RAIN                8     RAIN                       8
LIGHT RAIN               16     FREEZING RAIN              0
LT FREEZING RAIN          0     HAIL                       0
HEAVY SNOW                0     SNOW                       0
LIGHT SNOW                0     SLEET                      0
FOG                      21     FOG W/VIS <= 1/4 MILE      2
HAZE                      7

-  INDICATES NEGATIVE NUMBERS.
R  INDICATES RECORD WAS SET OR TIED.
MM INDICATES DATA IS MISSING.
T  INDICATES TRACE AMOUNT.

$$
