000
CXUS51 KGYX 030829
CLMCON

PWMCLMCON 000
TTAA00 KGYX 020922


CLIMATE REPORT
NATIONAL WEATHER SERVICE GRAY ME
429 AM EDT FRI JUL 3 2015

...................................

...THE CONCORD NH CLIMATE SUMMARY FOR THE MONTH OF JUNE 2015...

CLIMATE NORMAL PERIOD 1981 TO 2010
CLIMATE RECORD PERIOD 1868 TO 2015

WEATHER         OBSERVED          NORMAL  DEPART  LAST YEAR`S
                 VALUE   DATE(S)  VALUE   FROM    VALUE  DATE(S)
                                          NORMAL
................................................................
TEMPERATURE (F)
RECORD
 HIGH             101   06/04/1919
 LOW               30   06/12/1972
HIGHEST            88   06/11        91      -3       89  06/30
LOWEST             38   06/07        38       0       41  06/22
                                                          06/01
AVG. MAXIMUM     75.4              77.4    -2.0     78.6
AVG. MINIMUM     52.1              52.5    -0.4     52.0
MEAN             63.8              64.9    -1.1     65.3
DAYS MAX >= 90      0               2.1    -2.1        0
DAYS MAX <= 32      0               0.0     0.0        0
DAYS MIN <= 32      0               0.1    -0.1        0
DAYS MIN <= 0       0               0.0     0.0        0

PRECIPITATION (INCHES)
RECORD
 MAXIMUM        10.10   1944
 MINIMUM         0.10   1913
TOTALS           5.30              3.69    1.61     3.83
DAILY AVG.       0.18              0.12    0.06     0.13
DAYS >= .01        16              12.7     3.3        9
DAYS >= .10         9               7.6     1.4        4
DAYS >= .50         4               2.4     1.6        2
DAYS >= 1.00        2               0.8     1.2        1
GREATEST
 24 HR. TOTAL    1.80   06/27 TO 06/28

SNOWFALL (INCHES)
RECORDS
 TOTAL            0.0
TOTALS            0.0               0.0     0.0      0.0
SINCE 7/1        92.1              61.4    30.7     80.4
SNOWDEPTH AVG.      0
DAYS >= TRACE       0               0.0     0.0        0
DAYS >= 1.0         0               0.0     0.0        0
GREATEST
 SNOW DEPTH         0
 24 HR TOTAL      0.0

DEGREE_DAYS
HEATING TOTAL      95                85      10       56
 SINCE 7/1       7462              7235     227     7624
COOLING TOTAL      65                84     -19       73
 SINCE 1/1        131               102      29       75
.................................................................

WIND (MPH)
AVERAGE WIND SPEED              5.4
HIGHEST WIND SPEED/DIRECTION    23/250    DATE  06/11
HIGHEST GUST SPEED/DIRECTION    34/050    DATE  06/28

SKY COVER
AVERAGE SKY COVER           0.50

AVERAGE RH (PERCENT)     70

WEATHER CONDITIONS. NUMBER OF DAYS WITH
THUNDERSTORM              0     HEAVY RAIN                 4
RAIN                      9     LIGHT RAIN                14
FREEZING RAIN             0     LT FREEZING RAIN           0
HEAVY SNOW                0     SNOW                       0
LIGHT SNOW                0     FOG                       18
FOG W/VIS <= 1/4 MILE     1     HAZE                       2

-  INDICATES NEGATIVE NUMBERS.
R  INDICATES RECORD WAS SET OR TIED.
MM INDICATES DATA IS MISSING.
T  INDICATES TRACE AMOUNT.

&&

AFTER CONCORD EXPERIENCED ITS SECOND WARMEST MAY ON RECORD, THE
WEATHER PATTERN SHIFTED AS THE CALENDAR TURNED TO JUNE. A STORM
SYSTEM BROUGHT 1.82 INCHES OF RAIN FROM MAY 31 THROUGH JUNE 2 AND
USHERED IN SIGNIFICANTLY COOLER AIR BEHIND IT. THE NEXT WEEK SAW
BELOW NORMAL TEMPERATURES. THE HIGH TEMPERATURE OF 52 DEGREES ON
JUNE 1 WAS THE COLDEST HIGH TEMPERATURE IN THE MONTH OF JUNE SINCE
1992. IT DID WARM UP AGAIN FOR THE SECOND WEEK OF THE MONTH AS 6
STRAIGHT DAYS WARMED INTO THE 80S. THEN A CONTINUOUS PROGRESSION OF
FRONTAL SYSTEMS BROUGHT ALTERNATING WARMER AND COOLER WEATHER
CULMINATING IN ANOTHER HEAVY RAINSTORM ON JUNE 28TH. THE 1.72 INCHES
OF RAIN RECORDED ON THE 28TH WAS THE MOST RAIN IN A CALENDAR DAY IN
MORE THAN 8 MONTHS.

THE AVERAGE TEMPERATURE FOR THE MONTH WAS 63.8 DEGREES WHICH WAS 1.1
DEGREES BELOW NORMAL. THIS WAS THE COOLEST JUNE SINCE 2009 WHEN THE
AVERAGE TEMPERATURE WAS 63.0 DEGREES. THE COOLEST JUNE ON RECORD WAS
1903 WITH AN AVERAGE TEMPERATURE OF 58.8 DEGREES. THE WARMEST ON
RECORD WAS 1876 WITH AN AVERAGE OF 70.3 DEGREES.

THE AVERAGE HIGH TEMPERATURE IN THE MONTH OF JUNE WAS ONLY 75.4
DEGREES. WHILE NOT A RECORD, IT WAS 2.3 DEGREES COLDER THAN THE
AVERAGE HIGH TEMPERATURE IN MAY OF THIS YEAR (77.7 DEGREES). THIS
WAS THE FIRST TIME THAT CONCORD SAW COOLER HIGH TEMPERATURES IN JUNE
THAN IN MAY SINCE 1977. THE ONLY TIME A BIGGER SUCH DISCREPANCY
BETWEEN THE TWO MONTHS WAS OBSERVED WAS IN 1903 WHEN THE AVERAGE
JUNE HIGH TEMPERATURE WAS 3.6 DEGREES COOLER THAN THE AVERAGE MAY
HIGH TEMPERATURE (68.1 AND 71.7 RESPECTIVELY).

A TOTAL OF 5.30 INCHES OF RAIN FELL IN JUNE WHICH WAS 1.61 INCHES
ABOVE NORMAL. THE HEAVIEST RAIN FELL ON THE 26TH THROUGH THE 29TH
WHEN 1.99 INCHES WAS OBSERVED. THE 1.72 INCHES THAT FELL ON THE 28TH
WAS THE GREATEST CALENDAR DAY PRECIPITATION SINCE OCTOBER 16, 2014
WHEN 1.80 INCHES WAS RECORDED. THE WETTEST JUNE ON RECORD WAS 1944
WHEN 10.10 INCHES FELL. THE DRIEST WAS 1913 WITH ONLY 0.10 INCHES.

THROUGH THE END OF JUNE, A TOTAL OF 15.75 INCHES OF PRECIPITATION
HAS FALLEN IN 2015. THIS IS 3.60 INCHES BELOW NORMAL AND THE DRIEST
FIRST HALF OF THE YEAR SINCE 1995 WHEN ONLY 14.44 INCHES WAS
OBSERVED.

THE FOLLOWING DAILY RECORDS WERE SET OR TIED IN JUNE 2015...
DATE  RECORD                              PREVIOUS
28    1.72   - GREATEST PRECIPITATION     1.62 IN 1968

$$

KIMBLE
