000
CXUS55 KPUB 011538
CLMCOS


CLIMATE REPORT
NATIONAL WEATHER SERVICE PUEBLO
836 AM MST THU FEB 1 2018

...................................

...THE COLORADO SPRINGS CO CLIMATE SUMMARY FOR THE MONTH OF JANUARY 2018...

CLIMATE NORMAL PERIOD 1981 TO 2010
CLIMATE RECORD PERIOD 1872 TO 2018

WEATHER         OBSERVED          NORMAL  DEPART  LAST YEAR`S
                 VALUE   DATE(S)  VALUE   FROM    VALUE  DATE(S)
                                          NORMAL
................................................................
TEMPERATURE (F)
RECORD
 HIGH              73   01/02/1997
 LOW              -26   01/31/1951
                        01/06/1913
HIGHEST            70   01/19        43      27       64  01/31
LOWEST                  01/16        14     -15       -7  01/06
AVG. MAXIMUM     50.2              43.2     7.0     42.9
AVG. MINIMUM     19.8              17.7     2.1     18.8
MEAN             35.0              30.5     4.5     30.8
DAYS MAX >= 90      0               0.0     0.0
DAYS MAX <= 32      2               5.7    -3.7
DAYS MIN <= 32     30              29.7     0.3
DAYS MIN <= 0       1               1.4    -0.4

PRECIPITATION (INCHES)
RECORD
 MAXIMUM         1.17   1987
 MINIMUM         0.00   1928
                        1923
TOTALS           0.16              0.32   -0.16     0.32
DAILY AVG.       0.01              0.01    0.00
DAYS >= .01         2               3.9    -1.9
DAYS >= .10         0               1.1    -1.1
DAYS >= .50         0               0.0     0.0
DAYS >= 1.00        0               0.0     0.0
GREATEST
 24 HR. TOTAL    0.08   01/21 TO 01/21              0.17
                        01/10 TO 01/10

SNOWFALL (INCHES)
RECORDS
 TOTAL           28.7   1987
TOTALS            1.7               5.6    -3.9      6.3
SINCE 7/1         4.2              19.1   -14.9     12.7
SNOWDEPTH AVG.      0
DAYS >= 1.0         1               1.9    -0.9
GREATEST
 SNOW DEPTH         1   01/21                          3
                        01/22
 24 HR TOTAL      1.6   01/21 TO 01/21               3.1

DEGREE_DAYS
HEATING TOTAL     924              1071    -147     1051
 SINCE 7/1       3062              3643    -581     3054
COOLING TOTAL       0                 0       0        0
 SINCE 1/1          0                 0       0        0
.................................................................

WIND (MPH)
AVERAGE WIND SPEED              8.4
HIGHEST WIND SPEED/DIRECTION    36/280    DATE  01/30
HIGHEST GUST SPEED/DIRECTION    46/290    DATE  01/30

SKY COVER
POSSIBLE SUNSHINE (PERCENT)   MM
AVERAGE SKY COVER           0.50
NUMBER OF DAYS FAIR           10
NUMBER OF DAYS PC             19
NUMBER OF DAYS CLOUDY          2

AVERAGE RH (PERCENT)     47

WEATHER CONDITIONS. NUMBER OF DAYS WITH
THUNDERSTORM              0     MIXED PRECIP               0
HEAVY RAIN                0     RAIN                       1
LIGHT RAIN                1     FREEZING RAIN              0
LT FREEZING RAIN          0     HAIL                       0
HEAVY SNOW                0     SNOW                       0
LIGHT SNOW                4     SLEET                      0
FOG                       5     FOG W/VIS <= 1/4 MILE      0
HAZE                      3

-  INDICATES NEGATIVE NUMBERS.
R  INDICATES RECORD WAS SET OR TIED.
MM INDICATES DATA IS MISSING.
T  INDICATES TRACE AMOUNT.

$$
