000
CXUS55 KPUB 110016 CCA
CLMCOS

CLIMATE REPORT...CORRECTION
NATIONAL WEATHER SERVICE PUEBLO
1247 PM MDT FRI AUG 1 2014

...................................

...THE COLORADO SPRINGS CO CLIMATE SUMMARY FOR THE MONTH OF JULY 2014...

CLIMATE NORMAL PERIOD 1981 TO 2010
CLIMATE RECORD PERIOD 1872 TO 2014

WEATHER         OBSERVED          NORMAL  DEPART  LAST YEAR`S
                 VALUE   DATE(S)  VALUE   FROM    VALUE  DATE(S)
                                          NORMAL
................................................................
TEMPERATURE (F)
RECORD
 HIGH             100   07/24/2003
                        07/13/1954
 LOW               37   07/04/1903
HIGHEST            95   07/24        85      10       94  07/08
                        07/07
LOWEST             50   07/17        53      -3       51  07/16
                        07/03
AVG. MAXIMUM     83.3              84.8    -1.5     84.7
AVG. MINIMUM     57.3              56.9     0.4     57.8
MEAN             70.3              70.9    -0.6     71.3
DAYS MAX >= 90     12               8.3     3.7
DAYS MAX <= 32      0               0.0     0.0
DAYS MIN <= 32      0               0.0     0.0
DAYS MIN <= 0       0               0.0     0.0

PRECIPITATION (INCHES)
RECORD
 MAXIMUM         6.59   1930
 MINIMUM         0.29   2008
TOTALS           4.63              2.84    1.79     4.61
DAILY AVG.       0.15              0.09    0.06
DAYS >= .01        13              11.5     1.5
DAYS >= .10        10               6.1     3.9
DAYS >= .50         5               1.4     3.6
DAYS >= 1.00        0               0.7    -0.7
GREATEST
 24 HR. TOTAL    1.37   07/29 TO 07/30              1.97

SNOWFALL (INCHES)
RECORDS
 TOTAL              T   2013
                        2010
TOTALS              TR              0.0     0.0        T
SINCE 7/1           T               0.0     0.0        T
SNOWDEPTH AVG.      0
DAYS >= 1.0         0               0.0     0.0
GREATEST
 SNOW DEPTH         0                                  0
 24 HR TOTAL        T   07/16 TO 07/16                 T

DEGREE_DAYS
HEATING TOTAL      23                10      13        5
 SINCE 7/1         23                10      13        5
COOLING TOTAL     194               191       3      206
 SINCE 1/1        311               284      27      410
.................................................................

WIND (MPH)
AVERAGE WIND SPEED              8.3
HIGHEST WIND SPEED/DIRECTION    47/070    DATE  07/16
HIGHEST GUST SPEED/DIRECTION    57/070    DATE  07/16

SKY COVER
POSSIBLE SUNSHINE (PERCENT)   MM
AVERAGE SKY COVER           0.60
NUMBER OF DAYS FAIR            1
NUMBER OF DAYS PC             22
NUMBER OF DAYS CLOUDY          8

AVERAGE RH (PERCENT)     57

WEATHER CONDITIONS. NUMBER OF DAYS WITH
THUNDERSTORM             17     MIXED PRECIP               0
HEAVY RAIN                7     RAIN                      11
LIGHT RAIN               22     FREEZING RAIN              0
LT FREEZING RAIN          0     HAIL                       3
HEAVY SNOW                0     SNOW                       0
LIGHT SNOW                0     SLEET                      0
FOG                      12     FOG W/VIS <= 1/4 MILE      3
HAZE                      4

-  INDICATES NEGATIVE NUMBERS.
R  INDICATES RECORD WAS SET OR TIED.
MM INDICATES DATA IS MISSING.
T  INDICATES TRACE AMOUNT.

$$

CORRECTION TO NUMBER OF DAYS WITH THUNDERSTORM.
