000
CXUS52 KILM 011527
CLMCRE


CLIMATE REPORT
NATIONAL WEATHER SERVICE WILMINGTON NC
1025 AM EST FRI DEC 1 2017

...................................

...THE N.MYRTLE BEACH SOUTH CAROLINA CLIMATE SUMMARY FOR THE SEASON, FROM
9/1/2017 TO 11/30/2017...

CLIMATE NORMAL PERIOD 1981 TO 2010
CLIMATE RECORD PERIOD 1949 TO 2017

WEATHER         OBSERVED          NORMAL  DEPART  LAST YEAR`S
                 VALUE   DATE(S)  VALUE   FROM    VALUE
                                          NORMAL
.............................................................
TEMPERATURE (F)
RECORD
 HIGH              95
 LOW               16
HIGHEST            91   09/27        MM      MM       MM
LOWEST             32   11/20        MM      MM       MM
AVG. MAXIMUM     76.2              75.0     1.2       MM
AVG. MINIMUM     57.5              56.3     1.2       MM
MEAN             66.8              65.7     1.1       MM
DAYS MAX >= 90      1               1.3    -0.3       MM
DAYS MAX <= 32      0               0.0     0.0       MM
DAYS MIN <= 32      1               2.0    -1.0       MM
DAYS MIN <= 0       0               0.0     0.0       MM

PRECIPITATION (INCHES)
TOTALS          10.07             13.20   -3.13       MM
DAILY AVG.       0.11              0.15   -0.04       MM
DAYS >= .01        20                MM      MM       MM
DAYS >= .10        13                MM      MM       MM
DAYS >= .50         7                MM      MM       MM
DAYS >= 1.00        4                MM      MM       MM
GREATEST
 24 HR. TOTAL    2.51   MM                            MM

DEGREE_DAYS
HEATING TOTAL     341               362     -21       MM
 SINCE 7/1        341               361     -20       MM
COOLING TOTAL     532               424     108       MM
 SINCE 1/1       2197              1899     298       MM
..............................................................

WIND (MPH)
AVERAGE WIND SPEED              6.9
RESULTANT WIND SPEED/DIRECTION   2/041
HIGHEST WIND SPEED/DIRECTION    31/080    DATE  09/11
HIGHEST GUST SPEED/DIRECTION    49/090    DATE  09/11

SKY COVER
POSSIBLE SUNSHINE (PERCENT)   MM
AVERAGE SKY COVER           0.30
NUMBER OF DAYS FAIR           60
NUMBER OF DAYS PC             25
NUMBER OF DAYS CLOUDY          6

AVERAGE RH (PERCENT)     76

WEATHER CONDITIONS. NUMBER OF DAYS WITH
THUNDERSTORM              9     MIXED PRECIP              MM
HEAVY RAIN               12     RAIN                      14
LIGHT RAIN               29     FREEZING RAIN              0
LT FREEZING RAIN          0     HAIL                      MM
HEAVY SNOW                0     SNOW                       0
LIGHT SNOW                0     SLEET                     MM
FOG                      50     FOG W/VIS <= 1/4 MILE      7
HAZE                      1

-  INDICATES NEGATIVE NUMBERS.
R  INDICATES RECORD WAS SET OR TIED.
MM INDICATES DATA IS MISSING.
T  INDICATES TRACE AMOUNT.

$$
