000
CXUS51 KILN 011223
CLMCVG


CLIMATE REPORT
NATIONAL WEATHER SERVICE WILMINGTON OH
819 AM EDT MON SEP 1 2014

...................................

...THE CINCINNATI CLIMATE SUMMARY FOR THE MONTH OF AUGUST 2014...

CLIMATE NORMAL PERIOD 1981 TO 2010
CLIMATE RECORD PERIOD 1869 TO 2014

WEATHER         OBSERVED          NORMAL  DEPART  LAST YEAR`S
                 VALUE   DATE(S)  VALUE   FROM    VALUE  DATE(S)
                                          NORMAL
................................................................
TEMPERATURE (F)
RECORD
 HIGH             103   08/22/1936
 LOW               43   08/29/1986
                        08/29/1965
                        08/31/1915
HIGHEST            92   08/27        85       7       95  08/28
LOWEST             51   08/16        64     -13       53  08/14
AVG. MAXIMUM     84.6              84.9    -0.3     84.4
AVG. MINIMUM     65.5              64.8     0.7     63.9
MEAN             75.0              74.8     0.2     74.1
DAYS MAX >= 90      5               6.4    -1.4        3
DAYS MAX <= 32      0               0.0     0.0        0
DAYS MIN <= 32      0               0.0     0.0        0
DAYS MIN <= 0       0               0.0     0.0        0

PRECIPITATION (INCHES)
TOTALS           3.94              3.41    0.53     3.69
DAILY AVG.       0.13              0.11    0.02     0.12
DAYS >= .01        11               9.1     1.9        5
DAYS >= .10         6               5.9     0.1        3
DAYS >= .50         4               2.3     1.7        2
DAYS >= 1.00        1               0.8     0.2        2
GREATEST
 24 HR. TOTAL    1.94   08/10 TO 08/11

SNOWFALL (INCHES)
TOTALS            0.0               0.0     0.0      0.0
SINCE 7/1         0.0               0.0     0.0      0.0
DAYS >= TRACE       0               0.0     0.0        0
DAYS >= 1.0         0               0.0     0.0        0
GREATEST
 24 HR TOTAL      0.0

DEGREE_DAYS
HEATING TOTAL       0                 0       0        2
 SINCE 7/1          5                 0       5        4
COOLING TOTAL     321               309      12      294
 SINCE 1/1        946               968     -22      976
..................................................

WIND (MPH)
AVERAGE WIND SPEED              5.4
RESULTANT WIND SPEED/DIRECTION   0/148
HIGHEST WIND SPEED/DIRECTION    36/300    DATE  08/20
HIGHEST GUST SPEED/DIRECTION    48/310    DATE  08/20

SKY COVER
AVERAGE SKY COVER           0.60

AVERAGE RH (PERCENT)     70

WEATHER CONDITIONS. NUMBER OF DAYS WITH
THUNDERSTORM              0     MIXED PRECIP               0
HEAVY RAIN                5     RAIN                       4
LIGHT RAIN               15     FREEZING RAIN              0
LT FREEZING RAIN          0     HAIL                       0
HEAVY SNOW                0     SNOW                       0
LIGHT SNOW                0     SLEET                      0
FOG                      22     FOG W/VIS <= 1/4 MILE      2
HAZE                     20

-  INDICATES NEGATIVE NUMBERS.
R  INDICATES RECORD WAS SET OR TIED.
MM INDICATES DATA IS MISSING.
T  INDICATES TRACE AMOUNT.

$$
