000
CXUS51 KILN 011626
CLMCVG


CLIMATE REPORT
NATIONAL WEATHER SERVICE WILMINGTON OH
1225 PM EDT THU JUN 1 2017

...................................

...THE CINCINNATI CLIMATE SUMMARY FOR THE MONTH OF MAY 2017...

CLIMATE NORMAL PERIOD 1981 TO 2010
CLIMATE RECORD PERIOD 1869 TO 2017

WEATHER         OBSERVED          NORMAL  DEPART  LAST YEAR`S
                 VALUE   DATE(S)  VALUE   FROM    VALUE  DATE(S)
                                          NORMAL
................................................................
TEMPERATURE (F)
RECORD
 HIGH              95   05/31/1937
                        05/28/1911
                        05/27/1911
 LOW               27   05/01/1963
HIGHEST            84   05/27        74      10       87  05/31
                        05/19                             05/30
                        05/16
LOWEST             30   05/08        52     -22       31  05/16
AVG. MAXIMUM     73.0              73.7    -0.7     71.8
AVG. MINIMUM     52.9              53.2    -0.3     52.1
MEAN             63.0              63.5    -0.5     62.0
DAYS MAX >= 90      0               0.2    -0.2        0
DAYS MAX <= 32      0               0.0     0.0        0
DAYS MIN <= 32      1               0.1     0.9        1
DAYS MIN <= 0       0               0.0     0.0        0

PRECIPITATION (INCHES)
TOTALS           6.21              4.93    1.28     2.80
DAILY AVG.       0.20              0.16    0.04     0.09
DAYS >= .01        14              12.8     1.2       14
DAYS >= .10        11               9.0     2.0        8
DAYS >= .50         6               3.5     2.5        1
DAYS >= 1.00        2               1.3     0.7        0
GREATEST
 24 HR. TOTAL    1.00   05/09 TO 05/09           04/30 TO 05/01
                        05/05 TO 05/05                    05/31 TO 05/31
                                                          05/31 TO 05/31
 STORM TOTAL       MM                                 MM
 (MM/DD(HH))            MM                    05/01(00) TO 05/01(00)
                                                 05/31(00) TO 05/31(00)1
                                                 05/31(00) TO 05/31(00)1

SNOWFALL (INCHES)
TOTALS            0.0                 T     0.0      0.0
SINCE 7/1        10.0              22.1   -12.1     19.2
DAYS >= TRACE       0               0.1    -0.1        0
DAYS >= 1.0         0               0.0     0.0        0
GREATEST
 24 HR TOTAL      0.0   MM                       05/31 TO 05/31
                                                          05/31 TO 05/31
                                                          05/31 TO 05/31
 STORM TOTAL       MM                                 MM
 (MM/DD(HH))            MM                    05/31(00) TO 05/31(00)
                                                 05/31(00) TO 05/31(00)1
                                                 05/31(00) TO 05/31(00)1

DEGREE_DAYS
HEATING TOTAL     138               126      12      161
 SINCE 7/1       4010              4960    -950     4134
COOLING TOTAL      82                76       6       75
 SINCE 1/1        134                94      40       93
..................................................

WIND (MPH)
AVERAGE WIND SPEED              8.9
RESULTANT WIND SPEED/DIRECTION   3/250
HIGHEST WIND SPEED/DIRECTION    30/270    DATE  05/02
HIGHEST GUST SPEED/DIRECTION    41/200    DATE  05/01

SKY COVER
AVERAGE SKY COVER           0.70

AVERAGE RH (PERCENT)     72

WEATHER CONDITIONS. NUMBER OF DAYS WITH
THUNDERSTORM              0     MIXED PRECIP               0
HEAVY RAIN                7     RAIN                       8
LIGHT RAIN               17     FREEZING RAIN              0
LT FREEZING RAIN          0     HAIL                       0
HEAVY SNOW                0     SNOW                       0
LIGHT SNOW                0     SLEET                      0
FOG                      16     FOG W/VIS <= 1/4 MILE      3
HAZE                      2

-  INDICATES NEGATIVE NUMBERS.
R  INDICATES RECORD WAS SET OR TIED.
MM INDICATES DATA IS MISSING.
T  INDICATES TRACE AMOUNT.

$$
