000
CXUS56 KSGX 011601
CLMCZZ


CLIMATE REPORT
NATIONAL WEATHER SERVICE SAN DIEGO, CA
800 AM PST WED FEB 1 2017

...................................

...THE CAMPO ASOS CA CLIMATE SUMMARY FOR THE MONTH OF JANUARY 2017...

CLIMATE NORMAL PERIOD 1981 TO 2010
CLIMATE RECORD PERIOD 1948 TO 2017

WEATHER         OBSERVED          NORMAL  DEPART  LAST YEAR`S
                 VALUE   DATE(S)  VALUE   FROM    VALUE  DATE(S)
                                          NORMAL
................................................................
TEMPERATURE (F)
RECORD
 HIGH              89   01/07/2004
 LOW               10   01/29/1979
HIGHEST            76   01/08        62      14       74  01/28
LOWEST             27   01/26        34      -7       25  01/13
AVG. MAXIMUM     55.9              62.9    -7.0     59.4
AVG. MINIMUM     37.9              34.2     3.7     33.7
MEAN             46.9              48.5    -1.6     46.6
DAYS MAX >= 90      0               0.0     0.0        0
DAYS MAX <= 32      0               0.0     0.0        0
DAYS MAX >= 100     0                                  0
DAYS MIN <= 32      6              13.4    -7.4       14
DAYS MIN <= 0       0               0.0     0.0        0

PRECIPITATION (INCHES)
RECORD
 MAXIMUM        18.61   1993
 MINIMUM         0.00   1985
TOTALS           6.66              2.98    3.68     3.60
DAILY AVG.       0.21              0.10    0.11     0.12
DAYS >= .01        14               6.9     7.1        9
DAYS >= .10         9               4.7     4.3        6
DAYS >= .50         5               1.9     3.1        3
DAYS >= 1.00        3               0.9     2.1        1
DAYS >= 1.50        0                                  0
DAYS >= 2.00        0                                  0
GREATEST
 24 HR. TOTAL    2.37   01/22 TO 01/23           01/06 TO 01/07
                                                          01/30 TO 01/30
                                                          01/30 TO 01/30
 STORM TOTAL       MM                                 MM
 (MM/DD(HH))            MM                    01/07(00) TO 01/07(00)
                                                 01/30(00) TO 01/30(00)0
                                                 01/30(00) TO 01/30(00)0

DEGREE_DAYS
HEATING TOTAL     553               510      43      560
 SINCE 7/1       1436              1616    -180     1576
COOLING TOTAL       0                 0       0        0
 SINCE 1/1          0                 0       0        0

FREEZE DATES
RECORD
 EARLIEST     08/25/1978
 LATEST       06/23/1991
EARLIEST                        10/16
LATEST                          05/19
.................................................

WIND (MPH)
AVERAGE WIND SPEED              9.4
RESULTANT WIND SPEED/DIRECTION   0/276
HIGHEST WIND SPEED/DIRECTION    48/040    DATE  01/27
HIGHEST GUST SPEED/DIRECTION    63/030    DATE  01/27

AVERAGE RH (PERCENT)     72


-  INDICATES NEGATIVE NUMBERS.
R  INDICATES RECORD WAS SET OR TIED.
MM INDICATES DATA IS MISSING.
T  INDICATES TRACE AMOUNT.

$$
