000
CXUS52 KMLB 011551
CLMDAB


CLIMATE REPORT
NATIONAL WEATHER SERVICE MELBOURNE FL
1126 AM EDT SAT AUG 1 2015

...................................

...THE DAYTONA BEACH CLIMATE SUMMARY FOR THE MONTH OF JULY 2015...

CLIMATE NORMAL PERIOD 1981 TO 2010
CLIMATE RECORD PERIOD 1923 TO 2015

WEATHER         OBSERVED          NORMAL  DEPART  LAST YEAR`S
                 VALUE   DATE(S)  VALUE   FROM    VALUE
                                          NORMAL
.............................................................
TEMPERATURE (F)
MONTHLY RECORD
 HOTTEST         83.5   1998
 COLDEST         77.3   1926
DAILY RECORD
 HIGH             102   07/15/1981
 LOW               60   07/01/1981

JULY 2015
HIGHEST            96   07/13                         94
LOWEST             69   07/07                         70
AVG. MAXIMUM     91.1              90.2     0.9     89.6
AVG. MINIMUM     73.8              73.0     0.8     73.2
MEAN             82.4              81.6     0.8     81.4
DAYS MAX >= 90     24              15.1     8.9       17
DAYS MAX <= 32      0               0.0     0.0        0
DAYS MIN <= 32      0               0.0     0.0        0
DAYS MIN <= 0       0               0.0     0.0        0

PRECIPITATION (INCHES)
MONTHLY RECORD
 MAXIMUM        14.58   1944
 MINIMUM         0.16   1992
DAILY RECORD     6.70   7/28/1926

JULY 2015
TOTALS           4.04              5.83   -1.79     7.43
DAYS >= .01        16              12.8     3.2       24
DAYS >= .10        10               8.8     1.2       17
DAYS >= .50         3               4.0    -1.0        5
DAYS >= 1.00        1               1.6    -0.6        1
GREATEST
 24 HR. TOTAL    1.00   07/14 TO 07/14
                        07/13 TO 07/14
                        07/14 TO 07/14

SNOWFALL (INCHES)
TOTALS            0.0               0.0     0.0      0.0
SINCE 7/1         0.0               0.0     0.0      0.0
DAYS >= TRACE       0                                  0

DEGREE_DAYS
HEATING TOTAL       0                 0       0        0
 SINCE 7/1          0                 0       0        0
COOLING TOTAL     548               515      33      514
 SINCE 1/1       1958              1563     395     1628
..............................................................

WIND (MPH)
AVERAGE WIND SPEED              6.0
HIGHEST WIND SPEED/DIRECTION    35/230    DATE  07/14
HIGHEST GUST SPEED/DIRECTION    43/240    DATE  07/14

SKY COVER
POSSIBLE SUNSHINE (PERCENT)   MM
AVERAGE SKY COVER           0.50
NUMBER OF DAYS FAIR            3
NUMBER OF DAYS PC             28
NUMBER OF DAYS CLOUDY          0

AVERAGE RH (PERCENT)     76

WEATHER CONDITIONS. NUMBER OF DAYS WITH
THUNDERSTORM             21     MIXED PRECIP               0
HEAVY RAIN                5     RAIN                      10
LIGHT RAIN               19     LT FREEZING RAIN           0
HAIL                      0     LIGHT SNOW                 0
SLEET                     0     FOG                       23
FOG W/VIS <= 1/4 MILE     0     HAZE                       7

-  INDICATES NEGATIVE NUMBERS.
R  INDICATES RECORD WAS SET OR TIED.
MM INDICATES DATA IS MISSING.
T  INDICATES TRACE AMOUNT.

$$
