000
CXUS56 KOTX 011425
CLMDEW


CLIMATE REPORT
NATIONAL WEATHER SERVICE SPOKANE, WA
625 AM PST WED MAR 1 2017

...................................

...THE DEER_PARK WA AIRPORT CLIMATE SUMMARY FOR THE MONTH OF FEBRUARY 2017...

CLIMATE NORMAL PERIOD 1981 TO 2010
CLIMATE RECORD PERIOD 9999 TO 9999

WEATHER         OBSERVED          NORMAL  DEPART  LAST YEAR`S
                 VALUE   DATE(S)  VALUE   FROM    VALUE  DATE(S)
                                          NORMAL
................................................................
TEMPERATURE (F)
RECORD
 HIGH              MM   MM
 LOW               MM   MM
HIGHEST            45   02/13        MM      MM       57  02/26
LOWEST              2   02/01        MM      MM        8  02/03
AVG. MAXIMUM     34.9              39.2    -4.3     46.0
AVG. MINIMUM     17.3              21.6    -4.3     27.5
MEAN             26.1              30.4    -4.3     36.7
DAYS MAX >= 90      0               0.0     0.0        0
DAYS MAX <= 32     10               3.0     7.0        3
DAYS MIN <= 32     27              25.2     1.8       21
DAYS MIN <= 0       0               0.2    -0.2        0

PRECIPITATION (INCHES)
RECORD
 MAXIMUM           MM   MM
 MINIMUM           MM   MM
TOTALS           4.14              1.60    2.54     1.41
DAILY AVG.       0.15              0.06    0.09     0.05
DAYS >= .01        14                MM      MM       12
DAYS >= .10        12                MM      MM        4
DAYS >= .50         3                MM      MM        0
DAYS >= 1.00        0                MM      MM        0
GREATEST
 24 HR. TOTAL    1.41   02/15 TO 02/16           02/17 TO 02/18
                                                          02/18 TO 02/18
                                                          02/18 TO 02/18

SNOWFALL (INCHES)
RECORDS
 TOTAL             MM   MM
TOTALS            0.0                MM      MM       MM
SINCE 7/1         0.0                MM      MM       MM
SNOWDEPTH AVG.      0                MM      MM       MM
DAYS >= 1.0         0                MM      MM        0
GREATEST
 SNOW DEPTH         0   MM                            MM  MM
 24 HR TOTAL      0.0   02/01 TO 02/01                MM

DEGREE_DAYS
HEATING TOTAL    1080               969     111      786
 SINCE 7/1       5510              5365     145     4623
COOLING TOTAL       0                 0       0        0
 SINCE 1/1          0                 0       0        0
.........................................................

WIND (MPH)
AVERAGE WIND SPEED              5.6
HIGHEST WIND SPEED/DIRECTION    26/210    DATE  02/20
HIGHEST GUST SPEED/DIRECTION    33/220    DATE  02/20

SKY COVER
POSSIBLE SUNSHINE (PERCENT)   MM
AVERAGE SKY COVER           0.60
NUMBER OF DAYS FAIR            8
NUMBER OF DAYS PC              6
NUMBER OF DAYS CLOUDY         14

AVERAGE RH (PERCENT)     80

WEATHER CONDITIONS. NUMBER OF DAYS WITH
THUNDERSTORM              0     MIXED PRECIP               0
HEAVY RAIN                0     RAIN                       4
LIGHT RAIN                7     FREEZING RAIN              1
LT FREEZING RAIN          2     HAIL                       0
HEAVY SNOW                1     SNOW                       5
LIGHT SNOW               16     SLEET                      0
FOG                      25     FOG W/VIS <= 1/4 MILE     12
HAZE                      5

-  INDICATES NEGATIVE NUMBERS.
R  INDICATES RECORD WAS SET OR TIED.
MM INDICATES DATA IS MISSING.
T  INDICATES TRACE AMOUNT.

$$
