000
CXUS54 KFWD 010841
CLMDFW


CLIMATE REPORT
NATIONAL WEATHER SERVICE FORT WORTH TX
238 AM CST SUN MAR 1 2015

...................................

...THE DALLAS FORT WORTH CLIMATE SUMMARY FOR THE MONTH OF FEBRUARY 2015...

CLIMATE NORMAL PERIOD 1981 TO 2010
CLIMATE RECORD PERIOD 1898 TO 2015

WEATHER         OBSERVED          NORMAL  DEPART  LAST YEAR`S
                 VALUE   DATE(S)  VALUE   FROM    VALUE  DATE(S)
                                          NORMAL
................................................................
TEMPERATURE (F)
RECORD
 HIGH              96   02/25/1904
 LOW               -8   02/12/1899
HIGHEST            78   02/14        80      -2       84  02/28
LOWEST             24   02/27        22       2       17  02/06
                        02/02
AVG. MAXIMUM     56.3              60.4    -4.1     57.5
AVG. MINIMUM     35.0              39.4    -4.4     36.4
MEAN             45.7              49.9    -4.2     46.9
DAYS MAX >= 90      0               0.1    -0.1        0
DAYS MAX <= 32      3               0.5     2.5        2
DAYS MAX >= 100     0                                  0
DAYS MIN <= 32     15               5.8     9.2       12
DAYS MIN <= 0       0               0.0     0.0        0
DAYS MIN >= 80      0                                  0

PRECIPITATION (INCHES)
RECORD
 MAXIMUM         7.40   1997
 MINIMUM         0.01   1918
TOTALS           2.96              2.66    0.30     0.41
DAILY AVG.       0.11              0.10    0.01     0.01
DAYS >= .01         8               6.4     1.6        5
DAYS >= .10         7               4.3     2.7        2
DAYS >= .50         2               1.8     0.2        0
DAYS >= 1.00        1               0.9     0.1        0
GREATEST
 24 HR. TOTAL    1.46   02/22 TO 02/23              0.17

SNOWFALL (INCHES)
RECORDS
 TOTAL           13.5   1978
 24 HR TOTAL     12.5   02/11/2010 TO 02/12/2010
TOTALS            2.3               0.4     1.9      0.7
SINCE 7/1         2.3               1.0     1.3      2.8
SNOWDEPTH AVG.      0                MM      MM        0
DAYS >= TRACE       7                                  4
DAYS >= 1.0         1               0.2     0.8        0
GREATEST
 SNOW DEPTH         0   MM                            -1  02/07
 24 HR TOTAL      2.0   02/27 TO 02/27               0.7

DEGREE_DAYS
HEATING TOTAL     537               427     110      498
 SINCE 7/1       2036              1932     104     2173
COOLING TOTAL       0                 5      -5        0
 SINCE 1/1          0                 7      -7        0
.................................................................

WIND (MPH)
AVERAGE WIND SPEED              11.2
HIGHEST WIND SPEED/DIRECTION    36/190    DATE  02/20
HIGHEST GUST SPEED/DIRECTION    42/180    DATE  02/20

SKY COVER
POSSIBLE SUNSHINE (PERCENT)   MM
AVERAGE SKY COVER           0.60
NUMBER OF DAYS FAIR           10
NUMBER OF DAYS PC              5
NUMBER OF DAYS CLOUDY         13

AVERAGE RH (PERCENT)     67

WEATHER CONDITIONS. NUMBER OF DAYS WITH
THUNDERSTORM              0     MIXED PRECIP               0
HEAVY RAIN                1     RAIN                       3
LIGHT RAIN                9     FREEZING RAIN              2
LT FREEZING RAIN          6     HAIL                       0
HEAVY SNOW                0     SNOW                       1
LIGHT SNOW                5     SLEET                      5
FOG                      15     FOG W/VIS <= 1/4 MILE      0
HAZE                      4

-  INDICATES NEGATIVE NUMBERS.
R  INDICATES RECORD WAS SET OR TIED.
MM INDICATES DATA IS MISSING.
T  INDICATES TRACE AMOUNT.

$$
