000
CXUS54 KAMA 011623
CLMDHT


CLIMATE REPORT
NATIONAL WEATHER SERVICE AMARILLO TX
1020 AM CST TUE MAR 1 2016

...................................

...THE DALHART CLIMATE SUMMARY FOR THE MONTH OF FEBRUARY 2016...

CLIMATE NORMAL PERIOD 1981 TO 2010
CLIMATE RECORD PERIOD 1948 TO 2016

WEATHER         OBSERVED          NORMAL  DEPART  LAST YEAR`S
                 VALUE   DATE(S)  VALUE   FROM    VALUE  DATE(S)
                                          NORMAL
................................................................
TEMPERATURE (F)
RECORD
 HIGH              85   02/18/2016
                        02/28/2006
                        02/01/1963
 LOW              -19   02/01/1951
HIGHEST            85R  02/18                         84  02/07
LOWEST             12   02/04                         11  02/24
                                                          02/23
AVG. MAXIMUM     62.3              53.0     9.3     54.5
AVG. MINIMUM     27.0              22.6     4.4     24.6
MEAN             44.7              37.8     6.9     39.6
DAYS MAX >= 90      0               0.0     0.0        0
DAYS MAX <= 32      0               2.1    -2.1        3
DAYS MIN <= 32     23              24.5    -1.5       24
DAYS MIN <= 0       0               0.5    -0.5        0

PRECIPITATION (INCHES)
TOTALS           0.14              0.40   -0.26     1.59
DAILY AVG.       0.00                MM      MM     0.06
DAYS >= .01         2               3.0    -1.0        7
DAYS >= .10         1               1.2    -0.2        5
DAYS >= .50         0               0.2    -0.2        1
DAYS >= 1.00        0               0.0     0.0        0
GREATEST
 24 HR. TOTAL    0.11   02/23 TO 02/23

SNOWFALL (INCHES)
TOTALS            0.5               3.0    -2.5     14.1
SINCE 7/1         2.5              13.5   -11.0     33.3
DAYS >= TRACE       1               2.0    -1.0
DAYS >= 1.0         0               0.8    -0.8        5
GREATEST
 SNOW DEPTH         1   02/04
 24 HR TOTAL      0.5   02/03 TO 02/03

DEGREE_DAYS
HEATING TOTAL     581               761    -180      705
 SINCE 7/1       2945              3667    -722     3293
COOLING TOTAL       0                 0       0        0
 SINCE 1/1          0                 0       0        0
.................................................................

WIND (MPH)
AVERAGE WIND SPEED              12.0
HIGHEST WIND SPEED/DIRECTION    39/230    DATE  02/18
HIGHEST GUST SPEED/DIRECTION    51/230    DATE  02/18

SKY COVER
POSSIBLE SUNSHINE (PERCENT)   MM
NUMBER OF DAYS FAIR           26
NUMBER OF DAYS PC              3
NUMBER OF DAYS CLOUDY          0

AVERAGE RH (PERCENT)     45

WEATHER CONDITIONS. NUMBER OF DAYS WITH
THUNDERSTORM              0     MIXED PRECIP               0
HEAVY RAIN                0     RAIN                       0
LIGHT RAIN                1     FREEZING RAIN              0
LT FREEZING RAIN          0     HEAVY SNOW                 0
SNOW                      0     LIGHT SNOW                 2
SLEET                     0     FOG                        3
FOG W/VIS <= 1/4 MILE     2     HAZE                       2

-  INDICATES NEGATIVE NUMBERS.
R  INDICATES RECORD WAS SET OR TIED.
MM INDICATES DATA IS MISSING.
T  INDICATES TRACE AMOUNT.

$$
