000
CXUS54 KEWX 011836
CLMDRT

SATCLMDRT 000
TTAA00 KEWX 011617


CLIMATE REPORT
NATIONAL WEATHER SERVICE AUSTIN/SAN ANTONIO, TX
1112 AM CDT SAT JUL 1 2017

...................................

...THE DEL RIO CLIMATE SUMMARY FOR THE MONTH OF JUNE 2017...

CLIMATE NORMAL PERIOD 1981 TO 2010
CLIMATE RECORD PERIOD 1906 TO 2017

WEATHER         OBSERVED          NORMAL  DEPART  LAST YEAR`S
                 VALUE   DATE(S)  VALUE   FROM    VALUE  DATE(S)
                                          NORMAL
................................................................
TEMPERATURE (F)
HIGHEST           105   06/23                        101  06/18
                                                          06/15
                                                          06/13
LOWEST             64   06/03                         61  06/06
AVG. MAXIMUM     95.6              94.7     0.9     95.6
AVG. MINIMUM     72.0              73.4    -1.4     72.6
MEAN             83.8              84.0    -0.2     84.1
DAYS MAX >= 90     27                                 27
DAYS MAX <= 32      0                                  0
DAYS MIN <= 32      0                                  0
DAYS MIN <= 0       0                                  0

PRECIPITATION (INCHES)
TOTALS           2.46              2.35    0.11     2.92
DAILY AVG.       0.08              0.08    0.00     0.10
DAYS >= .01         8                                  6
DAYS >= .10         4                                  4
DAYS >= .50         3                                  1
DAYS >= 1.00        1                                  1
GREATEST
 24 HR. TOTAL    1.09   06/02 TO 06/02

SNOWFALL (INCHES)
TOTALS            0.0               0.0     0.0      0.0
SINCE 7/1         0.0               1.2    -1.2        T

DEGREE_DAYS
HEATING TOTAL       0                 0       0        0
 SINCE 7/1        840              1376    -536     1050
COOLING TOTAL     574               571       3      579
 SINCE 1/1       1399              1330      69     1305
.................................................................

WIND (MPH)
AVERAGE WIND SPEED              9.2
HIGHEST WIND SPEED/DIRECTION    36/300    DATE  06/03
HIGHEST GUST SPEED/DIRECTION    46/360    DATE  06/23

SKY COVER
POSSIBLE SUNSHINE (PERCENT)   MM
AVERAGE SKY COVER           0.20
NUMBER OF DAYS FAIR           22
NUMBER OF DAYS PC              8
NUMBER OF DAYS CLOUDY          0

AVERAGE RH (PERCENT)     62

WEATHER CONDITIONS. NUMBER OF DAYS WITH
THUNDERSTORM              0     MIXED PRECIP               0
HEAVY RAIN                4     RAIN                       3
LIGHT RAIN               10     FREEZING RAIN              0
LT FREEZING RAIN          0     HAIL                       0
HEAVY SNOW                0     SNOW                       0
LIGHT SNOW                0     SLEET                      0
FOG                       7     FOG W/VIS <= 1/4 MILE      0
HAZE                      3

-  INDICATES NEGATIVE NUMBERS.
R  INDICATES RECORD WAS SET OR TIED.
MM INDICATES DATA IS MISSING.
T  INDICATES TRACE AMOUNT.

&&

MONTHLY CLIMATE SUMMARY:
JUNE WAS THE 46TH WARMEST AND THE 40TH WETTEST JUNE
SINCE RECORD KEEPING BEGAN.

SEA LEVEL PRESSURE DATA:
HIGHEST SLP 30.13 INCHES ON THE 25TH
LOWEST  SLP 29.55 INCHES ON THE 17TH


PRELIMINARY LOCAL CLIMATOLOGICAL DATA (WS FORM: F-6)

                                          STATION:   DEL RIO
                                          MONTH:     JUNE
                                          YEAR:      2017
                                          LATITUDE:   29 22 N
                                          LONGITUDE: 100 55 W

  TEMPERATURE IN F:       :PCPN:    SNOW:  WIND      :SUNSHINE: SKY     :PK WND
================================================================================
1   2   3   4   5  6A  6B    7    8   9   10  11  12  13   14  15   16   17  18
                                     12Z  AVG MX 2MIN
DY MAX MIN AVG DEP HDD CDD  WTR  SNW DPTH SPD SPD DIR MIN PSBL S-S WX    SPD DR
================================================================================

 1  87  68  78  -4   0  13 0.01  0.0    0  7.9 16 100   M    M   7 1      20 100
 2  85  66  76  -6   0  11 1.09  0.0    0 10.0 26 110   M    M   2 1      37 110
 3  86  64  75  -7   0  10 0.62  0.0    0  6.1 36 300   M    M   4 1      45 320
 4  91  67  79  -4   0  14 0.01  0.0    0  4.8 13 280   M    M   2        18 250
 5  95  68  82  -1   0  17    T  0.0    0  6.6 15 360   M    M   0        20  50
 6  94  69  82  -1   0  17 0.00  0.0    0  6.7 14 340   M    M   1        18 350
 7  94  66  80  -3   0  15 0.00  0.0    0  2.5 10 300   M    M   0        14 340
 8  95  68  82  -1   0  17 0.00  0.0    0  6.4 15 120   M    M   0        19 150
 9  95  74  85   1   0  20 0.00  0.0    0 11.0 21 150   M    M   0        25 150
10  94  72  83  -1   0  18 0.00  0.0    0 13.4 23 140   M    M   1        33 150
11  91  72  82  -2   0  17 0.00  0.0    0 13.3 21 110   M    M   3        29 140
12  93  72  83  -1   0  18 0.00  0.0    0 12.7 20 130   M    M   2        27  90
13  95  74  85   1   0  20 0.00  0.0    0 12.7 21 110   M    M   4 18     30 150
14  96  76  86   2   0  21 0.00  0.0    0 12.6 21 140   M    M   4        28 150
15  98  76  87   3   0  22 0.00  0.0    0 11.4 21 130   M    M   2        26 140
16 100  76  88   4   0  23    T  0.0    0 11.5 28 150   M    M   0        34 140
17 104  77  91   7   0  26 0.00  0.0    0 11.5 20 160   M    M   0        25 130
18 102  77  90   6   0  25 0.00  0.0    0 11.5 20 130   M    M   1        25 140
19  94  75  85   0   0  20 0.00  0.0    0 10.4 16 150   M    M   3        21 100
20  98  73  86   1   0  21 0.00  0.0    0  5.6 13 170   M    M   0        15 170
21 101  76  89   4   0  24 0.00  0.0    0  4.8 12  70   M    M   0        14 100
22 103  69  86   1   0  21 0.00  0.0    0  7.2 15 100   M    M   0        23  90
23 105  72  89   4   0  24 0.08  0.0    0 11.9 35  30   M    M   0 18     46 360
24  92  71  82  -3   0  17 0.53  0.0    0  9.3 30  20   M    M   4 18     41  30
25  94  72  83  -2   0  18    T  0.0    0  4.7 21 130   M    M   5        30 120
26  94  73  84  -1   0  19 0.10  0.0    0  7.9 20  70   M    M   4 1      25  70
27  94  73  84  -1   0  19 0.02  0.0    0  7.6 18 120   M    M   4        24 120
28  94  70  82  -3   0  17 0.00  0.0    0 10.3 17 130   M    M   3        25 160
29 102  75  89   4   0  24 0.00  0.0    0 10.8 20 140   M    M   0        26 140
30 101  80  91   6   0  26 0.00  0.0    0 12.1 22 150   M    M   3        28 160
================================================================================
SM 2867 2161         0 574  2.46     0.0 275.2          M       59
================================================================================
AV 95.6 72.0                               9.2 FASTST   M    M   2    MAX(MPH)
                                 MISC ---->  # 36 300               # 46  360
================================================================================
NOTES:
# LAST OF SEVERAL OCCURRENCES

COLUMN 17 PEAK WIND IN M.P.H.

SYMBOLS USED IN COLUMN 16
1 = FOG OR MIST
2 = FOG REDUCING VISIBILITY
3 = THUNDER
4 = ICE PELLETS
5 = HAIL
6 = FREEZING RAIN OR DRIZZLE
7 = DUSTSTORM OR SANDSTORM:
8 = SMOKE OR HAZE
9 = BLOWING SNOW
X = TORNADO


$$
