000
CXUS55 KTWC 011508 RRA
CLMDUG

CLIMATE REPORT
NATIONAL WEATHER SERVICE TUCSON AZ
807 AM MST THU JUN 1 2017

...................................

...THE DOUGLAS AZ CLIMATE SUMMARY FOR THE MONTH OF MAY 2017...

CLIMATE NORMAL PERIOD 1981 TO 2010
CLIMATE RECORD PERIOD 1948 TO 2017

WEATHER         OBSERVED          NORMAL  DEPART  LAST YEAR`S
                 VALUE   DATE(S)  VALUE   FROM    VALUE  DATE(S)
                                          NORMAL
................................................................
TEMPERATURE (F)
RECORD
 HIGH             105   05/22/2005
                        05/31/2002
 LOW               29   05/02/1967
HIGHEST            98   05/24        96       2       95  05/13
LOWEST             35   05/10        39      -4       40  05/09
                                                          05/07
AVG. MAXIMUM     87.0              88.1    -1.1     86.1
AVG. MINIMUM     49.4              51.6    -2.2     50.0
MEAN             68.2              69.9    -1.7     68.0
DAYS MAX >= 90     15              12.7     2.3        7
DAYS MAX <= 32      0               0.0     0.0        0
DAYS MIN <= 32      0               0.0     0.0        0
DAYS MIN <= 0       0               0.0     0.0        0

PRECIPITATION (INCHES)
RECORD
 MAXIMUM         3.16   1992
 MINIMUM         0.00   2013
                        2011
                        2004
TOTALS           0.07              0.28   -0.21        T
DAILY AVG.       0.00              0.01   -0.01        T
DAYS >= .01         1               1.9    -0.9        0
DAYS >= .10         0               1.0    -1.0        0
DAYS >= .50         0               0.1    -0.1        0
DAYS >= 1.00        0               0.0     0.0        0
GREATEST
 24 HR. TOTAL    0.07   05/09 TO 05/09           05/30 TO 05/30
                                                          05/30 TO 05/30
                                                          05/30 TO 05/30

DEGREE_DAYS
COOLING TOTAL     149               171     -22      130
 SINCE 1/1        193               201      -8      148
.................................................

WIND (MPH)
AVERAGE WIND SPEED              10.0
HIGHEST WIND SPEED/DIRECTION    35/210    DATE  05/06
HIGHEST GUST SPEED/DIRECTION    46/260    DATE  05/16

AVERAGE RH (PERCENT)     25

WEATHER CONDITIONS. NUMBER OF DAYS WITH
THUNDERSTORM              0     MIXED PRECIP               0
HEAVY RAIN                0     RAIN                       0
LIGHT RAIN                3     FREEZING RAIN              0
LT FREEZING RAIN          0     HAIL                       0
HEAVY SNOW                0     SNOW                       0
LIGHT SNOW                0     SLEET                      0
FOG                       2     FOG W/VIS <= 1/4 MILE      1
HAZE                      1

-  INDICATES NEGATIVE NUMBERS.
R  INDICATES RECORD WAS SET OR TIED.
MM INDICATES DATA IS MISSING.
T  INDICATES TRACE AMOUNT.

$$
