000
CXUS56 KEKA 012136
CLMEKA

CLIMATE REPORT
NATIONAL WEATHER SERVICE EUREKA CA
225 PM PDT THU SEP 1 2016

...................................

...THE EUREKA CA CLIMATE SUMMARY FOR THE MONTH OF AUGUST 2016...

CLIMATE NORMAL PERIOD 1981 TO 2010
CLIMATE RECORD PERIOD 1886 TO 2016

WEATHER         OBSERVED          NORMAL  DEPART  LAST YEAR`S
                 VALUE   DATE(S)  VALUE   FROM    VALUE
                                          NORMAL
.............................................................
TEMPERATURE (F)
RECORD
 HIGH              82   08/07/1991
                        08/30/1968
 LOW               44   08/16/1935
HIGHEST            70   08/30                MM
LOWEST             48   08/24                MM
                        08/23
AVG. MAXIMUM     62.3                      -2.0
AVG. MINIMUM     51.5                      -1.3
MEAN             56.9                      -1.6

PRECIPITATION (INCHES)
RECORD
 MAXIMUM         3.42   1983
 MINIMUM         0.00   1940
TOTALS           0.04              0.31   -0.27
DAYS >= .01         1               3.2    -2.2        4
DAYS >= .10         0               0.7    -0.7        1
DAYS >= .50         0               0.1    -0.1        0
DAYS >= 1.00        0               0.1    -0.1        0
GREATEST
 24 HR. TOTAL    0.04   08/28 TO 08/28

SNOWFALL (INCHES)
 LIQUID 7/1      0.00                      0.00

DEGREE_DAYS
HEATING TOTAL     243               200      43      106
 SINCE 7/1        447               426      21      223
COOLING TOTAL       0                 0       0        4
 SINCE 1/1          6                 0       6        5
..............................................................

WIND (MPH)
AVERAGE WIND SPEED              4.5
HIGHEST WIND SPEED/DIRECTION    16/330    DATE  08/09
HIGHEST GUST SPEED/DIRECTION    23/330    DATE  08/09

SKY COVER
POSSIBLE SUNSHINE (PERCENT)   MM
AVERAGE SKY COVER           0.70
NUMBER OF DAYS FAIR            3
NUMBER OF DAYS PC             11
NUMBER OF DAYS CLOUDY         17


WEATHER CONDITIONS. NUMBER OF DAYS WITH
THUNDERSTORM              0     HEAVY RAIN                 0
RAIN                      0     LIGHT RAIN                 9
HAIL                      0     SLEET                      0
FOG                      19     FOG W/VIS <= 1/4 MILE     10
HAZE                      0

-  INDICATES NEGATIVE NUMBERS.
R  INDICATES RECORD WAS SET OR TIED.
MM INDICATES DATA IS MISSING.
T  INDICATES TRACE AMOUNT.

&&

TOTAL RAINFALL...............  0.04 DEPARTURE FROM NORMAL..... -0.27
TOTAL SINCE JANUARY 1ST...... 27.35 DEPARTURE FROM NORMAL.....  3.58
TOTAL SINCE OCT 1ST.......... 48.07 DEPARTURE FROM NORMAL.....  8.33

HIGHEST SLP......... 30.12 ON 29 LOWEST SLP........29.82 ON 18

...REMARKS...MOST OF THE MONTH`S TEMPERATURES WERE AT OR BELOW
NORMAL. THROUGH MOST OF THE MONTH HIGH TEMPERATURES RANGED FROM ONE
DEGREE ABOVE NORMAL TO 5 DEGREES BELOW NORMAL. THIS WAS MAINLY DUE
TO PERSISTENT HIGH PRESSURE OVER THE WEST COAST AND MODERATE TO
STRONG NORTHERLIES KEEPING THE WATER TEMPERATURES COOL AND THE
MARINE LAYER STRONG. LATE IN THE MONTH AN UPPER LEVEL TROUGH MOVED
OVER THE AREA AND BROKE UP THE MARINE LAYER. WEAK OFFSHORE FLOW
ALLOWED TEMPERATURES TO WARM SEVERAL DEGREES ABOVE NORMAL FOR THE
FIRST TIME IN THE MONTH. TEMPERATURES PEAKED AT 70 DEGREES ON THE
30TH.

DUE TO THE HIGH PRESSURE IN PLACE OVER THE WEST COAST RAINFALL WAS
BELOW NORMAL WITH ONLY 0.04 INCHES OF RAIN FALLING FOR THE MONTH.
THIS RAIN FELL EARLY IN THE MORNING ON THE 28TH. THIS WAS WELL BELOW
THE NORMAL OF 0.31 INCHES...HOWEVER IT IS ACTUALLY QUITE COMMON TO
HAVE LESS RAIN THAN THIS. THIS YEAR RANKS AS ONLY THE 55TH DRIEST
YEAR SINCE 1887. MKK





$$
