267
CXUS51 KRLX 071802
CLMEKN


CLIMATE REPORT
NATIONAL WEATHER SERVICE CHARLESTON WV
151 PM EDT THU JUL 7 2016

...................................

...THE ELKINS CLIMATE SUMMARY FOR THE MONTH OF JUNE 2016...

CLIMATE NORMAL PERIOD 1981 TO 2010
CLIMATE RECORD PERIOD 1899 TO 2016

WEATHER         OBSERVED          NORMAL  DEPART  LAST YEAR`S
                 VALUE   DATE(S)  VALUE   FROM    VALUE  DATE(S)
                                          NORMAL
................................................................
TEMPERATURE (F)
RECORD
 HIGH              96   06/29/2012
 LOW                0   06/30/2012
HIGHEST            88   06/16        MM      MM       87  06/11
LOWEST             41   06/13        MM      MM       48  06/29
                        06/09
AVG. MAXIMUM     79.9              77.9     2.0     78.9
AVG. MINIMUM     55.9              54.6     1.3     59.3
MEAN             67.9              66.3     1.6     69.1
DAYS MAX >= 90      0               0.2    -0.2        0
DAYS MAX <= 32      0               0.0     0.0
DAYS MIN <= 32      0               0.0     0.0        0
DAYS MIN <= 0       0               0.0     0.0        0

PRECIPITATION (INCHES)
RECORD
 MAXIMUM        10.05   1998
 MINIMUM         1.11   2005
TOTALS           5.06              4.40    0.66     8.52
DAILY AVG.       0.17              0.15    0.02     0.28
DAYS >= .01        10              14.8    -4.8       23
DAYS >= .10         7               9.2    -2.2       19
DAYS >= .50         3               3.1    -0.1        6
DAYS >= 1.00        2               0.9     1.1        2
GREATEST
 24 HR. TOTAL    2.10   06/23 TO 06/23           06/26 TO 06/27
                        06/22 TO 06/23                    06/30 TO 06/30
                        06/23 TO 06/23                    06/30 TO 06/30
 STORM TOTAL       MM                                 MM
 (MM/DD(HH))            MM                    06/27(00) TO 06/27(00)
                                                 06/30(00) TO 06/30(00)0
                                                 06/30(00) TO 06/30(00)0

SNOWFALL (INCHES)
RECORDS
 TOTAL             MM   MM
TOTALS            0.0               0.0     0.0      0.0
SINCE 7/1        59.0              83.5   -24.5     70.3
SNOWDEPTH AVG.      0                MM      MM        0
DAYS >= 1.0         0               0.0     0.0        0
GREATEST
 SNOW DEPTH         0   MM                             0
 24 HR TOTAL      0.0   06/30 TO 06/30           06/30 TO 06/30
                                                          06/30 TO 06/30
                                                          06/30 TO 06/30

DEGREE_DAYS
HEATING TOTAL      28                55     -27       21
 SINCE 7/1       4988              5852    -864     5956
COOLING TOTAL     121                92      29      153
 SINCE 1/1        150               115      35      218
.................................................

WIND (MPH)
AVERAGE WIND SPEED              4.2
HIGHEST WIND SPEED/DIRECTION    32/300    DATE  06/16
HIGHEST GUST SPEED/DIRECTION    45/290    DATE  06/16

SKY COVER
POSSIBLE SUNSHINE (PERCENT)   MM
AVERAGE SKY COVER           0.40
NUMBER OF DAYS FAIR           12
NUMBER OF DAYS PC             16
NUMBER OF DAYS CLOUDY          2

AVERAGE RH (PERCENT)     68

WEATHER CONDITIONS. NUMBER OF DAYS WITH
THUNDERSTORM              0     MIXED PRECIP               0
HEAVY RAIN                6     RAIN                       5
LIGHT RAIN               13     FREEZING RAIN              0
LT FREEZING RAIN          0     HAIL                       0
HEAVY SNOW                0     SNOW                       0
LIGHT SNOW                0     SLEET                      0
FOG                      17     FOG W/VIS <= 1/4 MILE      6
HAZE                      2

-  INDICATES NEGATIVE NUMBERS.
R  INDICATES RECORD WAS SET OR TIED.
MM INDICATES DATA IS MISSING.
T  INDICATES TRACE AMOUNT.

$$
