000
CXUS54 KEPZ 011129
CLMELP


CLIMATE REPORT
NATIONAL WEATHER SERVICE EL PASO, TX
527 AM MDT SAT OCT 1 2016

...................................

...THE EL PASO CLIMATE SUMMARY FOR THE MONTH OF SEPTEMBER 2016...

CLIMATE NORMAL PERIOD 1981 TO 2010
CLIMATE RECORD PERIOD 1879 TO 2016

WEATHER         OBSERVED          NORMAL  DEPART  LAST YEAR`S
                 VALUE   DATE(S)  VALUE   FROM    VALUE  DATE(S)
                                          NORMAL
................................................................
TEMPERATURE (F)
RECORD
 HIGH             104   09/01/1982
 LOW               41   09/30/1945
HIGHEST            97   09/19        91       6      100  09/06
LOWEST             55   09/26        57      -2       61  09/27
AVG. MAXIMUM     87.5              87.6    -0.1     91.9
AVG. MINIMUM     65.7              63.3     2.4     69.3
MEAN             76.6              75.4     1.2     80.6
DAYS MAX >= 90     15              11.7     3.3       23
DAYS MAX <= 32      0               0.0     0.0        0
DAYS MIN <= 32      0               0.0     0.0        0
DAYS MIN <= 0       0               0.0     0.0        0

PRECIPITATION (INCHES)
RECORD
 MAXIMUM         6.68
 MINIMUM         0.00
TOTALS           2.12              1.51    0.61     0.33
DAYS >= .01         6                                  4
DAYS >= .10         4                                  1
DAYS >= .50         1                                  0
DAYS >= 1.00        0                                  0
GREATEST
 24 HR. TOTAL    0.88   09/30 TO 09/30
                        09/06 TO 09/07
                        09/29 TO 09/30
 STORM TOTAL       MM
 (MM/DD(HH))            MM

DEGREE_DAYS
HEATING TOTAL       5                 4       1        0
 SINCE 7/1          5                 4       1        0
COOLING TOTAL     360               317      43      478
 SINCE 1/1       2584              2246     338     2695

FREEZE DATES
RECORD
 EARLIEST     10/16/1880
 LATEST       05/02/1967
EARLIEST                        12/06
LATEST                          02/07
.................................................................

WIND (MPH)
AVERAGE WIND SPEED              7.1
HIGHEST WIND SPEED/DIRECTION    29/250    DATE  09/07
HIGHEST GUST SPEED/DIRECTION    35/240    DATE  09/07

SKY COVER
POSSIBLE SUNSHINE (PERCENT)   MM
AVERAGE SKY COVER           0.50
NUMBER OF DAYS FAIR           11
NUMBER OF DAYS PC             17
NUMBER OF DAYS CLOUDY          2

AVERAGE RH (PERCENT)     48

WEATHER CONDITIONS. NUMBER OF DAYS WITH
THUNDERSTORM              0     MIXED PRECIP               0
HEAVY RAIN                4     RAIN                       4
LIGHT RAIN                9     FREEZING RAIN              0
LT FREEZING RAIN          0     HAIL                       0
HEAVY SNOW                0     SNOW                       0
LIGHT SNOW                0     SLEET                      0
FOG                       4     FOG W/VIS <= 1/4 MILE      0
HAZE                      1

-  INDICATES NEGATIVE NUMBERS.
R  INDICATES RECORD WAS SET OR TIED.
MM INDICATES DATA IS MISSING.
T  INDICATES TRACE AMOUNT.

$$
