985
CXUS55 KLKN 021742
CLMELY


CLIMATE REPORT
NATIONAL WEATHER SERVICE ELKO NV
1036 AM PDT SAT JUL 2 2016

...................................

...THE ELY AIRPORT NV CLIMATE SUMMARY FOR THE MONTH OF JUNE 2016...

CLIMATE NORMAL PERIOD 1981 TO 2010
CLIMATE RECORD PERIOD 1893 TO 2016

WEATHER         OBSERVED          NORMAL  DEPART  LAST YEAR`S
                 VALUE   DATE(S)  VALUE   FROM    VALUE  DATE(S)
                                          NORMAL
................................................................
TEMPERATURE (F)
RECORD
 HIGH              99   06/29/2013
                        06/22/1954
                        08/04/1978
 LOW               18   06/14/1976
HIGHEST            94   06/27        91       3       97  06/28
LOWEST             35   06/01        28       7       37  06/07
                                                          06/03
AVG. MAXIMUM     84.2              79.0     5.2     86.2
AVG. MINIMUM     44.8              40.9     3.9     46.7
MEAN             64.5              60.0     4.5     66.5
DAYS MAX >= 90      9               1.9     7.1       15
DAYS MAX <= 32      0               0.0     0.0        0
DAYS MIN <= 32      0               2.5    -2.5        0
DAYS MIN <= 0       0               0.0     0.0        0

PRECIPITATION (INCHES)
RECORD
 MAXIMUM         3.53   1963
 MINIMUM         0.00   1910
                        1893
TOTALS           1.56              0.67    0.89     0.46
DAILY AVG.       0.05              0.02    0.03     0.02
DAYS >= .01         5               4.8     0.2        4
DAYS >= .10         2               2.1    -0.1        2
DAYS >= .50         1               0.3     0.7        0
DAYS >= 1.00        1               0.1     0.9        0
GREATEST
 24 HR. TOTAL    1.52   06/11 TO 06/12              0.23

SNOWFALL (INCHES)
RECORDS
 TOTAL            1.7   1955
TOTALS            0.0               0.1    -0.1      0.0
SINCE 7/1       100.4              50.8    49.6     19.7
SNOWDEPTH AVG.      0                                  0
DAYS >= TRACE       0               0.2    -0.2        0
DAYS >= 1.0         0               0.0     0.0        0
DAYS >= 5.0         0                                  0
GREATEST
 SNOW DEPTH         0   MM                             0
 24 HR TOTAL      0.0   06/30 TO 06/30               0.0

DEGREE_DAYS
HEATING TOTAL      61               175    -114       55
 SINCE 7/1       7322              7522    -200     6093
COOLING TOTAL      55                23      32      107
 SINCE 1/1         55                24      31      110
.................................................................

WIND (MPH)
AVERAGE WIND SPEED              9.9
HIGHEST WIND SPEED/DIRECTION    39/250    DATE  06/11
HIGHEST GUST SPEED/DIRECTION    53/170    DATE  06/15

AVERAGE RH (PERCENT)     43

WEATHER CONDITIONS. NUMBER OF DAYS WITH
THUNDERSTORM              0     MIXED PRECIP               0
HEAVY RAIN                1     RAIN                       1
LIGHT RAIN                7     FREEZING RAIN              0
LT FREEZING RAIN          0     HAIL                       0
HEAVY SNOW                0     SNOW                       0
LIGHT SNOW                0     SLEET                      0
FOG                       2     FOG W/VIS <= 1/4 MILE      0
HAZE                      0

-  INDICATES NEGATIVE NUMBERS.
R  INDICATES RECORD WAS SET OR TIED.
MM INDICATES DATA IS MISSING.
T  INDICATES TRACE AMOUNT.

&&

==============================================================

...4TH WARMEST JUNE ON RECORD IN ELY...
...11TH WETTEST JUNE ON RECORD IN ELY...

THE AVERAGE TEMPERATURE IN ELY DURING JUNE 2016 WAS 64.5
DEGREES...WHICH IS 4.5 DEGREES ABOVE THE 1981-2010
CLIMATOLOGICAL NORMAL OF 60.0 DEGREES. THIS MAKES JUNE 2016
THE 4TH WARMEST ON RECORD. THE TOTAL PRECIPITATION WAS 1.56
INCHES...WHICH IS 0.89 INCHES ABOVE OR 233 PERCENT OF THE
1981-2010 CLIMATOLOGICAL NORMAL OF 0.67 INCHES. THIS MAKES
JUNE 2016 THE 11TH WETTEST JUNE ON RECORD. NO SNOW WAS
REPORTED FOR THE MONTH OF JUNE.

A RECORD HIGH OF 91 DEGREES WAS SET ON JUNE 5.
A RECORD DAILY RAINFALL OF 1.42 INCHES WAS SET ON JUNE 11.

$$

NWS ELKO CLIMATE TEAM
