000
CXUS56 KPQR 011458
CLMEUG


CLIMATE REPORT
NATIONAL WEATHER SERVICE PORTLAND OREGON
758 AM PDT MON SEP 1 2014

...................................

...THE EUGENE OR CLIMATE SUMMARY FOR THE MONTH OF AUGUST 2014...

CLIMATE NORMAL PERIOD 1981 TO 2010
CLIMATE RECORD PERIOD 1892 TO 2014

WEATHER         OBSERVED          NORMAL  DEPART  LAST YEAR`S
                 VALUE   DATE(S)  VALUE   FROM    VALUE  DATE(S)
                                          NORMAL
................................................................
TEMPERATURE (F)
HIGHEST           101                                 95  08/06
LOWEST             45                                 46  08/03
AVG. MAXIMUM     87.8              82.8     5.0     83.5
AVG. MINIMUM     55.0              51.1     3.9     54.8
MEAN             71.4              66.9     4.5     69.2
DAYS MAX >= 90     14               5.6     8.4        4
DAYS MAX <= 32      0               0.0     0.0        0
DAYS MIN <= 32      0               0.0     0.0        0
DAYS MIN <= 0       0               0.0     0.0        0

PRECIPITATION (INCHES)
RECORD
 MAXIMUM         5.79   1968
 MINIMUM         0.00   2006
                        1967
                        1931
TOTALS           0.19              0.61   -0.42     0.25
DAYS >= .01         4               3.2     0.8        4
DAYS >= .10         1               1.4    -0.4        1
DAYS >= .50         0               0.3    -0.3        0
DAYS >= 1.00        0               0.1    -0.1        0
GREATEST
 24 HR. TOTAL    0.16   08/13 TO 08/13
                        08/12 TO 08/13
                        08/13 TO 08/13

DEGREE_DAYS
HEATING TOTAL       1                31     -30       12
 SINCE 7/1          7                67     -60       18
COOLING TOTAL     206                91     115      149
 SINCE 1/1        408               208     200      348
.................................................................

WIND (MPH)
AVERAGE WIND SPEED              6.2
RESULTANT WIND SPEED/DIRECTION   2/353
HIGHEST WIND SPEED/DIRECTION    31/020    DATE  08/10
HIGHEST GUST SPEED/DIRECTION    46/060    DATE  08/10

SKY COVER
POSSIBLE SUNSHINE (PERCENT)   MM
AVERAGE SKY COVER           0.40
NUMBER OF DAYS FAIR            0
NUMBER OF DAYS PC              0
NUMBER OF DAYS CLOUDY          0

AVERAGE RH (PERCENT)     58

WEATHER CONDITIONS. NUMBER OF DAYS WITH
THUNDERSTORM              0     MIXED PRECIP               0
HEAVY RAIN                0     RAIN                       0
LIGHT RAIN                7     FREEZING RAIN              0
LT FREEZING RAIN          0     HAIL                       0
HEAVY SNOW                0     SNOW                       0
LIGHT SNOW                0     SLEET                      0
FOG                       5     FOG W/VIS <= 1/4 MILE      0
HAZE                      8

-  INDICATES NEGATIVE NUMBERS.
R  INDICATES RECORD WAS SET OR TIED.
MM INDICATES DATA IS MISSING.
T  INDICATES TRACE AMOUNT.

$$
