418
CXUS52 KKEY 031950
CLMEYW

CLIMATE REPORT
NATIONAL WEATHER SERVICE KEY WEST, FL
336 PM EDT MON JUL 3 2017

...................................

...THE KEY WEST CLIMATE SUMMARY FOR THE MONTH OF JUNE 2017...

CLIMATE NORMAL PERIOD 1981 TO 2010
CLIMATE RECORD PERIOD 1871 TO 2017

WEATHER         OBSERVED          NORMAL  DEPART  LAST YEAR`S
                 VALUE   DATE(S)  VALUE   FROM    VALUE  DATE(S)
                                          NORMAL
................................................................
TEMPERATURE (F)
RECORD
 HIGH              96   06/06/1881
 LOW               65   06/02/1932
HIGHEST            91   06/27                         91  06/24
                                                          06/22
                                                          06/20
LOWEST             72   06/07                         75  06/28
AVG. MAXIMUM     87.7              87.8    -0.1     88.3
AVG. MINIMUM     80.2              78.8     1.4     79.2
MEAN             84.0              83.3     0.7     83.8
DAYS MAX >= 90      1               3.1    -2.1        9
DAYS MAX <= 32      0               0.0     0.0        0
DAYS MIN <= 32      0               0.0     0.0        0
DAYS MIN <= 0       0               0.0     0.0        0

PRECIPITATION (INCHES)
RECORD
 MAXIMUM        14.43   1972
 MINIMUM         0.14   1927
TOTALS           5.71              4.11    1.60     1.14
DAILY AVG.       0.19              0.14    0.05     0.04
DAYS >= .01         9              11.0    -2.0       11
DAYS >= .10         5               6.3    -1.3        3
DAYS >= .50         1               2.5    -1.5        0
DAYS >= 1.00        1               1.2    -0.2        0

SNOWFALL (INCHES)
RECORDS
 TOTAL
TOTALS            0.0               0.0     0.0      0.0
SINCE 7/1         0.0               0.0     0.0      0.0
SNOWDEPTH AVG.      0                                  0
DAYS >= 1.0         0               0.0     0.0        0
GREATEST
 SNOW DEPTH         0                                  0
 24 HR TOTAL      0.0   06/30 TO 06/30

DEGREE_DAYS
HEATING TOTAL       0                 0       0        0
 SINCE 7/1          5                73     -68       24
COOLING TOTAL     576               549      27      571
 SINCE 1/1       2331              1979     352     2062
.................................................................

WIND (MPH)
AVERAGE WIND SPEED              11.5
HIGHEST WIND SPEED/DIRECTION    33/170    DATE  06/18
HIGHEST GUST SPEED/DIRECTION    43/170    DATE  06/18

SKY COVER
POSSIBLE SUNSHINE (PERCENT)   MM
AVERAGE SKY COVER           0.20
NUMBER OF DAYS FAIR           27
NUMBER OF DAYS PC              2
NUMBER OF DAYS CLOUDY          1

AVERAGE RH (PERCENT)     78

WEATHER CONDITIONS. NUMBER OF DAYS WITH
THUNDERSTORM             12     MIXED PRECIP               0
HEAVY RAIN                5     RAIN                       3
LIGHT RAIN               12     FREEZING RAIN              0
LT FREEZING RAIN          0     HAIL                       0
HEAVY SNOW                0     SNOW                       0
LIGHT SNOW                0     SLEET                      0
FOG                       9     FOG W/VIS <= 1/4 MILE      0
HAZE                      2

-  INDICATES NEGATIVE NUMBERS.
R  INDICATES RECORD WAS SET OR TIED.
MM INDICATES DATA IS MISSING.
T  INDICATES TRACE AMOUNT.

$$

KEY WEST CONTINUED TO SEE TEMPERATURES AT OR ABOVE NORMAL FOR THE
13TH STRAIGHT MONTH, AVERAGING A TEMPERATURE OF 84.0F, WHICH TIES
FOR THE 19TH WARMEST JUNE ON RECORD. OVERNIGHT AVERAGE LOW
TEMPERATURES CAME IN AT 80.2F, RANKING AS A TIE FOR THE 6TH WARMEST
ON RECORD. ONLY ONE DAY DURING THE ENTIRE MONTH DID THE MERCURY RISE
TO 90F OR ABOVE, WHEN A HIGH OF 91F WAS OBSERVED ON 6/27.
HISTORICALLY, KEY WEST SEES ON AVERAGE SIX DAYS DURING JUNE WHERE
THIS THRESHOLD IS MET OR EXCEEDED.  A TOTAL OF FOUR WARM MINIMUM
TEMPERATURE RECORDS WERE SET OR TIED DURING THE MONTH.  YEAR TO DATE
(6/30/17), KEY WEST HAS OBSERVED AN AVERAGE TEMPERATURE OF 77.6F,
WHICH TIES AS THE 11TH WARMEST FIRST HALF OF THE CALENDAR YEAR,
COMING AHEAD OF THE WARMEST YEAR ON RECORD (2015) BY 0.3F.

WITH A TOTAL OF 5.71" OF RAINFALL DURING JUNE, A SURPLUS OF 1.60"
WAS OBSERVED WHEN COMPARED TO NORMAL VALUES. IT WAS THE WETTEST JUNE
SINCE 2013 WHEN 8.54" FELL IN KEY WEST. THE BULK OF THE RAINFALL
FELL DURING ONE DAY, BACK ON JUNE 7TH WHEN 4.39" WAS OBSERVED,
BREAKING THE DAILY RAINFALL RECORD FOR THAT DATE BY 2.77". YEAR TO
DATE (6/30/17), A TOTAL OF 14.76" OF RAIN HAS BEEN OBSERVED IN KEY
WEST, COMING JUST AHEAD OF THE NORMAL VALUE BY ONLY 0.02".
TEMPERATURE AND RAINFALL RECORDS AT KEY WEST DATE BACK TO 1872
& 1871 RESPECTIVELY.

FLING
