000
CXUS52 KKEY 012045
CLMEYW

CLIMATE REPORT
NATIONAL WEATHER SERVICE KEY WEST, FL
327 PM EST SUN MAR 1 2015

...................................

...THE KEY WEST CLIMATE SUMMARY FOR THE MONTH OF FEBRUARY 2015...

CLIMATE NORMAL PERIOD 1981 TO 2010
CLIMATE RECORD PERIOD 1871 TO 2015

WEATHER         OBSERVED          NORMAL  DEPART  LAST YEAR`S
                 VALUE   DATE(S)  VALUE   FROM    VALUE  DATE(S)
                                          NORMAL
................................................................
TEMPERATURE (F)
RECORD
 HIGH              87   02/25/1874
 LOW               44   02/03/1917
                        02/14/1899
HIGHEST            82   02/28                         82  02/25
                        02/23                             02/09
                                                          02/05
LOWEST             49   02/20                         61  02/17
                                                          02/14
AVG. MAXIMUM     73.9              76.0    -2.1     79.0
AVG. MINIMUM     63.2              66.0    -2.8     69.7
MEAN             68.5              71.0    -2.5     74.4
DAYS MAX >= 90      0               0.0     0.0        0
DAYS MAX <= 32      0               0.0     0.0        0
DAYS MIN <= 32      0               0.0     0.0        0
DAYS MIN <= 0       0               0.0     0.0        0

PRECIPITATION (INCHES)
RECORD
 MAXIMUM         7.19   1872
 MINIMUM            T   1944
TOTALS           2.20              1.49    0.71     0.92
DAILY AVG.       0.07              0.05    0.02     0.03
DAYS >= .01         5               5.3    -0.3        3
DAYS >= .10         5               2.7     2.3        2
DAYS >= .50         1               1.0     0.0        1
DAYS >= 1.00        1               0.4     0.6        0

SNOWFALL (INCHES)
RECORDS
 TOTAL
TOTALS            0.0               0.0     0.0      0.0
SINCE 7/1         0.0               0.0     0.0      0.0
SNOWDEPTH AVG.      0                                  0
DAYS >= 1.0         0               0.0     0.0        0
GREATEST
 SNOW DEPTH         0                                  0
 24 HR TOTAL      0.0

DEGREE_DAYS
HEATING TOTAL      21                15       6        0
 SINCE 7/1         27                66     -39       22
COOLING TOTAL     127               183     -56      269
 SINCE 1/1        358               348      10      426
.................................................................

WIND (MPH)
AVERAGE WIND SPEED              10.6
HIGHEST WIND SPEED/DIRECTION    29/210    DATE  02/18
HIGHEST GUST SPEED/DIRECTION    42/230    DATE  02/18

SKY COVER
POSSIBLE SUNSHINE (PERCENT)   MM
AVERAGE SKY COVER           0.30
NUMBER OF DAYS FAIR           19
NUMBER OF DAYS PC              8
NUMBER OF DAYS CLOUDY          1

AVERAGE RH (PERCENT)     79

WEATHER CONDITIONS. NUMBER OF DAYS WITH
THUNDERSTORM              0     MIXED PRECIP               0
HEAVY RAIN                3     RAIN                       4
LIGHT RAIN                7     FREEZING RAIN              0
LT FREEZING RAIN          0     HAIL                       0
HEAVY SNOW                0     SNOW                       0
LIGHT SNOW                0     SLEET                      0
FOG                       8     FOG W/VIS <= 1/4 MILE      2
HAZE                      1

-  INDICATES NEGATIVE NUMBERS.
R  INDICATES RECORD WAS SET OR TIED.
MM INDICATES DATA IS MISSING.
T  INDICATES TRACE AMOUNT.

$$
