000
CXUS53 KFGF 010951
CLMFAR

CLIMATE REPORT
NATIONAL WEATHER SERVICE EASTERN NORTH DAKOTA/GRAND FORKS
451 AM CDT SAT JUL 1 2017

...................................

...THE FARGO HECTOR INTL AP ND CLIMATE SUMMARY FOR THE MONTH OF JUNE 2017...

CLIMATE NORMAL PERIOD 1981 TO 2010
CLIMATE RECORD PERIOD 1881 TO 2017

WEATHER         OBSERVED          NORMAL  DEPART  LAST YEAR`S
                 VALUE   DATE(S)  VALUE   FROM    VALUE  DATE(S)
                                          NORMAL
................................................................
TEMPERATURE (F)
RECORD
 HIGH             104   06/18/1933
 LOW               28   06/01/1888
HIGHEST            96   06/02        77      19       91  06/19
                                                          06/10
LOWEST             40   06/26        55     -15       44  06/02
AVG. MAXIMUM     80.3              77.4     2.9     80.4
AVG. MINIMUM     55.3              54.9     0.4     57.2
MEAN             67.8              66.2     1.6     68.8
DAYS MAX >= 90      3               2.2     0.8        3
DAYS MAX <= 32      0               0.0     0.0        0
DAYS MIN <= 32      0               0.0     0.0        0
DAYS MIN <= 0       0               0.0     0.0        0

PRECIPITATION (INCHES)
RECORD
 MAXIMUM        11.71   2000
 MINIMUM         0.30   1929
TOTALS           2.50              3.90   -1.40     2.45
DAILY AVG.       0.08              0.13   -0.05     0.08
DAYS >= .01         9              11.7    -2.7       10
DAYS >= .10         5               6.9    -1.9        6
DAYS >= .50         2               2.4    -0.4        2
DAYS >= 1.00        1               0.9     0.1        0
GREATEST
 24 HR. TOTAL    1.31   06/13 TO 06/13           06/29 TO 06/29
                        06/12 TO 06/13                    06/30 TO 06/30
                        06/13 TO 06/13                    06/30 TO 06/30
 STORM TOTAL       MM                                 MM
 (MM/DD(HH))            MM                    06/29(00) TO 06/29(00)
                                                 06/30(00) TO 06/30(00)0
                                                 06/30(00) TO 06/30(00)0

SNOWFALL (INCHES)
RECORDS
 TOTAL             MM   MM
TOTALS            0.0               0.0     0.0      0.0
SINCE 7/1        33.1              50.4   -17.3     27.4
SNOWDEPTH AVG.      0                MM      MM        0
DAYS >= 1.0         0               0.0     0.0        0
GREATEST
 SNOW DEPTH         0   MM                             0  MM
 24 HR TOTAL      0.0   06/30 TO 06/30
 STORM TOTAL       MM                                 MM
 (MM/DD(HH))            MM                    06/30(00) TO 06/30(00)
                                                 06/30(00) TO 06/30(00)0
                                                 06/30(00) TO 06/30(00)0

DEGREE_DAYS
HEATING TOTAL      35                73     -38       27
 SINCE 7/1       7452              8802   -1350     7172
COOLING TOTAL     126               107      19      147
 SINCE 1/1        137               138      -1      195
.................................................

WIND (MPH)
AVERAGE WIND SPEED              11.1
HIGHEST WIND SPEED/DIRECTION    52/200    DATE  06/13
HIGHEST GUST SPEED/DIRECTION    64/200    DATE  06/13

SKY COVER
POSSIBLE SUNSHINE (PERCENT)   MM
AVERAGE SKY COVER           0.30
NUMBER OF DAYS FAIR           19
NUMBER OF DAYS PC              8
NUMBER OF DAYS CLOUDY          3

AVERAGE RH (PERCENT)     60

WEATHER CONDITIONS. NUMBER OF DAYS WITH
THUNDERSTORM              0     MIXED PRECIP               0
HEAVY RAIN                2     RAIN                       5
LIGHT RAIN               13     FREEZING RAIN              0
LT FREEZING RAIN          0     HAIL                       0
HEAVY SNOW                0     SNOW                       0
LIGHT SNOW                0     SLEET                      0
FOG                       9     FOG W/VIS <= 1/4 MILE      0
HAZE                      2

-  INDICATES NEGATIVE NUMBERS.
R  INDICATES RECORD WAS SET OR TIED.
MM INDICATES DATA IS MISSING.
T  INDICATES TRACE AMOUNT.

&&

REMARKS...

THE MONTH OF JUNE WAS SLIGHTLY ABOVE NORMAL WITH RESPECT TO
TEMPERATURES. THE AVERAGE TEMPERATURE FOR JUNE WAS 67.8 DEGREES
WHICH IS 1.6 DEGREES ABOVE NORMAL.

PRECIPITATION FOR JUNE WAS SLIGHTLY BELOW NORMAL.  THE TOTAL
RAINFALL WAS 2.5 INCHES WHICH IS 1.4 INCHES BELOW NORMAL.

A RECORD HIGH TEMPERATURE WAS SET ON JUNE 2ND. THE RECORD LOW
TEMPERATURE WAS TIED ON JUNE 26TH.

REMEMBER...THIS DATA IS PROVISIONAL AND SUBJECT TO CHANGE. THE FINAL
AND OFFICIAL RECORDS WILL BE AVAILABLE FROM THE NATIONAL CENTERS FOR
ENVIRONMENTAL INFORMATION (FORMERLY THE NATIONAL CLIMATE DATA
CENTER).

$$
