000
CXUS53 KFGF 011458
CLMFAR

CLIMATE REPORT
NATIONAL WEATHER SERVICE EASTERN NORTH DAKOTA/GRAND FORKS
956 AM CDT SAT APR 1 2017

...................................

...THE FARGO HECTOR INTL AP ND CLIMATE SUMMARY FOR THE MONTH OF MARCH 2017...

CLIMATE NORMAL PERIOD 1981 TO 2010
CLIMATE RECORD PERIOD 1881 TO 2017

WEATHER         OBSERVED          NORMAL  DEPART  LAST YEAR`S
                 VALUE   DATE(S)  VALUE   FROM    VALUE  DATE(S)
                                          NORMAL
................................................................
TEMPERATURE (F)
RECORD
 HIGH              80   03/23/1910
 LOW              -34   03/10/1948
HIGHEST            65   03/06        35      30       70  03/29
LOWEST             -3   03/10        19     -22        8  03/01
AVG. MAXIMUM     39.5              36.3     3.2     48.5
AVG. MINIMUM     19.6              19.4     0.2     28.1
MEAN             29.5              27.8     1.7     38.3
DAYS MAX >= 90      0               0.0     0.0        0
DAYS MAX <= 32     10              10.0     0.0        4
DAYS MIN <= 32     27              26.7     0.3       23
DAYS MIN <= 0       2               2.9    -0.9        0

PRECIPITATION (INCHES)
RECORD
 MAXIMUM         4.62   2009
 MINIMUM         0.03   1958
TOTALS           0.33              1.30   -0.97     0.96
DAILY AVG.       0.01              0.04   -0.03     0.03
DAYS >= .01         3               8.3    -5.3        9
DAYS >= .10         1               3.4    -2.4        2
DAYS >= .50         0               0.7    -0.7        0
DAYS >= 1.00        0               0.0     0.0        0
GREATEST
 24 HR. TOTAL    0.19   03/23 TO 03/23           03/30 TO 03/30
                                                          03/30 TO 03/30
                                                          03/30 TO 03/30
 STORM TOTAL       MM                                 MM
 (MM/DD(HH))            MM                    03/30(00) TO 03/30(00)
                                                 03/30(00) TO 03/30(00)0
                                                 03/30(00) TO 03/30(00)0

SNOWFALL (INCHES)
RECORDS
 TOTAL           28.1   2009
TOTALS            1.6               9.1    -7.5      2.5
SINCE 7/1        30.9              47.1   -16.2     26.8
SNOWDEPTH AVG.      0                 6      -6        0
DAYS >= 1.0         1               2.4    -1.4        1
GREATEST
 SNOW DEPTH         1   03/13                          1  03/26
 24 HR TOTAL      1.5   03/12 TO 03/12
 STORM TOTAL       MM                                 MM
 (MM/DD(HH))            MM                    03/30(00) TO 03/30(00)
                                                 03/30(00) TO 03/30(00)0
                                                 03/30(00) TO 03/30(00)0

DEGREE_DAYS
HEATING TOTAL    1090              1152     -62      820
 SINCE 7/1       6588              7830   -1242     6343
COOLING TOTAL       0                 0       0        0
 SINCE 1/1          0                 0       0        0
.................................................

WIND (MPH)
AVERAGE WIND SPEED              12.6
HIGHEST WIND SPEED/DIRECTION    47/280    DATE  03/07
HIGHEST GUST SPEED/DIRECTION    62/280    DATE  03/07

SKY COVER
POSSIBLE SUNSHINE (PERCENT)   MM
AVERAGE SKY COVER           0.40
NUMBER OF DAYS FAIR           15
NUMBER OF DAYS PC             12
NUMBER OF DAYS CLOUDY          4

AVERAGE RH (PERCENT)     71

WEATHER CONDITIONS. NUMBER OF DAYS WITH
THUNDERSTORM              0     MIXED PRECIP               0
HEAVY RAIN                1     RAIN                       0
LIGHT RAIN                3     FREEZING RAIN              0
LT FREEZING RAIN          0     HAIL                       0
HEAVY SNOW                0     SNOW                       0
LIGHT SNOW                6     SLEET                      0
FOG                      14     FOG W/VIS <= 1/4 MILE      4
HAZE                      2

-  INDICATES NEGATIVE NUMBERS.
R  INDICATES RECORD WAS SET OR TIED.
MM INDICATES DATA IS MISSING.
T  INDICATES TRACE AMOUNT.

&&

REMARKS...

THE MONTH OF MARCH IN FARGO WAS A LITTLE WARMER THAN NORMAL AND
DRIER THAN NORMAL. THE MONTH STARTED OUT WITH BELOW NORMAL
TEMPERATURES FOR THE FIRST COUPLE DAYS AND AGAIN FROM THE 8TH
THROUGH THE 15TH. HOWEVER MUCH OF THE REST OF THE MONTH WAS ABOVE
NORMAL. THE RESULT WAS AN ABOVE NORMAL MONTH BY 1.7 DEGREES. MARCH
WAS NOT IN THE TOP 10 WARMEST. THE WARMEST MONTH ON RECORD WAS MARCH
OF 2012 WITH A MONTHLY AVERAGE OF 41.6 DEGREES.

PRECIPITATION FOR THE MONTH WAS BELOW NORMAL WITH 0.33 OF AN INCH OR
0.97 OF AN INCH BELOW NORMAL. MARCH WAS THE 9TH DRIEST MONTH ON
RECORD. THE DRIEST MARCH ON RECORD OCCURRED IN 1958 WITH 0.03 INCH.

SNOWFALL FOR THE MONTH WAS 1.6 INCHES WHICH IS 7.5 INCHES BELOW THE
NORMAL OF 9.1 INCHES. NO SNOWFALL RECORDS WERE RECORDED FOR MARCH.

NO DAILY RECORD TEMPERATURES OR DAILY RECORD PRECIPITATION OCCURRED
IN MARCH.

REMEMBER...THIS DATA IS PROVISIONAL AND SUBJECT TO CHANGE. THE FINAL
AND OFFICIAL RECORDS WILL BE AVAILABLE FROM THE NATIONAL CENTERS FOR
ENVIRONMENTAL INFORMATION (FORMERLY THE NATIONAL CLIMATE DATA
CENTER).

$$
