000
CXUS56 KHNX 011250
CLMFAT


CLIMATE REPORT
NATIONAL WEATHER SERVICE SAN JOAQUIN VALLEY - HANFORD CA
550 AM PDT WED JUL 1 2015

...................................

...THE FRESNO CA CLIMATE SUMMARY FOR THE MONTH OF JUNE 2015...

CLIMATE NORMAL PERIOD 1981 TO 2010
CLIMATE RECORD PERIOD 1887 TO 2015

WEATHER         OBSERVED          NORMAL  DEPART  LAST YEAR`S
                 VALUE   DATE(S)  VALUE   FROM    VALUE  DATE(S)
                                          NORMAL
................................................................
TEMPERATURE (F)
RECORD
 HIGH             112   06/25/1925
                        06/30/1891
 LOW               42   06/14/1907
HIGHEST           107   06/26        MM      MM      110  06/09
LOWEST             56   06/04        MM      MM       58  06/17
                        06/01                             06/03
AVG. MAXIMUM     96.8              92.0     4.8     96.4
AVG. MINIMUM     67.1              62.4     4.7     65.5
MEAN             81.9              77.2     4.7     80.9
DAYS MAX >= 90     25              18.5     6.5       27
DAYS MIN <= 32      0               0.0     0.0        0

PRECIPITATION (INCHES)
RECORD
 MAXIMUM         1.93   1998
TOTALS           0.01              0.21   -0.20     0.00
DAYS >= .01         1               0.7     0.3        0
DAYS >= .10         0               0.4    -0.4        0
DAYS >= .50         0               0.1    -0.1        0
DAYS >= 1.00        0               0.1    -0.1        0
GREATEST
 24 HR. TOTAL    0.01   06/10 TO 06/10

SNOWFALL (INCHES)
RECORDS
 TOTAL             MM   MM
TOTALS            0.0               0.0

DEGREE_DAYS
HEATING TOTAL       0                 3      -3        0
 SINCE 7/1       1519              2346    -827     1504
COOLING TOTAL     513               369     144      485
 SINCE 1/1        786               610     176      928
.................................................................

WIND (MPH)
AVERAGE WIND SPEED              7.5
HIGHEST WIND SPEED/DIRECTION    23/310    DATE  06/01
HIGHEST GUST SPEED/DIRECTION    29/310    DATE  06/01

AVERAGE RH (PERCENT)     35

WEATHER CONDITIONS. NUMBER OF DAYS WITH
THUNDERSTORM              0     RAIN                       1
HAIL                      0     FOG                        0
FOG W/VIS <= 1/4 MILE     0     HAZE                       3

-  INDICATES NEGATIVE NUMBERS.
R  INDICATES RECORD WAS SET OR TIED.
MM INDICATES DATA IS MISSING.
T  INDICATES TRACE AMOUNT.

$$

SANGER/OCHS

WEATHER.GOV/HANFORD
