000
CXUS52 KRAH 011328
CLMFAY


CLIMATE REPORT
NATIONAL WEATHER SERVICE RALEIGH NC
925 AM EDT FRI JUL 1 2016

...................................

...THE FAYETTEVILLE REGL AIRPORT NC CLIMATE SUMMARY FOR THE MONTH OF JUNE 2016...

CLIMATE NORMAL PERIOD 1981 TO 2010
CLIMATE RECORD PERIOD 1910 TO 2016

WEATHER         OBSERVED          NORMAL  DEPART  LAST YEAR`S
                 VALUE   DATE(S)  VALUE   FROM    VALUE
                                          NORMAL
.............................................................
TEMPERATURE (F)
RECORD
 HIGH             106   06/29/2012
 LOW               44   06/12/1972
                        06/02/1966
                        06/16/1933
HIGHEST           100   06/23                        102
LOWEST             60   06/19                         63
                        06/09
AVG. MAXIMUM     90.6              88.6     2.0     91.4
AVG. MINIMUM     69.1              67.8     1.3     70.7
MEAN             79.9              78.2     1.7     81.0
DAYS MAX >= 90     21                                 20
DAYS MAX <= 32      0                                  0
DAYS MIN <= 32      0                                  0
DAYS MIN <= 0       0                                  0

PRECIPITATION (INCHES)
RECORD
 MAXIMUM        15.94   1995
TOTALS           3.21              4.35   -1.14     9.14
DAYS >= .01        10
DAYS >= .10         5
DAYS >= .50         2
DAYS >= 1.00        1
GREATEST
 24 HR. TOTAL    1.80   06/05 TO 06/05

DEGREE_DAYS
COOLING TOTAL     452               396      56      489
 SINCE 1/1        788               680     108      819
..............................................................

WIND (MPH)
AVERAGE WIND SPEED              7.3
HIGHEST WIND SPEED/DIRECTION    28/010    DATE  06/17
HIGHEST GUST SPEED/DIRECTION    33/010    DATE  06/17

SKY COVER
POSSIBLE SUNSHINE (PERCENT)   MM
AVERAGE SKY COVER           0.20
NUMBER OF DAYS FAIR           22
NUMBER OF DAYS PC              8
NUMBER OF DAYS CLOUDY          0

AVERAGE RH (PERCENT)     65

WEATHER CONDITIONS. NUMBER OF DAYS WITH
THUNDERSTORM             10     MIXED PRECIP               0
HEAVY RAIN                3     RAIN                       3
LIGHT RAIN               11     FREEZING RAIN              0
LT FREEZING RAIN          0     HAIL                       0
HEAVY SNOW                0     SNOW                       0
LIGHT SNOW                0     SLEET                      0
FOG                      13     FOG W/VIS <= 1/4 MILE      2
HAZE                      2

-  INDICATES NEGATIVE NUMBERS.
R  INDICATES RECORD WAS SET OR TIED.
MM INDICATES DATA IS MISSING.
T  INDICATES TRACE AMOUNT.

&&

A RECORD HIGH MINIMUM TEMPERATURE OF 73 DEGREES WAS SET AT THE
FAYETTEVILLE REGL AIRPORT ON JUNE 4TH. THIS TIES THE RECORD SET IN
2010.

A RECORD DAILY MAXIMUM RAINFALL OF 1.80 INCHES WAS SET AT THE
FAYETTEVILLE REGL AIRPORT ON JUNE 5TH. THIS BREAKS THE OLD RECORD OF
1.25 SET IN 1913.

A DAILY RECORD HIGH MINIMUM TEMPERATURE OF 76 DEGREES WAS SET AT
FAYETTEVILLE ON JUNE 12TH. THIS BROKE THE OLD RECORD OF 75 DEGREES
SET IN 2003.

$$
