000
CXUS53 KLMK 011835
CLMFFT


CLIMATE REPORT
NATIONAL WEATHER SERVICE LOUISVILLE KY
228 PM EDT MON JUN 1 2015

...................................

...THE FRANKFORT KY CLIMATE SUMMARY FOR THE MONTH OF MAY 2015...

CLIMATE NORMAL PERIOD 1981 TO 2010
CLIMATE RECORD PERIOD 1895 TO 2015

WEATHER         OBSERVED          NORMAL  DEPART  LAST YEAR`S
                 VALUE   DATE(S)  VALUE   FROM    VALUE  DATE(S)
                                          NORMAL
................................................................
TEMPERATURE (F)
RECORD
 HIGH              99   05/29/1914
 LOW               27   05/01/1963
HIGHEST            88   05/11        MM      MM       87  05/27
LOWEST             42   05/22        MM      MM       36  05/17
                        05/01
AVG. MAXIMUM     79.4              75.5     3.9     77.0
AVG. MINIMUM     56.0              52.4     3.6     53.0
MEAN             67.7              63.9     3.8     65.0
DAYS MAX >= 90      0               0.1    -0.1        0
DAYS MAX <= 32      0               0.0     0.0        0
DAYS MIN <= 32      0               0.1    -0.1        0
DAYS MIN <= 0       0               0.0     0.0        0

PRECIPITATION (INCHES)
RECORD
 MAXIMUM        10.74   1983
 MINIMUM         0.38   1931
TOTALS           0.92              4.85   -3.93     5.75
DAILY AVG.       0.03              0.16   -0.13     0.19
DAYS >= .01         6                MM      MM       12
DAYS >= .10         2                MM      MM        9
DAYS >= .50         1                MM      MM        6
DAYS >= 1.00        0                MM      MM        2
GREATEST
 24 HR. TOTAL    0.60   05/16 TO 05/16

SNOWFALL (INCHES)
RECORDS
 TOTAL             MM   MM
TOTALS             MM                MM      MM       MM
SINCE 7/1          MM                MM      MM       MM
SNOWDEPTH AVG.      0                MM      MM       MM
DAYS >= 1.0         0                MM      MM        0
GREATEST
 SNOW DEPTH         0   MM                            MM  MM
 24 HR TOTAL       MM

DEGREE_DAYS
HEATING TOTAL      58               112     -54      106
 SINCE 7/1       5123              4690     433     5220
COOLING TOTAL     147                79      68      114
 SINCE 1/1        155                99      56      122
.................................................................

WIND (MPH)
AVERAGE WIND SPEED              6.0
HIGHEST WIND SPEED/DIRECTION    26/220    DATE  05/11
HIGHEST GUST SPEED/DIRECTION    38/230    DATE  05/11

SKY COVER
POSSIBLE SUNSHINE (PERCENT)   MM
AVERAGE SKY COVER           0.30
NUMBER OF DAYS FAIR           21
NUMBER OF DAYS PC              8
NUMBER OF DAYS CLOUDY          2

AVERAGE RH (PERCENT)     67

WEATHER CONDITIONS. NUMBER OF DAYS WITH
THUNDERSTORM              4     MIXED PRECIP               0
HEAVY RAIN                1     RAIN                       2
LIGHT RAIN                7     FREEZING RAIN              0
LT FREEZING RAIN          0     HAIL                       0
HEAVY SNOW                0     SNOW                       0
LIGHT SNOW                0     SLEET                      0
FOG                      12     FOG W/VIS <= 1/4 MILE      1
HAZE                      7

-  INDICATES NEGATIVE NUMBERS.
R  INDICATES RECORD WAS SET OR TIED.
MM INDICATES DATA IS MISSING.
T  INDICATES TRACE AMOUNT.

3RD DRIEST MAY ON RECORD.

$$

CMC
