000
CXUS53 KLMK 012021 CCA
CLMFFT

CLIMATE REPORT
NATIONAL WEATHER SERVICE LOUISVILLE KY
1218 PM EDT TUE SEP 1 2015

...................................

...THE FRANKFORT KY CLIMATE SUMMARY FOR THE MONTH OF AUGUST 2015...
...COR THUNDERSTORM DAYS...

CLIMATE NORMAL PERIOD 1981 TO 2010
CLIMATE RECORD PERIOD 1895 TO 2015

WEATHER         OBSERVED          NORMAL  DEPART  LAST YEAR`S
                 VALUE   DATE(S)  VALUE   FROM    VALUE  DATE(S)
                                          NORMAL
................................................................
TEMPERATURE (F)
RECORD
 HIGH             105   08/21/1936
 LOW               41   08/27/1896
HIGHEST            89   08/16        MM      MM       91  08/27
                        08/03
LOWEST             51   08/26        MM      MM       55  08/16
                                                          08/03
AVG. MAXIMUM     83.4              86.5    -3.1     84.5
AVG. MINIMUM     61.6              63.9    -2.3     65.1
MEAN             72.5              75.2    -2.7     74.8
DAYS MAX >= 90      0               7.6    -7.6        5
DAYS MAX <= 32      0               0.0     0.0        0
DAYS MIN <= 32      0               0.0     0.0        0
DAYS MIN <= 0       0               0.0     0.0        0

PRECIPITATION (INCHES)
RECORD
 MAXIMUM         8.54   1935
 MINIMUM         0.16   1895
TOTALS           3.01              3.36   -0.35     5.56
DAILY AVG.       0.10              0.11   -0.01     0.18
DAYS >= .01         9                MM      MM       16
DAYS >= .10         3                MM      MM       11
DAYS >= .50         3                MM      MM        3
DAYS >= 1.00        1                MM      MM        1
GREATEST
 24 HR. TOTAL    1.26   08/04 TO 08/05

SNOWFALL (INCHES)
RECORDS
 TOTAL             MM   MM
TOTALS             MM                MM      MM       MM
SINCE 7/1          MM                MM      MM       MM
SNOWDEPTH AVG.     MM                MM      MM       MM
DAYS >= 1.0         0                MM      MM        0
GREATEST
 SNOW DEPTH        MM                                 MM  MM
 24 HR TOTAL       MM

DEGREE_DAYS
HEATING TOTAL       1                 1       0        0
 SINCE 7/1          1                 1       0        3
COOLING TOTAL     240               317     -77      314
 SINCE 1/1       1039              1002      37      926
.................................................................

WIND (MPH)
AVERAGE WIND SPEED              3.9
HIGHEST WIND SPEED/DIRECTION    25/250    DATE  08/04
HIGHEST GUST SPEED/DIRECTION    34/270    DATE  08/04

SKY COVER
POSSIBLE SUNSHINE (PERCENT)    0
AVERAGE SKY COVER           0.20
NUMBER OF DAYS FAIR           22
NUMBER OF DAYS PC              7
NUMBER OF DAYS CLOUDY          2

AVERAGE RH (PERCENT)     71

WEATHER CONDITIONS. NUMBER OF DAYS WITH
THUNDERSTORM              5     MIXED PRECIP               0
HEAVY RAIN                4     RAIN                       4
LIGHT RAIN               11     FREEZING RAIN              0
LT FREEZING RAIN          0     HAIL                       0
HEAVY SNOW                0     SNOW                       0
LIGHT SNOW                0     SLEET                      0
FOG                      14     FOG W/VIS <= 1/4 MILE      1
HAZE                      3

-  INDICATES NEGATIVE NUMBERS.
R  INDICATES RECORD WAS SET OR TIED.
MM INDICATES DATA IS MISSING.
T  INDICATES TRACE AMOUNT.

$$
