000
CXUS55 KFGZ 011705
CLMFLG


CLIMATE REPORT
NATIONAL WEATHER SERVICE FLAGSTAFF, AZ
1005 AM MST THU SEP 1 2016

...................................

...THE FLAGSTAFF AZ AIRPORT CLIMATE SUMMARY FOR THE MONTH OF AUGUST 2016...

CLIMATE NORMAL PERIOD 1981 TO 2010
CLIMATE RECORD PERIOD 1898 TO 2016

WEATHER         OBSERVED          NORMAL  DEPART  LAST YEAR`S
                 VALUE   DATE(S)  VALUE   FROM    VALUE  DATE(S)
                                          NORMAL
................................................................
TEMPERATURE (F)
RECORD
 HIGH              93   08/02/1902
 LOW               24   08/23/1968
HIGHEST            84   08/14                         87  08/16
LOWEST             41   08/29                         47  08/29
                                                          08/28
                                                          08/03
AVG. MAXIMUM     75.5              78.4    -2.9     79.8
AVG. MINIMUM     48.5              50.1    -1.6     51.3
MEAN             62.0              64.2    -2.2     65.6
DAYS MAX >= 90      0               0.1    -0.1        0
DAYS MAX <= 32      0               0.0     0.0        0
DAYS MIN <= 32      0               0.0     0.0        0
DAYS MIN <= 0       0               0.0     0.0        0

PRECIPITATION (INCHES)
RECORD
 MAXIMUM         8.77   1904
 MINIMUM         0.26   1962
TOTALS           6.34              3.11    3.23     3.02
DAILY AVG.       0.20              0.10    0.10     0.10
DAYS >= .01        20              14.0     6.0        9
DAYS >= .10        10               7.3     2.7        6
DAYS >= .50         5               1.7     3.3        2
DAYS >= 1.00        2               0.5     1.5        1
GREATEST
 24 HR. TOTAL    2.31   08/26 TO 08/27              1.60

SNOWFALL (INCHES)
RECORDS
 TOTAL            0.0   2009
                        2008
                        2007
TOTALS            0.0               0.0              0.0
SINCE 7/1         0.0               0.0     0.0      0.0
SNOWDEPTH AVG.      0                MM      MM        0
GREATEST
 SNOW DEPTH         0   MM                             0  MM
 24 HR TOTAL      0.0   08/31 TO 08/31               0.0

DEGREE_DAYS
HEATING TOTAL      90                56      34       14
 SINCE 7/1        100                88      12       73
COOLING TOTAL       6                33     -27       39
 SINCE 1/1        130               114      16      115
.................................................................

WIND (MPH)
AVERAGE WIND SPEED              4.1
HIGHEST WIND SPEED/DIRECTION    23/030    DATE  08/26
HIGHEST GUST SPEED/DIRECTION    34/270    DATE  08/13

SKY COVER
POSSIBLE SUNSHINE (PERCENT)   MM
AVERAGE SKY COVER           0.30
NUMBER OF DAYS FAIR           15
NUMBER OF DAYS PC             15
NUMBER OF DAYS CLOUDY          1

AVERAGE RH (PERCENT)     66

WEATHER CONDITIONS. NUMBER OF DAYS WITH
THUNDERSTORM              0     MIXED PRECIP               0
HEAVY RAIN                8     RAIN                       7
LIGHT RAIN               16     FREEZING RAIN              0
LT FREEZING RAIN          0     HAIL                       0
HEAVY SNOW                0     SNOW                       0
LIGHT SNOW                0     SLEET                      0
FOG                      11     FOG W/VIS <= 1/4 MILE      0
HAZE                      3

-  INDICATES NEGATIVE NUMBERS.
R  INDICATES RECORD WAS SET OR TIED.
MM INDICATES DATA IS MISSING.
T  INDICATES TRACE AMOUNT.

$$
