000
CXUS52 KILM 012004
CLMFLO


CLIMATE REPORT
NATIONAL WEATHER SERVICE WILMINGTON NC
357 PM EDT SAT AUG 1 2015

...................................

...THE FLORENCE SC CLIMATE SUMMARY FOR THE MONTH OF JULY 2015...

CLIMATE NORMAL PERIOD 1981 TO 2010
CLIMATE RECORD PERIOD 1948 TO 2015

WEATHER         OBSERVED          NORMAL  DEPART  LAST YEAR`S
                 VALUE   DATE(S)  VALUE   FROM    VALUE  DATE(S)
                                          NORMAL
................................................................
TEMPERATURE (F)
RECORD
 HIGH             105   07/08/1977
 LOW               57   07/02/1988
                        07/11/1963
                        07/07/1951
HIGHEST           102   07/10                        100  07/09
LOWEST             68   07/26                         64  07/30
AVG. MAXIMUM     94.5              91.0     3.5     90.7
AVG. MINIMUM     73.2              71.4     1.8     71.2
MEAN             83.8              81.2     2.6     80.9
DAYS MAX >= 90     26              18.3     7.7       15
DAYS MAX <= 32      0               0.0     0.0        0
DAYS MIN <= 32      0               0.0     0.0        0
DAYS MIN <= 0       0               0.0     0.0        0

PRECIPITATION (INCHES)
RECORD
 MAXIMUM        14.91   2013
 MINIMUM         1.21   1952
TOTALS           3.40              5.26   -1.86     5.76
DAILY AVG.       0.11              0.17   -0.06     0.19
DAYS >= .01        10              11.2    -1.2       10
DAYS >= .10         7               7.9    -0.9        6
DAYS >= .50         4               3.7     0.3        5
DAYS >= 1.00        0               1.4    -1.4        2
GREATEST
 24 HR. TOTAL    0.82   07/13 TO 07/14

SNOWFALL (INCHES)
RECORDS
 TOTAL             MM   MM
TOTALS             MM               0.0
SINCE 7/1          MM               0.0

DEGREE_DAYS
HEATING TOTAL       0                 0       0        0
COOLING TOTAL     592               502      90      500
..................................................

WIND (MPH)
AVERAGE WIND SPEED              6.7
RESULTANT WIND SPEED/DIRECTION   2/213
HIGHEST WIND SPEED/DIRECTION    41/260    DATE  07/13
HIGHEST GUST SPEED/DIRECTION    53/260    DATE  07/13

SKY COVER
POSSIBLE SUNSHINE (PERCENT)   MM
AVERAGE SKY COVER           0.20
NUMBER OF DAYS FAIR           26
NUMBER OF DAYS PC              5
NUMBER OF DAYS CLOUDY          0

AVERAGE RH (PERCENT)     67

WEATHER CONDITIONS. NUMBER OF DAYS WITH
THUNDERSTORM              6     MIXED PRECIP              MM
HEAVY RAIN                5     RAIN                       7
LIGHT RAIN               11     FREEZING RAIN              0
LT FREEZING RAIN          0     HAIL                      MM
HEAVY SNOW                0     SNOW                       0
LIGHT SNOW                0     SLEET                     MM
FOG                      12     FOG W/VIS <= 1/4 MILE      1
HAZE                      2

-  INDICATES NEGATIVE NUMBERS.
R  INDICATES RECORD WAS SET OR TIED.
MM INDICATES DATA IS MISSING.
T  INDICATES TRACE AMOUNT.

THE FLORENCE ASOS RAIN GAUGE WAS CLOGGED ON MULTIPLE OCCASIONS IN
JULY...NECESSITATING A TECHNICIAN PHYSICALLY CLEAR THE BLOCKED GAUGE
ON TWO OCCASIONS. DAILY RAINFALL TOTALS FOR JULY 2...JULY 3...AND
JULY 18 WERE ESTIMATED BASED ON NEARBY COCORAHS STATION SC-FL-19
AND RADAR STORM-TOTAL PRECIPITATION.

$$
