000
CXUS52 KILM 071250
CLMFLO


CLIMATE REPORT
NATIONAL WEATHER SERVICE WILMINGTON NC
845 AM EDT TUE JUL 7 2015

...................................

...THE FLORENCE SC CLIMATE SUMMARY FOR THE MONTH OF JUNE 2015...

CLIMATE NORMAL PERIOD 1981 TO 2010
CLIMATE RECORD PERIOD 1948 TO 2015

WEATHER         OBSERVED          NORMAL  DEPART  LAST YEAR`S
                 VALUE   DATE(S)  VALUE   FROM    VALUE  DATE(S)
                                          NORMAL
................................................................
TEMPERATURE (F)
RECORD
 HIGH             108   06/27/1954
 LOW               47   06/02/1966
HIGHEST           101   06/26                         98  06/20
                        06/18
                        06/17
LOWEST             64   06/05                         56  06/02
AVG. MAXIMUM     93.8              88.4     5.4     92.3
AVG. MINIMUM     71.7              68.0     3.7     69.2
MEAN             82.8              78.2     4.6     80.7
DAYS MAX >= 90     24              12.6    11.4       23
DAYS MAX <= 32      0               0.0     0.0        0
DAYS MIN <= 32      0               0.0     0.0        0
DAYS MIN <= 0       0               0.0     0.0        0

PRECIPITATION (INCHES)
RECORD
 MAXIMUM         9.29   1961
 MINIMUM         0.17   2008
TOTALS           3.50              4.62   -1.12     0.98
DAILY AVG.       0.12              0.15   -0.03     0.03
DAYS >= .01        12              10.0     2.0        7
DAYS >= .10         9               7.0     2.0        4
DAYS >= .50         3               3.0     0.0        0
DAYS >= 1.00        0               1.2    -1.2        0
GREATEST
 24 HR. TOTAL    0.68   06/01 TO 06/01

SNOWFALL (INCHES)
RECORDS
 TOTAL             MM   MM
TOTALS             MM               0.0
SINCE 7/1          MM               1.5

DEGREE_DAYS
HEATING TOTAL       0                 1      -1        0
COOLING TOTAL     541               397     144      482
......................................................

WIND (MPH)
AVERAGE WIND SPEED              6.8
RESULTANT WIND SPEED/DIRECTION   3/210
HIGHEST WIND SPEED/DIRECTION    43/320    DATE  06/18
HIGHEST GUST SPEED/DIRECTION    55/310    DATE  06/18

SKY COVER
POSSIBLE SUNSHINE (PERCENT)   MM
AVERAGE SKY COVER           0.20
NUMBER OF DAYS FAIR           23
NUMBER OF DAYS PC              7
NUMBER OF DAYS CLOUDY          0

AVERAGE RH (PERCENT)     64

WEATHER CONDITIONS. NUMBER OF DAYS WITH
THUNDERSTORM             12     MIXED PRECIP               m
HEAVY RAIN                7     RAIN                       8
LIGHT RAIN               13     FREEZING RAIN              0
LT FREEZING RAIN          0     HAIL                       m
HEAVY SNOW                0     SNOW                       0
LIGHT SNOW                0     SLEET                      m
FOG                      12     FOG W/VIS <= 1/4 MILE      1
HAZE                      4

-  INDICATES NEGATIVE NUMBERS.
R  INDICATES RECORD WAS SET OR TIED.
MM INDICATES DATA IS MISSING.
T  INDICATES TRACE AMOUNT.

$$
