000
CXUS54 KTSA 011619
CLMFSM

CLIMATE REPORT
NATIONAL WEATHER SERVICE TULSA OK
1120 AM CDT TUE SEP 1 2015

...................................

...THE FORT SMITH ARKANSAS CLIMATE SUMMARY FOR THE MONTH OF AUGUST 2015...

CLIMATE NORMAL PERIOD 1981 TO 2010
CLIMATE RECORD PERIOD 1882 TO 2015

WEATHER         OBSERVED          NORMAL  DEPART  LAST YEAR`S
                 VALUE   DATE(S)  VALUE   FROM    VALUE  DATE(S)
                                          NORMAL
................................................................
TEMPERATURE (F)
RECORD
 HIGH             115   08/03/2011
 LOW               45   08/24/1891
HIGHEST           101   08/07       113     -12       99
LOWEST             58   08/20        45      13       61
AVG. MAXIMUM     90.4              93.4    -3.0     92.3
AVG. MINIMUM     69.9              70.8    -0.9     71.2
MEAN             80.2              82.1    -1.9     81.7
DAYS MAX >= 90     16
DAYS MAX <= 32      0
DAYS MIN <= 32      0
DAYS MIN <= 0       0

PRECIPITATION (INCHES)
RECORD
 MAXIMUM        10.89   1890
 MINIMUM            T   2000
TOTALS           4.43              2.59    1.84     1.58
DAILY AVG.       0.14              0.08    0.06     0.05
DAYS >= .01         6               6.3    -0.3        7
DAYS >= .10         5               4.1     0.9        5
DAYS >= .50         4               1.8     2.2        1
DAYS >= 1.00        1               0.6     0.4        0
GREATEST
 24 HR. TOTAL    2.37   08/05 TO 08/06

DEGREE_DAYS
COOLING TOTAL     478               530     -52      528
 SINCE 1/1       1815              1695     120     1663
.................................................................

WIND (MPH)
AVERAGE WIND SPEED              5.4
HIGHEST WIND SPEED/DIRECTION    41/030    DATE  08/06
HIGHEST GUST SPEED/DIRECTION    49/030    DATE  08/06

SKY COVER
POSSIBLE SUNSHINE (PERCENT)   MM
AVERAGE SKY COVER           0.20
NUMBER OF DAYS FAIR           25
NUMBER OF DAYS PC              5
NUMBER OF DAYS CLOUDY          1

AVERAGE RH (PERCENT)     65

WEATHER CONDITIONS. NUMBER OF DAYS WITH
THUNDERSTORM              0     MIXED PRECIP               0
HEAVY RAIN                2     RAIN                       4
LIGHT RAIN                8     FREEZING RAIN              0
LT FREEZING RAIN          0     HAIL                       0
HEAVY SNOW                0     SNOW                       0
LIGHT SNOW                0     SLEET                      0
FOG                      10     FOG W/VIS <= 1/4 MILE      1
HAZE                      6

-  INDICATES NEGATIVE NUMBERS.
R  INDICATES RECORD WAS SET OR TIED.
MM INDICATES DATA IS MISSING.
T  INDICATES TRACE AMOUNT.

&&
-------------------------------------------------------------------
 YEARLY PRECIPITATION (INCHES):
 TOTAL.....................49.60
 DEPARTURE FROM NORMAL.....+20.24
$$
