000
CXUS54 KTSA 171456 CCA
CLMFYV

CLIMATE REPORT...CORRECTED TEMPERATURE DATA
NATIONAL WEATHER SERVICE TULSA OK
955 AM CDT FRI OCT 17 2014

...................................

...THE FAYETTEVILLE ARKANSAS CLIMATE SUMMARY FOR THE MONTH OF SEPTEMBER 2014...

CLIMATE NORMAL PERIOD 1981 TO 2010
CLIMATE RECORD PERIOD 1905 TO 2014

WEATHER         OBSERVED          NORMAL  DEPART  LAST YEAR`S
                 VALUE   DATE(S)  VALUE   FROM    VALUE  DATE(S)
                                          NORMAL
................................................................
TEMPERATURE (F)
RECORD
 HIGH             103   09/03/2000
                        09/02/2000
                        09/04/1998
 LOW               31   09/29/1967
HIGHEST            90   09/10       103     -13       95  09/10
                        09/05                             09/09
                                                          09/08
LOWEST             41   09/24        31      10       42  09/22
AVG. MAXIMUM     80.3              80.5    -0.2     85.6
AVG. MINIMUM     57.4              56.6     0.8     57.4
MEAN             68.9              68.5     0.4     71.5
DAYS MAX >= 90      2               2.8    -0.8        8
DAYS MAX <= 32      0               0.0     0.0        0
DAYS MIN <= 32      0               0.0     0.0        0
DAYS MIN <= 0       0               0.0     0.0        0

PRECIPITATION (INCHES)
RECORD
 MAXIMUM        14.96   1986
 MINIMUM         0.40   1952
TOTALS           3.58              4.82   -1.24     3.67
DAILY AVG.       0.12              0.16   -0.04     0.12
DAYS >= .01         9              10.0    -1.0       10
DAYS >= .10         4               5.8    -1.8        5
DAYS >= .50         2               2.9    -0.9        2
DAYS >= 1.00        1               1.6    -0.6        1
GREATEST
 24 HR. TOTAL    1.93   09/01 TO 09/02           09/19 TO 09/20
                        09/02 TO 09/02                    09/30 TO 09/30
                        09/02 TO 09/03                    09/30 TO 09/30

SNOWFALL (INCHES)
RECORDS
 TOTAL            0.0   2002
 24 HR TOTAL       MM
TOTALS            0.0               0.0     0.0      0.0
SINCE 7/1         0.0               0.0     0.0      0.0
SNOWDEPTH AVG.      0                MM      MM        0
DAYS >= TRACE       0               0.0     0.0        0
DAYS >= 1.0         0               0.0     0.0        0
GREATEST
 SNOW DEPTH         0   MM                             0  MM
 24 HR TOTAL      0.0   09/30 TO 09/30           09/30 TO 09/30
                                                          09/30 TO 09/30
                                                          09/30 TO 09/30

DEGREE_DAYS
HEATING TOTAL      32                51     -19       12
 SINCE 7/1         36                52     -16       12
COOLING TOTAL     157               158      -1      217
 SINCE 1/1       1192              1283     -91     1346
.................................................

WIND (MPH)
AVERAGE WIND SPEED              4.6
HIGHEST WIND SPEED/DIRECTION    24/180    DATE  09/01
HIGHEST GUST SPEED/DIRECTION    35/100    DATE  09/17

SKY COVER
POSSIBLE SUNSHINE (PERCENT)   MM
AVERAGE SKY COVER           0.30
NUMBER OF DAYS FAIR           17
NUMBER OF DAYS PC              8
NUMBER OF DAYS CLOUDY          5

AVERAGE RH (PERCENT)     78

WEATHER CONDITIONS. NUMBER OF DAYS WITH
THUNDERSTORM              0     MIXED PRECIP               0
HEAVY RAIN                4     RAIN                       5
LIGHT RAIN                8     FREEZING RAIN              0
LT FREEZING RAIN          0     HAIL                       0
HEAVY SNOW                0     SNOW                       0
LIGHT SNOW                0     SLEET                      0
FOG                      23     FOG W/VIS <= 1/4 MILE      4
HAZE                      2

-  INDICATES NEGATIVE NUMBERS.
R  INDICATES RECORD WAS SET OR TIED.
MM INDICATES DATA IS MISSING.
T  INDICATES TRACE AMOUNT.

&&
-------------------------------------------------------------------
 YEARLY PRECIPITATION (INCHES):
 TOTAL.....................33.54
 DEPARTURE FROM NORMAL.....-5.43
$$
