000
CXUS54 KTSA 011652
CLMFYV

CLIMATE REPORT
NATIONAL WEATHER SERVICE TULSA OK
1149 AM CDT THU SEP 1 2016

...................................

...THE FAYETTEVILLE ARKANSAS CLIMATE SUMMARY FOR THE MONTH OF AUGUST 2016...

CLIMATE NORMAL PERIOD 1981 TO 2010
CLIMATE RECORD PERIOD 1905 TO 2016

WEATHER         OBSERVED          NORMAL  DEPART  LAST YEAR`S
                 VALUE   DATE(S)  VALUE   FROM    VALUE  DATE(S)
                                          NORMAL
................................................................
TEMPERATURE (F)
RECORD
 HIGH             110   08/03/2011
 LOW               45   08/22/1956
HIGHEST            94   08/04       109     -15       94  08/09
LOWEST             51   08/22        44       7       49  08/25
AVG. MAXIMUM     86.9              89.1    -2.2     85.5
AVG. MINIMUM     67.0              65.1     1.9     62.2
MEAN             77.0              77.1    -0.1     73.8
DAYS MAX >= 90     13              15.0    -2.0        5
DAYS MAX <= 32      0               0.0     0.0        0
DAYS MIN <= 32      0               0.0     0.0        0
DAYS MIN <= 0       0               0.0     0.0        0

PRECIPITATION (INCHES)
RECORD
 MAXIMUM         9.12   1964
 MINIMUM         0.02   2010
TOTALS           1.09              3.24   -2.15     4.41
DAILY AVG.       0.04              0.10   -0.06     0.14
DAYS >= .01        10               7.8     2.2        6
DAYS >= .10         4               4.5    -0.5        5
DAYS >= .50         0               2.2    -2.2        3
DAYS >= 1.00        0               1.2    -1.2        3
GREATEST
 24 HR. TOTAL    0.40   08/05 TO 08/05           08/19 TO 08/19
                        08/04 TO 08/05                    08/18 TO 08/19
                        08/05 TO 08/05                    08/19 TO 08/19

SNOWFALL (INCHES)
RECORDS
 TOTAL            0.0   2002
 24 HR TOTAL       MM
TOTALS            0.0               0.0     0.0      0.0
SINCE 7/1         0.0               0.0     0.0      0.0
SNOWDEPTH AVG.      0                MM      MM        0
DAYS >= TRACE       0               0.0     0.0        0
DAYS >= 1.0         0               0.0     0.0        0
GREATEST
 SNOW DEPTH         0   MM                             0  MM
 24 HR TOTAL      0.0   08/31 TO 08/31           08/31 TO 08/31
                                                          08/19 TO 08/19
                                                          08/19 TO 08/19

DEGREE_DAYS
HEATING TOTAL       0                 1      -1        1
 SINCE 7/1          0                 1      -1        1
COOLING TOTAL     380               376       4      281
 SINCE 1/1       1219              1125      94     1125
..........................................................

WIND (MPH)
AVERAGE WIND SPEED              4.2
HIGHEST WIND SPEED/DIRECTION    30/260    DATE  08/05
HIGHEST GUST SPEED/DIRECTION    40/270    DATE  08/05

SKY COVER
POSSIBLE SUNSHINE (PERCENT)   MM
AVERAGE SKY COVER           0.30
NUMBER OF DAYS FAIR           23
NUMBER OF DAYS PC              6
NUMBER OF DAYS CLOUDY          2

AVERAGE RH (PERCENT)     79

WEATHER CONDITIONS. NUMBER OF DAYS WITH
THUNDERSTORM              9     MIXED PRECIP               0
HEAVY RAIN                4     RAIN                       4
LIGHT RAIN               11     FREEZING RAIN              0
LT FREEZING RAIN          0     HAIL                       0
HEAVY SNOW                0     SNOW                       0
LIGHT SNOW                0     SLEET                      0
FOG                      24     FOG W/VIS <= 1/4 MILE      8
HAZE                      0

-  INDICATES NEGATIVE NUMBERS.
R  INDICATES RECORD WAS SET OR TIED.
MM INDICATES DATA IS MISSING.
T  INDICATES TRACE AMOUNT.

&&
-------------------------------------------------------------------
 YEARLY PRECIPITATION (INCHES):
 TOTAL.....................25.10
 DEPARTURE FROM NORMAL.....-6.79
$$
