087
CXUS54 KTSA 011535
CLMFYV

CLIMATE REPORT
NATIONAL WEATHER SERVICE TULSA OK
1034 AM CDT FRI MAY 1 2015

...................................

...THE FAYETTEVILLE ARKANSAS CLIMATE SUMMARY FOR THE MONTH OF APRIL 2015...

CLIMATE NORMAL PERIOD 1981 TO 2010
CLIMATE RECORD PERIOD 1905 TO 2015

WEATHER         OBSERVED          NORMAL  DEPART  LAST YEAR`S
                 VALUE   DATE(S)  VALUE   FROM    VALUE  DATE(S)
                                          NORMAL
................................................................
TEMPERATURE (F)
RECORD
 HIGH              93   04/17/2006
 LOW               17   04/08/2007
HIGHEST            80   04/09        96     -16       82  04/10
                        04/08
LOWEST             29   04/04        18      11       23  04/15
AVG. MAXIMUM     70.0              69.0     1.0     68.3
AVG. MINIMUM     48.0              44.7     3.3     42.6
MEAN             59.0              56.8     2.2     55.4
DAYS MAX >= 90      0               0.1    -0.1        0
DAYS MAX <= 32      0               0.0     0.0        0
DAYS MIN <= 32      1               2.8    -1.8        5
DAYS MIN <= 0       0               0.0     0.0        0

PRECIPITATION (INCHES)
RECORD
 MAXIMUM        15.28   2011
 MINIMUM         0.14   1989
TOTALS           2.76              4.57   -1.81     3.03
DAILY AVG.       0.09              0.15   -0.06     0.10
DAYS >= .01        13              10.1     2.9       10
DAYS >= .10         8               7.0     1.0        7
DAYS >= .50         1               3.2    -2.2        2
DAYS >= 1.00        0               1.4    -1.4        0
GREATEST
 24 HR. TOTAL    0.76   04/13 TO 04/13           04/06 TO 04/07
                        04/12 TO 04/13                    04/29 TO 04/29
                        04/13 TO 04/13                    04/29 TO 04/29

SNOWFALL (INCHES)
RECORDS
 TOTAL            1.0   1957
 24 HR TOTAL      1.0   04/12/1957 TO 04/12/1957
TOTALS            0.0               0.0     0.0      0.0
SINCE 7/1         7.9               7.0     0.9     17.9
SNOWDEPTH AVG.      0                MM      MM        0
DAYS >= TRACE       0               0.0     0.0        0
DAYS >= 1.0         0               0.0     0.0        0
GREATEST
 SNOW DEPTH         0   MM                             0  MM
 24 HR TOTAL      0.0   04/30 TO 04/30           04/29 TO 04/29
                                                          04/29 TO 04/29
                                                          04/29 TO 04/29

DEGREE_DAYS
HEATING TOTAL     196               269     -73      292
 SINCE 7/1       4208              4098     110     4672
COOLING TOTAL      23                24      -1       12
 SINCE 1/1         23                28      -5       12
..........................................................

WIND (MPH)
AVERAGE WIND SPEED              7.8
HIGHEST WIND SPEED/DIRECTION    33/290    DATE  04/19
HIGHEST GUST SPEED/DIRECTION    47/280    DATE  04/19

SKY COVER
POSSIBLE SUNSHINE (PERCENT)   MM
AVERAGE SKY COVER           0.40
NUMBER OF DAYS FAIR           16
NUMBER OF DAYS PC              9
NUMBER OF DAYS CLOUDY          5

AVERAGE RH (PERCENT)     73

WEATHER CONDITIONS. NUMBER OF DAYS WITH
THUNDERSTORM              0     MIXED PRECIP               0
HEAVY RAIN                5     RAIN                       7
LIGHT RAIN               15     FREEZING RAIN              0
LT FREEZING RAIN          0     HAIL                       0
HEAVY SNOW                0     SNOW                       0
LIGHT SNOW                0     SLEET                      0
FOG                      14     FOG W/VIS <= 1/4 MILE      2
HAZE                      3

-  INDICATES NEGATIVE NUMBERS.
R  INDICATES RECORD WAS SET OR TIED.
MM INDICATES DATA IS MISSING.
T  INDICATES TRACE AMOUNT.

&&
-------------------------------------------------------------------
 YEARLY PRECIPITATION (INCHES):
 TOTAL.....................10.45
 DEPARTURE FROM NORMAL.....-3.72
$$
