000
CXUS53 KDDC 011404
CLMGCK


CLIMATE REPORT
NATIONAL WEATHER SERVICE DODGE CITY KS
804 AM CST SUN MAR 1 2015

...................................

...THE GARDEN CITY REGIONAL ARPT KS CLIMATE SUMMARY FOR THE MONTH OF FEBRUARY 2015...

CLIMATE NORMAL PERIOD 1981 TO 2010
CLIMATE RECORD PERIOD 1948 TO 2015

WEATHER         OBSERVED          NORMAL  DEPART  LAST YEAR`S
                 VALUE   DATE(S)  VALUE   FROM    VALUE  DATE(S)
                                          NORMAL
................................................................
TEMPERATURE (F)
RECORD
 HIGH              88   02/22/1982
 LOW              -17   02/11/1981
HIGHEST            79   02/07        MM      MM       73  02/18
LOWEST              2   02/24        MM      MM       -5  02/05
AVG. MAXIMUM     47.3              48.2    -0.9     40.8
AVG. MINIMUM     18.1              21.5    -3.4     16.6
MEAN             32.7              34.8    -2.1     28.7
DAYS MAX >= 90      0               0.0     0.0        0
DAYS MAX <= 32      6               4.0     2.0       11
DAYS MIN <= 32     26              24.8     1.2       27
DAYS MIN <= 0       0               1.1    -1.1        1

PRECIPITATION (INCHES)
RECORD
 MAXIMUM           MM   MM
 MINIMUM           MM   MM
TOTALS           0.39              0.54   -0.15     0.13
DAYS >= .01         8               4.3     3.7        4
DAYS >= .10         1               1.6    -0.6        0
DAYS >= .50         0               0.2    -0.2        0
DAYS >= 1.00        0               0.0     0.0        0
GREATEST
 24 HR. TOTAL    0.17   02/21 TO 02/22           02/09 TO 02/10
                                                          02/10 TO 02/10
                                                          02/10 TO 02/10

DEGREE_DAYS
HEATING TOTAL     896               844      52     1011
 SINCE 7/1       3908              4024    -116     4176
COOLING TOTAL       0                 0       0        0
 SINCE 1/1          0                 0       0        0
.................................................

WIND (MPH)
AVERAGE WIND SPEED              12.0
HIGHEST WIND SPEED/DIRECTION    40/030    DATE  02/04
HIGHEST GUST SPEED/DIRECTION    49/040    DATE  02/04


WEATHER CONDITIONS. NUMBER OF DAYS WITH
THUNDERSTORM              0     MIXED PRECIP               0
HEAVY RAIN                0     RAIN                       0
LIGHT RAIN                3     FREEZING RAIN              1
LT FREEZING RAIN          1     HAIL                       0
HEAVY SNOW                0     SNOW                       3
LIGHT SNOW                8     SLEET                      0
FOG                       9     FOG W/VIS <= 1/4 MILE      2
HAZE                      5

-  INDICATES NEGATIVE NUMBERS.
R  INDICATES RECORD WAS SET OR TIED.
MM INDICATES DATA IS MISSING.
T  INDICATES TRACE AMOUNT.

$$
