000
CXUS53 KDDC 011440
CLMGCK


CLIMATE REPORT
NATIONAL WEATHER SERVICE DODGE CITY KS
935 AM CDT THU SEP 1 2016

...................................

...THE GARDEN CITY REGIONAL ARPT KS CLIMATE SUMMARY FOR THE MONTH OF AUGUST 2016...

CLIMATE NORMAL PERIOD 1981 TO 2010
CLIMATE RECORD PERIOD 1948 TO 2016

WEATHER         OBSERVED          NORMAL  DEPART  LAST YEAR`S
                 VALUE   DATE(S)  VALUE   FROM    VALUE  DATE(S)
                                          NORMAL
................................................................
TEMPERATURE (F)
RECORD
 HIGH             109   08/10/1964
 LOW               46   08/28/1976
                        08/20/1950
HIGHEST            97   08/23        MM      MM       99  08/08
                        08/04                             08/07
LOWEST             53   08/21        MM      MM       52  08/30
                                                          08/24
AVG. MAXIMUM     87.1              89.7    -2.6     88.8
AVG. MINIMUM     63.0              63.7    -0.7     63.0
MEAN             75.1              76.7    -1.6     75.9
DAYS MAX >= 90     11              16.7    -5.7       20
DAYS MAX <= 32      0               0.0     0.0        0
DAYS MIN <= 32      0               0.0     0.0        0
DAYS MIN <= 0       0               0.0     0.0        0

PRECIPITATION (INCHES)
RECORD
 MAXIMUM         6.91   1979
 MINIMUM         0.10   1984
TOTALS           1.72              2.45   -0.73     1.89
DAYS >= .01         9               7.7     1.3       10
DAYS >= .10         4               4.8    -0.8        3
DAYS >= .50         1               1.7    -0.7        1
DAYS >= 1.00        1               0.5     0.5        0
GREATEST
 24 HR. TOTAL    1.02   08/06 TO 08/06           08/16 TO 08/17

DEGREE_DAYS
HEATING TOTAL       0                 3      -3        0
 SINCE 7/1          0                 4      -4        0
COOLING TOTAL     320               365     -45      349
 SINCE 1/1       1156              1116      40     1135
........................................................

WIND (MPH)
AVERAGE WIND SPEED              9.6
HIGHEST WIND SPEED/DIRECTION    35/150    DATE  08/28
HIGHEST GUST SPEED/DIRECTION    41/190    DATE  08/22


WEATHER CONDITIONS. NUMBER OF DAYS WITH
THUNDERSTORM              6     MIXED PRECIP               0
HEAVY RAIN                2     RAIN                       2
LIGHT RAIN                9     FREEZING RAIN              0
LT FREEZING RAIN          0     HAIL                       0
HEAVY SNOW                0     SNOW                       0
LIGHT SNOW                0     SLEET                      0
FOG                       7     FOG W/VIS <= 1/4 MILE      3
HAZE                      4

-  INDICATES NEGATIVE NUMBERS.
R  INDICATES RECORD WAS SET OR TIED.
MM INDICATES DATA IS MISSING.
T  INDICATES TRACE AMOUNT.

$$
