000
CXUS56 KOTX 270139 CCA
CLMGEG

CLIMATE REPORT
NATIONAL WEATHER SERVICE SPOKANE, WA
540 AM PDT FRI AUG 1 2014

...................................

JULY 2014 TURNED OUT TO BE A HOT ONE IN SPOKANE. THE AVERAGE
TEMPERATURE WAS 75.7 DEGREES, WHICH MAKES IT THE 2ND HOTTEST JULY
EVER. JULY 1906 HOLDS THE RECORD AS THE HOTTEST JULY, BUT 2007 AND
1998 ARE 3RD AND 4TH PLACE RESPECTIVELY.

AFTER A TYPICAL JUNE, SUMMER WEATHER ARRIVED ALMOST EXACTLY ON
SCHEDULE AS TEMPERATURES WARMED INTO THE LOWER 90S FOR THE FIRST
TIME ON THE 2ND. AFTER A FEW COOLER DAYS, SPOKANE INTERNATIONAL
AIRPORT RECORDED A STRING OF 12 CONSECUTIVE DAYS OF 90F OR BETTER
ON THE 6TH. THIS CAME JUST SHORT OF THE RECORD OF 13 CONSECUTIVE DAYS
SET BACK IN 1917. MORE NORMAL TEMPERATUES REIGNED FOR THE 3RD WEEK
OF JULY BEFORE THE HOT TEMPERATURES REGAINED A TOE HOLD IN THE 90S,
WITH ONE 100 DEGREE DAY RECORDED ON THE 29TH.

ON THE 14TH, WET THUNDERSTORMS MOVED THROUGH THE AREA BRINGING HEAVY
DOWNPOURS TO MANY LOCATIONS. LIGHTNING ASSOCIATED WITH THESE STORMS
STARTED SOME WILDFIRES IN THE CASCADES.  THE 18TH WAS A RATHER ERIE
DAY AS SMOKE FROM THE FIRES COVERED MOST OF THE INLAND NORTHWEST.

THE 23RD SAW AN IMPRESSIVE THUNDERSTORM OUTBREAK ACROSS THE AREA.
TWO INCH HAIL DAMAGED CARS NEAR KETTLE FALLS, WHILE WINDS UP TO 70
MPH BROUGHT DOWN NUMEROUS TREES AND POWER LINES FROM SPOKANE TO
NEWPORT AS WELL AS ATHOL TO SANDPOINT. THE NEXT DAY WAS AMAZINGLY
COOL AS MANY LOCATIONS DIDN`T EVEN REACH 70F. THE 69F AT SPOKANE
AIRPORT WAS A RECORD COLD HIGH TEMPERATURE FOR THE DAY.

...THE SPOKANE WA AIRPORT CLIMATE SUMMARY FOR THE MONTH OF JULY 2014...

CLIMATE NORMAL PERIOD 1981 TO 2010
CLIMATE RECORD PERIOD 1881 TO 2014

WEATHER         OBSERVED          NORMAL  DEPART  LAST YEAR`S
                 VALUE   DATE(S)  VALUE   FROM    VALUE  DATE(S)
                                          NORMAL
................................................................
TEMPERATURE (F)
RECORD
 HIGH             108   07/26/1928
 LOW               37   07/08/1981
HIGHEST           100   07/29        MM      MM       99  07/01
LOWEST             48   07/24        MM      MM       51  07/14
AVG. MAXIMUM     89.4              83.3     6.1     88.2
AVG. MINIMUM     62.0              56.3     5.7     59.7
MEAN             75.7              69.8     5.9     73.9
DAYS MAX >= 90     18               7.2    10.8       14
DAYS MAX <= 32      0               0.0     0.0        0
DAYS MIN <= 32      0               0.0     0.0        0
DAYS MIN <= 0       0               0.0     0.0        0

PRECIPITATION (INCHES)
RECORD
 MAXIMUM         2.37   1909
 MINIMUM         0.00   1883
TOTALS           0.18              0.64   -0.46        T
DAILY AVG.       0.01              0.02   -0.01        T
DAYS >= .01         3               5.0    -2.0        0
DAYS >= .10         1               2.1    -1.1        0
DAYS >= .50         0               0.2    -0.2        0
DAYS >= 1.00        0               0.0     0.0        0
GREATEST
 24 HR. TOTAL    0.13   07/14 TO 07/14           07/31 TO 07/31

SNOWFALL (INCHES)
RECORDS
 TOTAL              T   MM
TOTALS            0.0               0.0     0.0      0.0
SINCE 7/1         0.0               0.0     0.0      0.0
SNOWDEPTH AVG.      0                MM      MM        0
DAYS >= 1.0         0               0.0     0.0        0
GREATEST
 SNOW DEPTH         0   MM                             0  MM
 24 HR TOTAL      0.0   07/31 TO 07/31           07/31 TO 07/31

DEGREE_DAYS
HEATING TOTAL       7                32     -25        0
 SINCE 7/1          7                32     -25        0
COOLING TOTAL     348               180     168      284
 SINCE 1/1        368               243     125      362
..................................................

WIND (MPH)
AVERAGE WIND SPEED              8.1
HIGHEST WIND SPEED/DIRECTION    54/210    DATE  07/23
HIGHEST GUST SPEED/DIRECTION    66/220    DATE  07/23

SKY COVER
POSSIBLE SUNSHINE (PERCENT)   MM
AVERAGE SKY COVER           0.50
NUMBER OF DAYS FAIR           10
NUMBER OF DAYS PC             17
NUMBER OF DAYS CLOUDY          4

AVERAGE RH (PERCENT)     38

WEATHER CONDITIONS. NUMBER OF DAYS WITH
THUNDERSTORM              0     MIXED PRECIP               0
HEAVY RAIN                0     RAIN                       0
LIGHT RAIN                3     FREEZING RAIN              0
LT FREEZING RAIN          0     HAIL                       0
HEAVY SNOW                0     SNOW                       0
LIGHT SNOW                0     SLEET                      0
FOG                       2     FOG W/VIS <= 1/4 MILE      0
HAZE                      6

-  INDICATES NEGATIVE NUMBERS.
R  INDICATES RECORD WAS SET OR TIED.
MM INDICATES DATA IS MISSING.
T  INDICATES TRACE AMOUNT.

&&



$$
