000
CXUS53 KIND 011523
CLMGEZ


CLIMATE REPORT
NATIONAL WEATHER SERVICE INDIANAPOLIS IN
1114 AM EDT SAT JUL 1 2017

...................................

...THE SHELBYVILLE IN CLIMATE SUMMARY FOR THE MONTH OF JUNE 2017...

CLIMATE NORMAL PERIOD 1981 TO 2010
CLIMATE RECORD PERIOD 9999 TO 9999

WEATHER         OBSERVED          NORMAL  DEPART  LAST YEAR`S
                 VALUE   DATE(S)  VALUE   FROM    VALUE  DATE(S)
                                          NORMAL
................................................................
TEMPERATURE (F)
HIGHEST            93   06/12                         95  06/11
LOWEST             50   06/01                         53  06/08
AVG. MAXIMUM     83.8              82.0     1.8     86.2
AVG. MINIMUM     61.9              61.0     0.9     64.3
MEAN             72.9              71.5     1.4     75.3
DAYS MAX >= 90      5               2.4     2.6       10
DAYS MAX <= 32      0               0.0     0.0        0
DAYS MIN <= 32      0               0.0     0.0        0
DAYS MIN <= 0       0               0.0     0.0        0

PRECIPITATION (INCHES)
TOTALS           6.09              4.40    1.69     4.15
DAILY AVG.       0.20              0.15    0.05     0.14
DAYS >= .01         9                MM      MM        9
DAYS >= .10         7                MM      MM        8
DAYS >= .50         4                MM      MM        4
DAYS >= 1.00        4                MM      MM        0
GREATEST
 24 HR. TOTAL    1.44   06/14 TO 06/14

DEGREE_DAYS
HEATING TOTAL       1                15     -14        0
 SINCE 7/1       4106              5410   -1304     4071
COOLING TOTAL     246               209      37      314
 SINCE 1/1        408               290     118      437
.................................................................

WIND (MPH)
AVERAGE WIND SPEED              8.6
HIGHEST WIND SPEED/DIRECTION    30/280    DATE  06/14
HIGHEST GUST SPEED/DIRECTION    38/280    DATE  06/14

SKY COVER
POSSIBLE SUNSHINE (PERCENT)   MM
AVERAGE SKY COVER           0.20
NUMBER OF DAYS FAIR           22
NUMBER OF DAYS PC              7
NUMBER OF DAYS CLOUDY          1

AVERAGE RH (PERCENT)     61

WEATHER CONDITIONS. NUMBER OF DAYS WITH
THUNDERSTORM              8     MIXED PRECIP               0
HEAVY RAIN                7     RAIN                       7
LIGHT RAIN               11     FREEZING RAIN              0
LT FREEZING RAIN          0     HAIL                       0
HEAVY SNOW                0     SNOW                       0
LIGHT SNOW                0     SLEET                      0
FOG                       6     FOG W/VIS <= 1/4 MILE      0
HAZE                      3

-  INDICATES NEGATIVE NUMBERS.
R  INDICATES RECORD WAS SET OR TIED.
MM INDICATES DATA IS MISSING.
T  INDICATES TRACE AMOUNT.

$$
