000
CXUS53 KFGF 011524
CLMGFK

CLIMATE REPORT NATIONAL WEATHER SERVICE EASTERN NORTH DAKOTA/GRAND
FORKS            1024 AM CDT MON JUN 1 2015

...................................

...THE GRAND FORKS CLIMATE SUMMARY FOR THE MONTH OF MAY 2015...

CLIMATE NORMAL PERIOD 1981 TO 2010
CLIMATE RECORD PERIOD 1941 TO 2015

WEATHER         OBSERVED          NORMAL  DEPART  LAST YEAR`S
                 VALUE   DATE(S)  VALUE   FROM    VALUE  DATE(S)
                                          NORMAL
................................................................
TEMPERATURE (F)
RECORD
 HIGH             105   05/30/1934
 LOW                5   05/03/1967
HIGHEST            86   05/02        70      16       90  05/24
LOWEST             27   05/19        44     -17       25  05/04
AVG. MAXIMUM     65.5              68.0    -2.5     65.8
AVG. MINIMUM     40.4              41.5    -1.1     43.5
MEAN             53.0              54.8    -1.8     54.6
DAYS MAX >= 90      0               0.5    -0.5        1
DAYS MAX <= 32      0               0.0     0.0        0
DAYS MIN <= 32      7               4.3     2.7        6
DAYS MIN <= 0       0               0.0     0.0        0

PRECIPITATION (INCHES)
RECORD
 MAXIMUM         4.79   2013
 MINIMUM         1.00   2008
TOTALS           4.45              2.68    1.77     2.56
DAILY AVG.       0.14              0.09    0.05     0.08
DAYS >= .01        10              10.6    -0.6       13
DAYS >= .10         8               5.6     2.4        8
DAYS >= .50         3               1.8     1.2        2
DAYS >= 1.00        1               0.5     0.5        0
GREATEST
 24 HR. TOTAL    1.58   05/17 TO 05/17

SNOWFALL (INCHES)
RECORDS
 TOTAL             MM   MM
TOTALS              T               0.1    -0.1      0.0
SINCE 7/1        17.0              47.4   -30.4     60.3
SNOWDEPTH AVG.      0                MM      MM        0
DAYS >= 1.0         0               0.0     0.0        0
GREATEST
 SNOW DEPTH         0   MM                             0  MM
 24 HR TOTAL        T   05/18 TO 05/18

DEGREE_DAYS
HEATING TOTAL     373               334      39      367
 SINCE 7/1       8948              9412    -464    10541
COOLING TOTAL       6                16     -10       53
 SINCE 1/1          6                17     -11       53
.................................................................

WIND (MPH)
AVERAGE WIND SPEED              11.0
HIGHEST WIND SPEED/DIRECTION    40/350    DATE  05/18
HIGHEST GUST SPEED/DIRECTION    55/350    DATE  05/18

SKY COVER
POSSIBLE SUNSHINE (PERCENT)   MM
AVERAGE SKY COVER           0.60
NUMBER OF DAYS FAIR           10
NUMBER OF DAYS PC             10
NUMBER OF DAYS CLOUDY         11

AVERAGE RH (PERCENT)     67

WEATHER CONDITIONS. NUMBER OF DAYS WITH
THUNDERSTORM              0     MIXED PRECIP               0
HEAVY RAIN                4     RAIN                       7
LIGHT RAIN               11     FREEZING RAIN              0
LT FREEZING RAIN          1     HAIL                       0
HEAVY SNOW                0     SNOW                       0
LIGHT SNOW                2     SLEET                      0
FOG                      12     FOG W/VIS <= 1/4 MILE      1
HAZE                      0

-  INDICATES NEGATIVE NUMBERS.
R  INDICATES RECORD WAS SET OR TIED.
MM INDICATES DATA IS MISSING.
T  INDICATES TRACE AMOUNT.

&& REMARKS... A COOL AND WET MAY OCCURRED AT THE GRAND FORKS
INTERNATIONAL AIRPORT. THE AVERAGE TEMPERATURE FOR MAY WAS 53.0
DEGREES AND WAS SLIGHTLY COOLER THAN NORMAL BY 1.8 DEGREES. THE
MONTHLY PRECIPITATION TOTAL WAS 4.45 INCHES AND WAS 1.77 INCHES
ABOVE NORMAL.

A FEW RECORDS OCCURRED DURING THE MONTH. FOR TEMPERATURES...A DAILY
HIGH MINIMUM TEMPERATURE OCCURRED ON THE 6TH WITH A LOW OF 57
DEGREES. THE PREVIOUS RECORD WAS 55 DEGREES IN 1964.

ALSO A DAILY RECORD LOW TEMPERATURE OF 27 DEGREES OCCURRED ON THE
19TH. THE OLD RECORD WAS 28 DEGREES SET IN 2002. ON THE 30TH...A
DAILY RECORD LOW WAS TIED AT 29 DEGREES. THE PREVIOUS TIE OCCURRED
IN 1947.

REMEMBER...THIS DATA IS PROVISIONAL AND SUBJECT TO CHANGE. THE FINAL
AND OFFICIAL RECORDS WILL BE AVAILABLE FROM THE NATIONAL CLIMATIC
DATA CENTER.

$$
