000
CXUS55 KGGW 011430
CLMGGW

GGWCLMWRK 000
TTAA00 KGGW 011351


CLIMATE REPORT
NATIONAL WEATHER SERVICE GLASGOW MT
750 AM MDT THU JUN 1 2017

...................................

...THE GLASGOW CLIMATE SUMMARY FOR THE MONTH OF MAY 2017...

CLIMATE NORMAL PERIOD 1981 TO 2010
CLIMATE RECORD PERIOD 1893 TO 2017

WEATHER         OBSERVED          NORMAL  DEPART  LAST YEAR`S
                 VALUE   DATE(S)  VALUE   FROM    VALUE  DATE(S)
                                          NORMAL
................................................................
TEMPERATURE (F)
RECORD
 HIGH             102   05/29/1988
                        05/18/1948
 LOW               15   05/06/1929
HIGHEST            88   05/12                         87  05/05
LOWEST             32   05/18                         30  05/13
AVG. MAXIMUM     72.0              67.8     4.2     69.7
AVG. MINIMUM     41.3              42.3    -1.0     43.1
MEAN             56.6              55.1     1.5     56.4
DAYS MAX >= 90      0                                  0
DAYS MAX <= 32      0                                  0
DAYS MIN <= 32      1                                  3
DAYS MIN <= 0       0                                  0

PRECIPITATION (INCHES)
RECORD
 MAXIMUM         6.97   2011
 MINIMUM         0.03   1958
TOTALS           0.58              1.92   -1.34     4.46
DAILY AVG.       0.02              0.06   -0.04     0.14
DAYS >= .01         7                                 11
DAYS >= .10         2                                  6
DAYS >= .50         0                                  2
DAYS >= 1.00        0                                  2
GREATEST
 24 HR. TOTAL    0.26   05/07 TO 05/07

SNOWFALL (INCHES)
RECORDS
 TOTAL           10.7   1983
 SNOW DEPTH        10   05/13/1983
TOTALS            0.0               1.2    -1.2      0.0
 LIQUID EQUIV    0.00              0.10   -0.10     0.00
SINCE 7/1        37.7              34.8     2.9     27.6
 LIQUID 7/1      3.77              3.50    0.27     2.76
SNOWDEPTH AVG.      0                                  0
DAYS >= TRACE       0                                  0
DAYS >= 1.0         0                                  0
GREATEST
 SNOW DEPTH         0   MM                             0  MM
 24 HR TOTAL      0.0   05/31 TO 05/31

DEGREE_DAYS
HEATING TOTAL     269               324     -55      269
 SINCE 7/1       7913              8331    -418     7057
COOLING TOTAL      15                16      -1       11
 SINCE 1/1         15                17      -2       11
.................................................................

WIND (MPH)
AVERAGE WIND SPEED              12.3
RESULTANT WIND SPEED/DIRECTION   1/020
HIGHEST WIND SPEED/DIRECTION    36/300    DATE  05/25
HIGHEST GUST SPEED/DIRECTION    49/310    DATE  05/21

SKY COVER
POSSIBLE SUNSHINE (PERCENT)   MM
AVERAGE SKY COVER           0.20
NUMBER OF DAYS FAIR           22
NUMBER OF DAYS PC              7
NUMBER OF DAYS CLOUDY          2

AVERAGE RH (PERCENT)     50

WEATHER CONDITIONS. NUMBER OF DAYS WITH
THUNDERSTORM              0     MIXED PRECIP               0
HEAVY RAIN                1     RAIN                       1
LIGHT RAIN               10     FREEZING RAIN              0
LT FREEZING RAIN          0     HAIL                       0
HEAVY SNOW                0     SNOW                       0
LIGHT SNOW                0     SLEET                      0
FOG                       3     FOG W/VIS <= 1/4 MILE      0
HAZE                      0

-  INDICATES NEGATIVE NUMBERS.
R  INDICATES RECORD WAS SET OR TIED.
MM INDICATES DATA IS MISSING.
T  INDICATES TRACE AMOUNT.

&&

MAY WAS WARMER AND MUCH DRIER THAN NORMAL. JUST 0.58 INCHES OF RAIN
FELL DURING THE MONTH, WHICH WAS 1.34 INCHES BELOW NORMAL. THAT
MAKES THIS PAST MAY THE 13TH DRIEST MAY ON RECORD.  IT WAS ALSO THE
DRIEST MAY SINCE 1993 WHEN HALF AN INCH OF RAIN FELL. THE GREATEST
REAINFALL DURING THE MONTH WAS 0.26 INCHES ON THE 7TH. MEASUREABLE
RAINFALL OCCURRED ON JUST SEVEN DAYS. FOR THE YEAR SO FAR, 2.61
INCHES OF MOISTURE HAS BEEN RECORDED, WITH IS 1.12 INCHES BELOW
NORMAL.

THE AVERAGE TEMPERATURE FOR THE MONTH WAS 56.6 DEGREES, WHICH WAS
1.5 DEGREES WARMER THAN NORMAL. THE AVERAGE HIGH TEMPERATURE WAS 72
DEGREES WHILE THE AVERAGE LOW WAS 41.3 DEGREES. THE WARMEST DAY WAS
ON THE 12TH WITH A HIGH OF 88 DEGREES, WHILE THE COOLEST WAS 32
DEGREES ON THE 18TH.

THE WIND GUSTED TO 30 MPH OR GREATER ON FOURTEEN DAYS, WITH A PEAK
WIND OF 49 MPH ON THE 21ST.

LOOKING AHEAD TO JUNE, NORMAL HIGH TEMPERATURES BEGIN THE MONTH IN
THE LOWER 70S WITH LOWS IN THE UPPER 40S. BY THE END OF THE MONTH,
NORMAL HIGHS ARE IN THE LOWER 80S WITH LOWS IN THE MID 50S. NORMAL
RAINFALL FOR THE MONTH IS 2.27 INCHES.

$$
