000
CXUS53 KGLD 021024
CLMGLD

CLIMATE REPORT
NATIONAL WEATHER SERVICE GOODLAND
321 AM MST THU MAR 2 2017

...................................

...THE GOODLAND KS CLIMATE SUMMARY FOR THE MONTH OF FEBRUARY 2017...

CLIMATE NORMAL PERIOD 1981 TO 2010
CLIMATE RECORD PERIOD 1895 TO 2017

WEATHER         OBSERVED          NORMAL  DEPART  LAST YEAR`S
                 VALUE   DATE(S)  VALUE   FROM    VALUE  DATE(S)
                                          NORMAL
................................................................
TEMPERATURE (F)
RECORD
 HIGH              87   02/10/2017
 LOW              -22   02/05/1982
                        02/08/1936
                        02/09/1933
HIGHEST            87R  02/10        69      18       82  02/18
LOWEST              7   02/25        -1       8        6  02/04
AVG. MAXIMUM     55.6              45.3    10.3     51.2
AVG. MINIMUM     23.6              19.4     4.2     24.0
MEAN             39.6              32.3     7.3     37.6
DAYS MAX >= 90      0               0.0     0.0        0
DAYS MAX <= 32      4               5.2    -1.2        4
DAYS MIN <= 32     22              26.3    -4.3       27
DAYS MIN <= 0       0               1.5    -1.5        0

PRECIPITATION (INCHES)
RECORD
 MAXIMUM         2.07   1939
 MINIMUM            T   1970
TOTALS           0.01              0.49   -0.48     0.82
DAILY AVG.       0.00              0.02   -0.02     0.03
DAYS >= .01         1               4.8    -3.8        3
DAYS >= .10         0               1.6    -1.6        2
DAYS >= .50         0               0.2    -0.2        1
DAYS >= 1.00        0               0.0     0.0        0
GREATEST
 24 HR. TOTAL    0.01   02/22 TO 02/23              0.60

SNOWFALL (INCHES)
RECORDS
 TOTAL           25.4   1960
TOTALS              T               5.4    -5.4     13.3
SINCE 7/1         9.4              24.0   -14.6     23.4
SNOWDEPTH AVG.      0                 3      -3        3
DAYS >= 1.0         0               1.8    -1.8        2
GREATEST
 SNOW DEPTH         T   02/24                         11  02/04
                                                          02/03
 24 HR TOTAL        T   02/28

DEGREE_DAYS
HEATING TOTAL     704               914    -210      785
 SINCE 7/1       3885              4417    -532     3846
COOLING TOTAL       0                 0       0        0
 SINCE 1/1          0                 0       0        0
...................................................

WIND (MPH)
AVERAGE WIND SPEED              12.4
HIGHEST WIND SPEED/DIRECTION    38/340    DATE  02/20
HIGHEST GUST SPEED/DIRECTION    47/340    DATE  02/20

SKY COVER
AVERAGE SKY COVER           0.20

AVERAGE RH (PERCENT)     54

WEATHER CONDITIONS. NUMBER OF DAYS WITH
THUNDERSTORM              0     MIXED PRECIP               0
HEAVY RAIN                0     RAIN                       0
LIGHT RAIN                0     FREEZING RAIN              0
LT FREEZING RAIN          1     HAIL                       0
HEAVY SNOW                0     SNOW                       0
LIGHT SNOW                3     SLEET                      0
FOG                       2     FOG W/VIS <= 1/4 MILE      1
HAZE                      0

-  INDICATES NEGATIVE NUMBERS.
R  INDICATES RECORD WAS SET OR TIED.
MM INDICATES DATA IS MISSING.
T  INDICATES TRACE AMOUNT.

$$
