000
CXUS55 KMSO 011353
CLMGPI


CLIMATE REPORT
NATIONAL WEATHER SERVICE MISSOULA, MT
753 AM MDT FRI JUL 1 2016

...................................

...THE KALISPELL MT CLIMATE SUMMARY FOR THE MONTH OF JUNE 2016...

CLIMATE NORMAL PERIOD 1981 TO 2010
CLIMATE RECORD PERIOD 1894 TO 2016

WEATHER         OBSERVED          NORMAL  DEPART  LAST YEAR`S
                 VALUE   DATE(S)  VALUE   FROM    VALUE
                                          NORMAL
.............................................................
TEMPERATURE (F)
RECORD
 HIGH             102   06/28/2015
 LOW               26   06/07/1999
HIGHEST            91   06/30        MM      MM      102
                        06/29
                        06/07
LOWEST             30   06/15        MM      MM       34
AVG. MAXIMUM     76.2              72.0     4.2     82.9
AVG. MINIMUM     44.5              44.5     0.0     47.0
MEAN             60.3              58.3     2.0
DAYS MAX >= 90      5               0.4     4.6        8
DAYS MAX <= 32      0               0.0     0.0        0
DAYS MIN <= 32      1               0.5     0.5        0
DAYS MIN <= 0       0               0.0     0.0        0

PRECIPITATION (INCHES)
RECORD
 MAXIMUM         6.20   2012
 MINIMUM         0.40   1910
TOTALS           1.34              2.56   -1.22
DAILY AVG.       0.04              0.09   -0.05     0.02
DAYS >= .01         8              12.5    -4.5        3
DAYS >= .10         6               6.6    -0.6        2
DAYS >= .50         0               1.4    -1.4        0
DAYS >= 1.00        0               0.3    -0.3        0
GREATEST
 24 HR. TOTAL    0.46   06/24 TO 06/25              0.56

SNOWFALL (INCHES)
TOTALS            0.0               0.3    -0.3      0.0
SINCE 7/1        41.4              55.7   -14.3     59.4
DAYS >= TRACE       0               0.1    -0.1        0
DAYS >= 1.0         0               0.1    -0.1        0
GREATEST
 SNOW DEPTH         0   MM
 24 HR TOTAL      0.0   06/30 TO 06/30               0.0

DEGREE_DAYS
HEATING TOTAL     179               216     -37
 SINCE 7/1       7129              8039    -910
COOLING TOTAL      47                13      34
 SINCE 1/1         47                16      31
..............................................................

WIND (MPH)
AVERAGE WIND SPEED              5.4
HIGHEST WIND SPEED/DIRECTION    28/230    DATE  06/02
HIGHEST GUST SPEED/DIRECTION    35/220    DATE  06/02

SKY COVER
POSSIBLE SUNSHINE (PERCENT)   MM
AVERAGE SKY COVER           0.30
NUMBER OF DAYS FAIR           19
NUMBER OF DAYS PC              9
NUMBER OF DAYS CLOUDY          2

AVERAGE RH (PERCENT)     64

WEATHER CONDITIONS. NUMBER OF DAYS WITH
THUNDERSTORM              0     MIXED PRECIP               0
HEAVY RAIN                0     RAIN                       6
LIGHT RAIN                9     FREEZING RAIN              0
LT FREEZING RAIN          0     HAIL                       0
HEAVY SNOW                0     SNOW                       0
LIGHT SNOW                0     SLEET                      0
FOG                       8     FOG W/VIS <= 1/4 MILE      1
HAZE                      0

-  INDICATES NEGATIVE NUMBERS.
R  INDICATES RECORD WAS SET OR TIED.
MM INDICATES DATA IS MISSING.
T  INDICATES TRACE AMOUNT.

$$
