000
CXUS53 KGID 011457
CLMGRI


CLIMATE REPORT
NATIONAL WEATHER SERVICE HASTINGS NE
952 AM CDT SAT APR 1 2017

...................................

...THE GRAND ISLAND NE CLIMATE SUMMARY FOR THE MONTH OF MARCH 2017...

CLIMATE NORMAL PERIOD 1981 TO 2010
CLIMATE RECORD PERIOD 1895 TO 2017

WEATHER         OBSERVED          NORMAL  DEPART  LAST YEAR`S
                 VALUE   DATE(S)  VALUE   FROM    VALUE  DATE(S)
                                          NORMAL
................................................................
TEMPERATURE (F)
RECORD
 HIGH              90   03/16/2015
                        03/29/1986
                        03/31/1978
 LOW              -21   03/04/1960
HIGHEST            82   03/19        77       5       81  03/07
LOWEST             16   03/13         7       9       17  03/20
AVG. MAXIMUM     54.4              51.1     3.3     59.6
AVG. MINIMUM     30.0              27.6     2.4     32.0
MEAN             42.2              39.4     2.8     45.8
DAYS MAX >= 90      0               0.1    -0.1        0
DAYS MAX <= 32      3               2.9     0.1        0
DAYS MIN <= 32     18              21.1    -3.1       17
DAYS MIN <= 0       0               0.5    -0.5        0

PRECIPITATION (INCHES)
RECORD
 MAXIMUM         6.63   1987
 MINIMUM            T   1907
TOTALS           0.81              1.80   -0.99     0.61
DAILY AVG.       0.03              0.06   -0.03     0.02
DAYS >= .01         6               7.1    -1.1       10
DAYS >= .10         3               3.8    -0.8        2
DAYS >= .50         0               1.2    -1.2        0
DAYS >= 1.00        0               0.4    -0.4        0
GREATEST
 24 HR. TOTAL    0.30   03/29 TO 03/29

SNOWFALL (INCHES)
RECORDS
 TOTAL           23.5   1915
TOTALS            1.2               5.4    -4.2      2.6
SINCE 7/1         8.9              27.5   -18.6     33.8
SNOWDEPTH AVG.      0                MM      MM        0
DAYS >= 1.0         0               1.1    -1.1        1
GREATEST
 SNOW DEPTH         1   03/14                          2  03/24

DEGREE_DAYS
HEATING TOTAL     697               796     -99      587
 SINCE 7/1       4763              5557    -794     4585
COOLING TOTAL       0                 0       0        0
 SINCE 1/1          0                 0       0        0
.................................................................

WIND (MPH)
AVERAGE WIND SPEED              12.9
HIGHEST WIND SPEED/DIRECTION    56/200    DATE  03/23
HIGHEST GUST SPEED/DIRECTION    70/210    DATE  03/23

SKY COVER
POSSIBLE SUNSHINE (PERCENT)   MM
NUMBER OF DAYS FAIR           15
NUMBER OF DAYS PC              6
NUMBER OF DAYS CLOUDY         10

AVERAGE RH (PERCENT)     67

WEATHER CONDITIONS. NUMBER OF DAYS WITH
THUNDERSTORM              1     MIXED PRECIP               0
HEAVY RAIN                0     RAIN                       2
LIGHT RAIN                6     FREEZING RAIN              0
LT FREEZING RAIN          0     HAIL                       0
HEAVY SNOW                0     SNOW                       0
LIGHT SNOW                4     SLEET                      0
FOG                      10     FOG W/VIS <= 1/4 MILE      1
HAZE                      1

-  INDICATES NEGATIVE NUMBERS.
R  INDICATES RECORD WAS SET OR TIED.
MM INDICATES DATA IS MISSING.
T  INDICATES TRACE AMOUNT.

$$
