000
CXUS53 KGID 241656 CCB
CLMGRI

CLIMATE REPORT...CORRECTED
NATIONAL WEATHER SERVICE HASTINGS NE
1008 AM CDT WED SEP 24 2014

UPDATED TO INCLUDE MONTHLY/SEASONAL RECAPS AT BOTTOM

...................................

...THE GRAND ISLAND NE CLIMATE SUMMARY FOR THE MONTH OF AUGUST 2014...

CLIMATE NORMAL PERIOD 1981 TO 2010
CLIMATE RECORD PERIOD 1895 TO 2014

WEATHER         OBSERVED          NORMAL  DEPART  LAST YEAR`S
                 VALUE   DATE(S)  VALUE   FROM    VALUE  DATE(S)
                                          NORMAL
................................................................
TEMPERATURE (F)
RECORD
 HIGH             112   08/08/1934
 LOW               38   08/24/1928
HIGHEST            90   08/20        98      -8       97  08/27
                        08/03
LOWEST             55   08/12        51       4       60  08/18
                                                          08/14
AVG. MAXIMUM     84.5              85.4    -0.9     85.8
AVG. MINIMUM     63.8              62.6     1.2     66.0
MEAN             74.1              74.0     0.1     75.9
DAYS MAX >= 90      2               8.3    -6.3       10
DAYS MAX <= 32      0               0.0     0.0        0
DAYS MIN <= 32      0               0.0     0.0        0
DAYS MIN <= 0       0               0.0     0.0        0

PRECIPITATION (INCHES)
RECORD
 MAXIMUM         8.73   1977
 MINIMUM         0.33   1919
TOTALS           5.87              3.12    2.75     3.02
DAILY AVG.       0.19              0.10    0.09     0.10
DAYS >= .01        16               8.2     7.8        9
DAYS >= .10         9               5.6     3.4        6
DAYS >= .50         4               2.0     2.0        3
DAYS >= 1.00        1               0.9     0.1        1
GREATEST
 24 HR. TOTAL    2.17   08/08 TO 08/09

SNOWFALL (INCHES)
RECORDS
 TOTAL            0.0
TOTALS            0.0               0.0     0.0      0.0
SINCE 7/1         0.0               0.0     0.0      0.0
SNOWDEPTH AVG.      0               0.0     0.0        0
DAYS >= 1.0         0               0.0     0.0        0
GREATEST
 SNOW DEPTH         0                                  0

DEGREE_DAYS
HEATING TOTAL       0                 8      -8        0
 SINCE 7/1          4                10      -6        3
COOLING TOTAL     289               287       2      348
 SINCE 1/1        930               914      16     1063
.................................................................

WIND (MPH)
AVERAGE WIND SPEED              7.6
HIGHEST WIND SPEED/DIRECTION    40/350    DATE  08/17
HIGHEST GUST SPEED/DIRECTION    50/350    DATE  08/17

SKY COVER
POSSIBLE SUNSHINE (PERCENT)   MM
NUMBER OF DAYS FAIR           22
NUMBER OF DAYS PC              7
NUMBER OF DAYS CLOUDY          1

AVERAGE RH (PERCENT)     73

WEATHER CONDITIONS. NUMBER OF DAYS WITH
THUNDERSTORM             15     MIXED PRECIP               0
HEAVY RAIN                6     RAIN                      11
LIGHT RAIN               16     FREEZING RAIN              0
LT FREEZING RAIN          0     HAIL                       0
HEAVY SNOW                0     SNOW                       0
LIGHT SNOW                0     SLEET                      0
FOG                      16     FOG W/VIS <= 1/4 MILE      4
HAZE                      2

-  INDICATES NEGATIVE NUMBERS.
R  INDICATES RECORD WAS SET OR TIED.
MM INDICATES DATA IS MISSING.
T  INDICATES TRACE AMOUNT.

&&

...AUGUST 2014 SUMMARY FOR CENTRAL NEBRASKA REGIONAL AIRPORT...

...TEMPERATURES

NO DAILY TEMPERATURE RECORDS WERE SET DURING AUG. 2014

AVERAGE HIGH TEMPERATURE:     84.5 DEGREES (0.9 BELOW NORMAL)
AVERAGE LOW TEMPERATURE:      63.8 DEGREES (1.2 ABOVE NORMAL)
AVERAGE MEAN TEMPERATURE:     74.1 DEGREES (0.1 ABOVE NORMAL)

HOTTEST HIGH TEMPERATURE:      90 DEGREES ON THE 3RD, 20TH
COOLEST HIGH TEMPERATURE:      73 DEGREES ON THE 25TH

COOLEST LOW TEMPERATURE:       55 DEGREES ON THE 12TH
WARMEST LOW TEMPERATURE:       74 DEGREES ON THE 20TH

WARMEST 2-DAY STRETCH BASED
ON AVERAGE HIGH TEMPERATURE:   89.5 DEGREES FROM THE 20TH-21ST
                                                     3RD-4TH
WARMEST WEEK BASED
ON AVERAGE HIGH TEMPERATURE:   88.4 DEGREES FROM THE 17TH-23RD

WARMEST WEEK BASED
ON AVERAGE MEAN TEMPERATURE:   77.6 DEGREES FROM THE 17TH-23RD

COOLEST 2-DAY STRETCH BASED
ON AVERAGE HIGH TEMPERATURE:   76.5 DEGREES FROM THE 25TH-26TH

COOLEST WEEK BASED
ON AVERAGE HIGH TEMPERATURE:   79.9 DEGREES FROM THE 24TH-30TH

COOLEST WEEK BASED
ON AVERAGE LOW TEMPERATURE:    61.0 DEGREES FROM THE 8TH-14TH

COOLEST WEEK BASED
ON AVERAGE MEAN TEMPERATURE:   71.4 DEGREES FROM THE 25TH-31ST


...PRECIPITATION

1 DAILY PRECIPITATION RECORD WAS SET IN AUGUST 2014:
- AUG. 9: RECORD RAINFALL OF 2.04 INCHES (PREVIOUS 1.52 IN 1901)

TOTAL MONTHLY PRECIPITATION: 5.87 INCHES  (2.75 ABOVE NORMAL)

- AUG. 2014 WAS THE 9TH-WETTEST ON RECORD OUT OF 119 YEARS DATING TO
1896...AND WAS THE WETTEST SINCE 7.15 INCHES IN 1997

NUMBER OF DAYS WITH MEASURABLE PRECIPITATION (0.01 OR MORE): 16

HIGHEST CALENDAR DAY PRECIPITATION:  2.04 INCHES ON THE 9TH
HIGHEST 2-DAY PRECIPITATION TOTAL:   2.60 INCHES FROM THE 8TH-9TH


PRECIPITATION TOTALS AND DEPARTURES
FROM NORMAL FOR THE PAST 12 MONTHS:

MONTH          PRECIP.  DEPARTURE

SEP  2013       2.38     +0.15
OCT  2013       4.05     +2.19
NOV  2013       0.97     -0.20
DEC  2013       0.11     -0.52
JAN  2014       0.32     -0.21
FEB  2014       0.33     -0.35
MAR  2014       0.19     -1.61
APR  2014       2.91     +0.38
MAY  2014       0.74     -3.67
JUN  2014       9.65     +5.35
JUL  2014       2.19     -1.21
AUG  2014       5.87     +2.75

12-MONTH TOTAL  29.71    +3.05


...OTHER WEATHER ELEMENTS

HIGHEST WIND GUST: 50 MPH FROM THE NORTH ON THE 17TH
(OCCURRED AT 831 PM CDT DURING A THUNDERSTORM)

HIGHEST SURFACE SEA LEVEL PRESSURE: 30.21 ON THE 12TH
LOWEST SURFACE SEA LEVEL PRESSURE:  29.59 ON THE 31ST

&&

...AUGUST 2014 NARRATIVE FOR CENTRAL NEBRASKA REGIONAL AIRPORT...

FOLLOWING A PATTERN OF ALTERNATING ABOVE AND BELOW NORMAL MONTHLY
PRECIPITATION THAT HAD BEEN IN PLACE SINCE APRIL...AUGUST
DEFINITELY CHECKED IN ON THE WET SIDE OF THINGS. TEMPERATURE-
WISE...THE MONTH AS A WHOLE AVERAGED OUT AS BEING VERY CLOSE TO THE
30-YEAR NORMAL...BUT FEATURED A NOTABLE LACK OF DAYS ABOVE 90
DEGREES. IN FACT...THERE WERE NO DAYS THAT REACHED 91 DEGREES OR
HIGHER...WHICH TIED THE MONTHLY RECORD AND HAD NOT HAPPENED SINCE
1986.

FOCUSING ON AUGUST RAINFALL IN MORE DETAIL...THE MONTHLY TOTAL OF
5.87 INCHES AT CENTRAL NEBRASKA REGIONAL AIRPORT WAS 2.75 INCHES
ABOVE THE 30-YEAR AUGUST NORMAL OF 3.12 INCHES. IN OTHER
WORDS...GRAND ISLAND RECEIVED 188 PERCENT OF NORMAL AUGUST RAINFALL.
THIS WAS THE 9TH-WETTEST AUGUST ON RECORD OUT OF 119 YEARS DATING TO
1896...AND WAS THE WETTEST SINCE 7.15 INCHES IN 1997. RAIN EVENTS
DURING THE MONTH WERE FAIRLY EVENLY-SPACED...AS MEASURABLE RAIN
FELL ON 16 OF THE 31 DAYS. THE HIGHEST DAILY TOTAL OF 2.04 INCHES
OCCURRED ON THE 9TH AND SET A NEW RECORD FOR THE DATE.

TEMPERATURE-WISE...THE MONTH AS A WHOLE WENT DOWN IN THE BOOKS AS
BEING VERY AVERAGE/TYPICAL...BUT A CLOSER LOOK REVEALS THAT IT
CERTAINLY FEATURED A LACK OF TRUE LATE SUMMER HEAT. THE AVERAGE
MONTHLY TEMPERATURE (RESULTING FROM AVERAGING BOTH THE HIGHS AND
LOWS) WAS 74.1 DEGREES...MERELY 0.1 DEGREES ABOVE THE 30-YEAR
NORMAL. THE MAJORITY OF THIS SLIGHTLY ABOVE NORMAL OVERALL-AVERAGE
WAS ATTRIBUTED TO DAILY LOW TEMPERATURES...WHICH AVERAGED 1.2
DEGREES ABOVE NORMAL. HOWEVER...PROBABLY THE MOST NOTICEABLE AND
NOTEWORTHY TEMPERATURE FACT OF THE MONTH WAS THAT ONLY TWO DAYS
REACHED 90 DEGREES (THE 3RD AND 20TH)...AND ZERO DAYS REACHED 91
DEGREES OR HIGHER. THIS WAS ONLY THE FOURTH TIME OUT OF 119 YEARS OF
RECORDS THAT AUGUST HIGHS FAILED TO EXCEED 90 DEGREES...AND HAD NOT
OCCURRED SINCE 1986. BASED ON 30-YEAR DATA FROM 1981-2010...GRAND
ISLAND TYPICALLY AVERAGES EIGHT AUGUST DAYS WITH HIGHS ABOVE 90
DEGREES. GETTING BACK TO AVERAGE DAILY TEMPERATURES...OF THE 31 DAYS
DURING THE MONTH 15 WERE ABOVE NORMAL...12 WERE BELOW NORMAL AND
FOUR DAYS EQUALED THEIR DAILY NORMAL. BREAKING DOWN THE MONTH INTO
WEEK-LONG CHUNKS...THE OVERALL-WARMEST WEEK WAS CENTERED FROM THE
17TH-23RD...DURING WHICH DAILY HIGHS REACHED AT LEAST 87 DEGREES
EACH DAY AND LOWS ONLY DROPPED BELOW 65 ONCE. THE MILDEST LOW
TEMPERATURE OF THE MONTH WAS 74 DEGREES ON THE 20TH. THE OVERALL-
COOLEST WEEK FOLLOWED SHORTLY THEREAFTER FROM THE 25TH-31ST...DURING
WHICH SIX OF SEVEN DAYS CLIMBED NO HIGHER THAN 82 DEGREES. THE
COOLEST LOW TEMPERATURE OF THE MONTH WAS 55 DEGREES ON THE 12TH AND
THE COOLEST HIGH TEMPERATURE WAS 73 DEGREES ON THE 25TH. THE MOST
EXTREME DAY-TO-DAY CHANGE IN HIGH TEMPERATURES DURING THE MONTH WAS
13 DEGREES...CONSISTING OF A MODEST COOL-DOWN FROM 86 DEGREES ON THE
24TH TO 73 DEGREES ON THE 25TH.

AS FOR SEVERE THUNDERSTORM ACTIVITY...DESPITE MULTIPLE ROUNDS OF
THUNDERSTORMS DURING THE MONTH THE CITY OF GRAND ISLAND LARGELY
AVOIDED SEVERE WEATHER. THE ONLY REPORT OF SEVERE-CRITERIA HAIL THAT
NWS HASTINGS RECEIVED FROM THE CITY WAS QUARTER SIZE HAIL ON THE FAR
WEST SIDE OF TOWN ON THE AFTERNOON OF THE 29TH. THE HIGHEST PEAK
WIND GUST OF THE MONTH AT THE AIRPORT WAS ONLY 50 MPH FROM THE
NORTH...WHICH OCCURRED DURING AN EVENING THUNDERSTORM ON THE 17TH.

&&

...METEOROLOGICAL-SUMMER 2014 SEASONAL RECAP COVERING JUNE-AUGUST...

- AVERAGE MEAN TEMPERATURE:  73.4 DEGREES (0.4 BELOW NORMAL)
- SEASONAL PRECIPITATION:   17.71 INCHES  (6.89 ABOVE NORMAL)

FOR THE METEOROLOGICAL SUMMER SEASON OF JUNE...JULY AND AUGUST AS A
WHOLE...GRAND ISLAND RAINFALL TOTALED AN IMPRESSIVE 17.71
INCHES...WHICH WAS 164 PERCENT OF THE 30-YEAR SUMMER NORMAL OF 10.82
INCHES. THIS RESULTED IN THE 7TH-WETTEST SUMMER ON RECORD OUT OF 119
YEARS AND WAS THE WETTEST SINCE 19.26 INCHES IN 1993. THE WETTEST
CALENDAR DAY DURING SUMMER 2014 WAS JUNE 14TH WITH 2.59 INCHES.

TURNING TO TEMPERATURES DURING METEOROLOGICAL SUMMER...THE AVERAGE
DAILY TEMPERATURE WAS 73.4 DEGREES...ONLY 0.4 DEGREES BELOW THE 30-
YEAR SEASONAL NORMAL OF 73.8 DEGREES. OF THE THREE SUMMER
MONTHS...JUNE WAS THE WARMEST VERSUS NORMAL AT 1.4 DEGREES ABOVE
AND JULY WAS THE COOLEST VERSUS NORMAL AT 2.8 DEGREES BELOW. THE
HOTTEST HIGH TEMPERATURE OF SUMMER 2014 WAS 100 DEGREES ON JULY
21ST...AND THE COOLEST HIGH WAS 66 DEGREES ON JUNE 7TH. THE COLDEST
LOW TEMPERATURE OF THE SEASON WAS 49 DEGREES ON JUNE 13TH AND THE
MILDEST LOW WAS 75 DEGREES ON JULY 25TH...JULY 21ST AND JUNE 18TH.
IN TERMS OF AVERAGE DAILY TEMPERATURE...THE OVERALL WARMEST WEEK OF
SUMMER 2014 WAS JULY 20TH-26TH AT 80.1 DEGREES...AND THE OVERALL
COOLEST WEEK WAS JUNE 7TH-13TH WITH 64.7 DEGREES.

POSSIBLY THE MOST NOTEWORTHY ASPECT OF TEMPERATURES DURING SUMMER
2014 WAS A LACK OF PRONOUNCED HEAT. AS EVIDENCE OF THIS...ONLY 17
DAYS BETWEEN JUNE 1-AUG 31 REACHED OR EXCEEDED 90 DEGREES...WELL
BELOW THE 30-YEAR AVERAGE OF 29 DAYS. THIS TIED WITH SEVERAL OTHER
YEARS (MOST RECENTLY 2009) FOR THE 7TH-FEWEST NUMBER OF 90+ DEGREE
DAYS ON RECORD OUT OF 119 SUMMERS. IN ADDITION...ONLY ONE DAY THIS
SUMMER REACHED 100 DEGREES...THE FEWEST SINCE SUMMER 2009 NEVER
REACHED 100.

$$

PFANNKUCH/DOXEY
