000
CXUS54 KJAN 012254
CLMHBG
CLIMATE REPORT
NATIONAL WEATHER SERVICE JACKSON MS
454 PM CST FRI MAR 01 2024
...................................
...THE HATTIESBURG CLIMATE SUMMARY FOR THE MONTH OF FEBRUARY 2024...
CLIMATE NORMAL PERIOD: 1991 TO 2020
CLIMATE RECORD PERIOD: 1893 TO 2024
WEATHER OBSERVED NORMAL DEPART LAST YEAR`S
VALUE DATE(S) VALUE FROM VALUE DATE(S)
NORMAL
................................................................
TEMPERATURE (F)
RECORD
HIGH 86 02/28/2023
LOW 7 02/03/1951
HIGHEST 82 02/27 MM MM 86 02/28
LOWEST 27 02/19 MM MM 30 02/04
AVG. MAXIMUM 69.9 64.5 5.4 71.0
AVG. MINIMUM 43.8 41.7 2.1 50.0
MEAN 56.8 53.1 3.7 60.5
DAYS MAX >= 90 0 0.0 0.0 0
DAYS MAX <= 32 0 0.0 0.0 0
DAYS MIN <= 32 1 6.7 -5.7 MM
DAYS MIN <= 0 0 0.0 0.0 MM
PRECIPITATION (INCHES)
RECORD
MAXIMUM 17.59 1961
MINIMUM 0.72 2000
TOTALS 3.92 4.88 -0.96 4.98
DAILY AVG. 0.14 NAN NAN 0.18
DAYS >= .01 6 10.7 -4.7 9
DAYS >= .10 4 7.0 -3.0 6
DAYS >= .50 2 3.4 -1.4 4
DAYS >= 1.00 2 1.8 0.2 2
GREATEST
24 HR. TOTAL 2.23 02/11 TO 02/12 2.08
SNOWFALL (INCHES)
TOTALS 0.0
SINCE 7/1 T
DAYS >= TRACE 0
DAYS >= 1.0 0
GREATEST
24 HR TOTAL MM
DEGREE DAYS
HEATING TOTAL 251 348 -97 213
SINCE 7/1 1440 1653 -213 MM
COOLING TOTAL 21 15 6 93
SINCE 1/1 28 23 5 MM
................................................................
WIND (MPH)
AVERAGE WIND SPEED 5.8
HIGHEST WIND SPEED/DIRECTION 31/280 DATE 02/04
HIGHEST GUST SPEED/DIRECTION 45/280 DATE 02/04
SKY COVER
POSSIBLE SUNSHINE (PERCENT) MM
AVERAGE SKY COVER 0.30
NUMBER OF DAYS FAIR 17
NUMBER OF DAYS PC 8
NUMBER OF DAYS CLOUDY 4
AVERAGE RH (PERCENT) 64
WEATHER CONDITIONS. NUMBER OF DAYS WITH
THUNDERSTORM 3 MIXED PRECIP 0
HEAVY RAIN 3 RAIN 4
LIGHT RAIN 7 FREEZING RAIN 0
LT FREEZING RAIN 0 HAIL 0
HEAVY SNOW 0 SNOW 0
LIGHT SNOW 0 SLEET 0
FOG 9 FOG W/VIS <= 1/4 MILE 2
HAZE 5
- INDICATES NEGATIVE NUMBERS.
R INDICATES RECORD WAS SET OR TIED.
MM INDICATES DATA IS MISSING.
T INDICATES TRACE AMOUNT.
$$