000
CXUS53 KGLD 040107
CLMHLC

CLIMATE REPORT
NATIONAL WEATHER SERVICE GOODLAND
659 PM MDT THU JUL 3 2014

...................................

...THE HILL CITY CLIMATE SUMMARY FOR THE MONTH OF JUNE 2014...

CLIMATE NORMAL PERIOD 1981 TO 2010
CLIMATE RECORD PERIOD 1896 TO 2014

WEATHER         OBSERVED          NORMAL  DEPART  LAST YEAR`S
                 VALUE   DATE(S)  VALUE   FROM    VALUE  DATE(S)
                                          NORMAL
................................................................
TEMPERATURE (F)
RECORD
 HIGH             115   06/27/2012
                        06/26/2012
 LOW               33   06/06/1998
HIGHEST           100   06/17       102      -2      111  06/11
                        06/16
LOWEST             52   06/13        46       6       40  06/02
                        06/10
AVG. MAXIMUM     86.8              86.2     0.6     91.7
AVG. MINIMUM     61.6              59.6     2.0     60.5
MEAN             74.2              72.9     1.3     76.1
DAYS MAX >= 90     11              11.5    -0.5       19
DAYS MAX <= 32      0               0.0     0.0        0
DAYS MIN <= 32      0               0.0     0.0        0
DAYS MIN <= 0       0               0.0     0.0        0

PRECIPITATION (INCHES)
RECORD
 MAXIMUM        11.89   1941
 MINIMUM         0.10   1981
TOTALS           6.93              2.76    4.17     2.68
DAILY AVG.       0.23              0.09    0.14     0.09
DAYS >= .01        15                MM      MM        8
DAYS >= .10         9                MM      MM        5
DAYS >= .50         5                MM      MM        2
DAYS >= 1.00        2                MM      MM        1
GREATEST
 24 HR. TOTAL    2.98   06/08 TO 06/09              1.30


.................................................................



-  INDICATES NEGATIVE NUMBERS.
R  INDICATES RECORD WAS SET OR TIED.
MM INDICATES DATA IS MISSING.
T  INDICATES TRACE AMOUNT.

$$
