000
CXUS56 KSEW 011030
CLMHQM


CLIMATE REPORT
NATIONAL WEATHER SERVICE SEATTLE WA
230 AM PST SUN FEB 1 2015

...................................

...THE HOQUIAM WA AIRPORT CLIMATE SUMMARY FOR THE MONTH OF JANUARY 2015...

CLIMATE NORMAL PERIOD 1981 TO 2010
CLIMATE RECORD PERIOD 1953 TO 2015

WEATHER         OBSERVED          NORMAL  DEPART  LAST YEAR`S
                 VALUE   DATE(S)  VALUE   FROM    VALUE  DATE(S)
                                          NORMAL
................................................................
TEMPERATURE (F)
RECORD
 HIGH              63   01/20/1961
 LOW               16   01/07/1974
                        01/27/1957
HIGHEST            60   01/25        MM      MM       58  01/24
LOWEST             26   01/01        MM      MM       28  01/04
AVG. MAXIMUM     52.1              47.2     4.9     48.8
AVG. MINIMUM     40.3              38.0     2.3     38.4
MEAN             46.2              42.6     3.6     43.6
DAYS MAX >= 90      0               0.0     0.0        0
DAYS MAX <= 32      0               0.2    -0.2        0
DAYS MIN <= 32      2               5.2    -3.2        4
DAYS MIN <= 0       0               0.0     0.0        0

PRECIPITATION (INCHES)
RECORD
 MAXIMUM        23.46   2006
 MINIMUM         0.41   1985
TOTALS          11.00             10.33    0.67     6.50
DAILY AVG.       0.35              0.33    0.02     0.21
DAYS >= .01        12              21.9    -9.9       17
DAYS >= .10         9              16.7    -7.7       12
DAYS >= .50         4               7.7    -3.7        6
DAYS >= 1.00        3               2.9     0.1        1
GREATEST
 24 HR. TOTAL    6.88   01/04 TO 01/05

DEGREE_DAYS
HEATING TOTAL     576               694    -118      655
COOLING TOTAL       0                 0       0        0
 SINCE 1/1          0                 0       0        0
.................................................................

WIND (MPH)
AVERAGE WIND SPEED              9.0
HIGHEST WIND SPEED/DIRECTION    40/190    DATE  01/17
HIGHEST GUST SPEED/DIRECTION    52/190    DATE  01/17

SKY COVER
POSSIBLE SUNSHINE (PERCENT)   MM
AVERAGE SKY COVER           0.60
NUMBER OF DAYS FAIR            8
NUMBER OF DAYS PC             10
NUMBER OF DAYS CLOUDY         13

AVERAGE RH (PERCENT)     89

WEATHER CONDITIONS. NUMBER OF DAYS WITH
THUNDERSTORM              0     MIXED PRECIP               0
HEAVY RAIN                2     RAIN                       6
LIGHT RAIN               18     FREEZING RAIN              0
LT FREEZING RAIN          0     HAIL                       0
HEAVY SNOW                0     SNOW                       0
LIGHT SNOW                0     SLEET                      0
FOG                      31     FOG W/VIS <= 1/4 MILE     12
HAZE                      0

-  INDICATES NEGATIVE NUMBERS.
R  INDICATES RECORD WAS SET OR TIED.
MM INDICATES DATA IS MISSING.
T  INDICATES TRACE AMOUNT.

$$
