000
CXUS51 KRLX 010922
CLMHTS


CLIMATE REPORT
NATIONAL WEATHER SERVICE CHARLESTON WV
422 AM EST FRI DEC 1 2017

...................................

...THE HUNTINGTON WV CLIMATE SUMMARY FOR THE MONTH OF NOVEMBER 2017...

CLIMATE NORMAL PERIOD 1981 TO 2010
CLIMATE RECORD PERIOD 1897 TO 2017

WEATHER         OBSERVED          NORMAL  DEPART  LAST YEAR`S
                 VALUE   DATE(S)  VALUE   FROM    VALUE  DATE(S)
                                          NORMAL
................................................................
TEMPERATURE (F)
RECORD
 HIGH              86   11/07/1938
 LOW                4   11/30/1929
HIGHEST            78   11/05                         83
LOWEST             21   11/23                         22
AVG. MAXIMUM     57.7              56.8     0.9     61.7
AVG. MINIMUM     36.9              36.8     0.1     38.0
MEAN             47.3              46.8     0.5     49.9
DAYS MAX >= 90      0               0.0     0.0        0
DAYS MAX <= 32      0               0.2    -0.2        0
DAYS MIN <= 32     13              10.4     2.6        8
DAYS MIN <= 0       0               0.0     0.0        0

PRECIPITATION (INCHES)
RECORD
 MAXIMUM         7.78   2003
                        1985
 MINIMUM         0.10   1904
TOTALS           2.23              3.44   -1.21     2.08
DAILY AVG.       0.07              0.11   -0.04     0.07
DAYS >= .01         8              10.8    -2.8        8
DAYS >= .10         4               6.6    -2.6        6
DAYS >= .50         2               2.4    -0.4        1
DAYS >= 1.00        1               0.7     0.3        0
GREATEST
 24 HR. TOTAL    1.01   11/07 TO 11/07              0.93

SNOWFALL (INCHES)
RECORDS
 TOTAL           19.6   1950
 24 HR TOTAL        T   11/19/2016 TO 11/19/2016
                        11/22/2015 TO 11/22/2015
                        11/22/2015 TO 11/28/2014
 SNOW DEPTH        MM   MM
TOTALS            0.0               0.7    -0.7        T
SINCE 7/1         0.0               0.8    -0.8        T
SNOWDEPTH AVG.      0                                  0
DAYS >= 1.0         0               0.2    -0.2        0
GREATEST
 SNOW DEPTH         0   MM                             0  MM
 24 HR TOTAL      0.0   11/30 TO 11/30                 T

DEGREE_DAYS
HEATING TOTAL     527               548     -21      452
 SINCE 7/1        772               887    -115      598
COOLING TOTAL       3                 2       1        7
 SINCE 1/1       1191              1134      57     1589
.................................................................

WIND (MPH)
AVERAGE WIND SPEED              5.6
HIGHEST WIND SPEED/DIRECTION    29/290    DATE  11/18
HIGHEST GUST SPEED/DIRECTION    45/270    DATE  11/18

SKY COVER
POSSIBLE SUNSHINE (PERCENT)   MM
AVERAGE SKY COVER           0.50
NUMBER OF DAYS FAIR           14
NUMBER OF DAYS PC              7
NUMBER OF DAYS CLOUDY          9

AVERAGE RH (PERCENT)     66

WEATHER CONDITIONS. NUMBER OF DAYS WITH
THUNDERSTORM              0     MIXED PRECIP               0
HEAVY RAIN                2     RAIN                       3
LIGHT RAIN               12     FREEZING RAIN              0
LT FREEZING RAIN          0     HAIL                       0
HEAVY SNOW                0     SNOW                       0
LIGHT SNOW                0     SLEET                      0
FOG                      11     FOG W/VIS <= 1/4 MILE      1
HAZE                      4

-  INDICATES NEGATIVE NUMBERS.
R  INDICATES RECORD WAS SET OR TIED.
MM INDICATES DATA IS MISSING.
T  INDICATES TRACE AMOUNT.

$$
