000
CXUS53 KIND 011612
CLMHUF


CLIMATE REPORT
NATIONAL WEATHER SERVICE INDIANAPOLIS IN
1112 AM EST THU DEC 1 2016

...................................

...THE TERRE HAUTE IN CLIMATE SUMMARY FOR THE MONTH OF NOVEMBER 2016...

CLIMATE NORMAL PERIOD 1981 TO 2010
CLIMATE RECORD PERIOD 9999 TO 9999

WEATHER         OBSERVED          NORMAL  DEPART  LAST YEAR`S
                 VALUE   DATE(S)  VALUE   FROM    VALUE  DATE(S)
                                          NORMAL
................................................................
TEMPERATURE (F)
HIGHEST            79   11/01                         75  11/02
LOWEST             20   11/21                         17  11/22
AVG. MAXIMUM     58.0              52.6     5.4     58.2
AVG. MINIMUM     36.6              34.0     2.6     36.5
MEAN             47.3              43.3     4.0     47.3
DAYS MAX >= 90      0               0.0     0.0        0
DAYS MAX <= 32      0               0.5    -0.5        1
DAYS MIN <= 32      9              13.3    -4.3       10
DAYS MIN <= 0       0               0.0     0.0        0

PRECIPITATION (INCHES)
TOTALS           1.67              3.84   -2.17     4.73
DAILY AVG.       0.06              0.13   -0.07     0.16
DAYS >= .01         4                MM      MM       11
DAYS >= .10         3                MM      MM        8
DAYS >= .50         2                MM      MM        3
DAYS >= 1.00        0                MM      MM        2
GREATEST
 24 HR. TOTAL    0.87   11/28 TO 11/28

DEGREE_DAYS
HEATING TOTAL     527               651    -124      526
 SINCE 7/1        726              1078    -352      828
COOLING TOTAL       4                 0       4        3
 SINCE 1/1       1391               993     398     1093
.................................................................

WIND (MPH)
AVERAGE WIND SPEED              6.4
HIGHEST WIND SPEED/DIRECTION    38/250    DATE  11/18
HIGHEST GUST SPEED/DIRECTION    53/250    DATE  11/18

SKY COVER
POSSIBLE SUNSHINE (PERCENT)   MM
AVERAGE SKY COVER           0.30
NUMBER OF DAYS FAIR           20
NUMBER OF DAYS PC              5
NUMBER OF DAYS CLOUDY          5

AVERAGE RH (PERCENT)     70

WEATHER CONDITIONS. NUMBER OF DAYS WITH
THUNDERSTORM              1     MIXED PRECIP               0
HEAVY RAIN                2     RAIN                       2
LIGHT RAIN                7     FREEZING RAIN              0
LT FREEZING RAIN          0     HAIL                       0
HEAVY SNOW                0     SNOW                       0
LIGHT SNOW                1     SLEET                      0
FOG                      16     FOG W/VIS <= 1/4 MILE      3
HAZE                      3

-  INDICATES NEGATIVE NUMBERS.
R  INDICATES RECORD WAS SET OR TIED.
MM INDICATES DATA IS MISSING.
T  INDICATES TRACE AMOUNT.

$$
