000
CXUS51 KCAR 020552
CLMHUL


CLIMATE REPORT
NATIONAL WEATHER SERVICE CARIBOU, ME
149 AM EDT SAT AUG 2 2014

...................................

...THE HOULTON ME CLIMATE SUMMARY FOR THE MONTH OF JULY 2014...

CLIMATE NORMAL PERIOD 1981 TO 2010
CLIMATE RECORD PERIOD 1948 TO 2014

WEATHER         OBSERVED          NORMAL  DEPART  LAST YEAR`S
                 VALUE   DATE(S)  VALUE   FROM    VALUE  DATE(S)
                                          NORMAL
................................................................
TEMPERATURE (F)
RECORD
 HIGH              97   07/20/1991
                        07/10/1955
                        07/23/1952
 LOW               32   07/07/1969
HIGHEST            93   07/02        MM      MM       93  07/15
LOWEST             44   07/25        MM      MM       39  07/22
                        07/11
                        07/06
AVG. MAXIMUM     79.4              77.6     1.8     79.1
AVG. MINIMUM     56.3              53.8     2.5     54.9
MEAN             67.9              65.7     2.2     67.0
DAYS MAX >= 90      1               0.8     0.2        2
DAYS MAX <= 32      0               0.0     0.0        0
DAYS MIN <= 32      0               0.0     0.0        0
DAYS MIN <= 0       0               0.0     0.0        0

PRECIPITATION (INCHES)
RECORD
 MAXIMUM           MM   MM
 MINIMUM           MM   MM
TOTALS           6.14                      2.48
DAILY AVG.       0.20              0.12    0.08     0.21
DAYS >= .01        16              13.2     2.8       14
DAYS >= .10        10               8.0     2.0        8
DAYS >= .50         3               2.4     0.6        4
DAYS >= 1.00        2               0.7     1.3        3
GREATEST
 24 HR. TOTAL    2.40   07/05 TO 07/05           07/17 TO 07/18
                                                          07/27 TO 07/27
                                                          07/27 TO 07/27

SNOWFALL (INCHES)
RECORDS
 TOTAL             MM   MM
TOTALS             MM               0.0      MM      0.0
SINCE 7/1          MM               0.0      MM      0.0
SNOWDEPTH AVG.     MM                MM      MM        0
DAYS >= 1.0         0               0.0     0.0        0
GREATEST
 SNOW DEPTH        MM                                  0  MM
 24 HR TOTAL       MM                            07/27 TO 07/27
                                                          07/27 TO 07/27
                                                          07/27 TO 07/27

DEGREE_DAYS
HEATING TOTAL      37                60     -23
........................................................

WIND (MPH)
AVERAGE WIND SPEED              6.3
HIGHEST WIND SPEED/DIRECTION    33/320    DATE  07/05
HIGHEST GUST SPEED/DIRECTION    47/300    DATE  07/05

SKY COVER
POSSIBLE SUNSHINE (PERCENT)   MM
AVERAGE SKY COVER           0.40
NUMBER OF DAYS FAIR           14
NUMBER OF DAYS PC             13
NUMBER OF DAYS CLOUDY          4

AVERAGE RH (PERCENT)     72

WEATHER CONDITIONS. NUMBER OF DAYS WITH
THUNDERSTORM              0     MIXED PRECIP               0
HEAVY RAIN                7     RAIN                       6
LIGHT RAIN               17     FREEZING RAIN              0
LT FREEZING RAIN          0     HAIL                       0
HEAVY SNOW                0     SNOW                       0
LIGHT SNOW                0     SLEET                      0
FOG                      22     FOG W/VIS <= 1/4 MILE      2
HAZE                      6

-  INDICATES NEGATIVE NUMBERS.
R  INDICATES RECORD WAS SET OR TIED.
MM INDICATES DATA IS MISSING.
T  INDICATES TRACE AMOUNT.

$$
