000
CXUS51 KCAR 072122
CLMHUL


CLIMATE REPORT
NATIONAL WEATHER SERVICE CARIBOU, ME
419 PM EST SAT FEB 7 2015

...................................

...THE HOULTON ME CLIMATE SUMMARY FOR THE MONTH OF JANUARY 2015...

CLIMATE NORMAL PERIOD 1981 TO 2010
CLIMATE RECORD PERIOD 1948 TO 2015

WEATHER         OBSERVED          NORMAL  DEPART  LAST YEAR`S
                 VALUE   DATE(S)  VALUE   FROM    VALUE  DATE(S)
                                          NORMAL
................................................................
TEMPERATURE (F)
RECORD
 HIGH              58   01/14/2005
 LOW              -41   01/04/1981
HIGHEST            47   01/19        MM      MM       50  01/06
LOWEST            -28   01/14        MM      MM      -24  01/02
AVG. MAXIMUM     21.1              22.3    -1.2     24.2
AVG. MINIMUM     -0.7               0.9    -1.6      4.2
MEAN             10.2              11.6    -1.4     14.2
DAYS MAX >= 90      0               0.0     0.0        0
DAYS MAX <= 32     29              24.6     4.4       20
DAYS MIN <= 32     31              30.5     0.5       29
DAYS MIN <= 0      15              15.5    -0.5       16

PRECIPITATION (INCHES)
RECORD
 MAXIMUM           MM   MM
 MINIMUM           MM   MM
TOTALS           1.44                     -1.42
DAILY AVG.       0.05              0.09   -0.04     0.13
DAYS >= .01        10              11.9    -1.9        9
DAYS >= .10         4               6.6    -2.6        7
DAYS >= .50         0               1.6    -1.6        3
DAYS >= 1.00        0               0.4    -0.4        2
GREATEST
 24 HR. TOTAL    0.51   01/03 TO 01/04           01/11 TO 01/12
                                                          01/12 TO 01/12
                                                          01/12 TO 01/12

SNOWFALL (INCHES)
RECORDS
 TOTAL             MM   MM
TOTALS             MM              23.3      MM       MM
SINCE 7/1          MM              47.8      MM       MM
SNOWDEPTH AVG.     MM                11      MM       MM
DAYS >= 1.0         0               6.1    -6.1        0
GREATEST
 SNOW DEPTH        MM                                 MM  MM
 24 HR TOTAL       MM                                 MM

DEGREE_DAYS
HEATING TOTAL    1693              1655      38
...................................................

WIND (MPH)
AVERAGE WIND SPEED              7.8
HIGHEST WIND SPEED/DIRECTION    31/260    DATE  01/05
HIGHEST GUST SPEED/DIRECTION    43/270    DATE  01/05

SKY COVER
POSSIBLE SUNSHINE (PERCENT)   MM
AVERAGE SKY COVER           0.50
NUMBER OF DAYS FAIR           13
NUMBER OF DAYS PC              8
NUMBER OF DAYS CLOUDY         10

AVERAGE RH (PERCENT)     67

WEATHER CONDITIONS. NUMBER OF DAYS WITH
THUNDERSTORM              0     MIXED PRECIP               0
HEAVY RAIN                0     RAIN                       1
LIGHT RAIN                2     FREEZING RAIN              1
LT FREEZING RAIN          1     HAIL                       0
HEAVY SNOW                2     SNOW                       7
LIGHT SNOW               14     SLEET                      0
FOG                      14     FOG W/VIS <= 1/4 MILE      3
HAZE                     17

-  INDICATES NEGATIVE NUMBERS.
R  INDICATES RECORD WAS SET OR TIED.
MM INDICATES DATA IS MISSING.
T  INDICATES TRACE AMOUNT.

$$
