000
CXUS53 KICT 011602
CLMICT


CLIMATE REPORT
NATIONAL WEATHER SERVICE WICHITA KS
1058 AM CDT MON JUN 1 2015

...................................

...THE WICHITA EISENHOWER NATIONAL CLIMATE SUMMARY FOR THE MONTH OF MAY 2015...

CLIMATE NORMAL PERIOD 1981 TO 2010
CLIMATE RECORD PERIOD 1888 TO 2015

WEATHER         OBSERVED          NORMAL  DEPART  LAST YEAR`S
                 VALUE   DATE(S)  VALUE   FROM    VALUE  DATE(S)
                                          NORMAL
................................................................
TEMPERATURE (F)
RECORD
 HIGH             102   05/04/2014
 LOW               27   05/01/1909
HIGHEST            85   05/04                        102  05/04
LOWEST             40   05/12                         35  05/02
AVG. MAXIMUM     74.0              76.7    -2.7     83.2
AVG. MINIMUM     56.2              55.2     1.0     56.9
MEAN             65.1              66.0    -0.9     70.0
DAYS MAX >= 90      0               1.5    -1.5       10
DAYS MAX <= 32      0               0.0     0.0        0
DAYS MIN <= 32      0               0.0     0.0        0
DAYS MIN <= 0       0               0.0     0.0        0

PRECIPITATION (INCHES)
RECORD
 MAXIMUM        13.14   2008
 MINIMUM         0.52   1973
TOTALS          11.77              4.57    7.20     4.06
DAILY AVG.       0.38              0.15    0.23     0.13
DAYS >= .01        17              11.4     5.6        9
DAYS >= .10        12               7.1     4.9        6
DAYS >= .50        10               3.2     6.8        3
DAYS >= 1.00        3               1.4     1.6        1
GREATEST
 24 HR. TOTAL    3.59   05/16 TO 05/16
                        05/15 TO 05/16
                        05/16 TO 05/16

SNOWFALL (INCHES)
RECORDS
 TOTAL              T   2013
                        2010
                        2008
TOTALS            0.0               0.0     0.0      0.0
SINCE 7/1        18.0              14.9     3.1     23.0
SNOWDEPTH AVG.      0                MM      MM        0
DAYS >= 1.0         0               0.0     0.0        0
GREATEST
 SNOW DEPTH         0   MM                             0  MM
 24 HR TOTAL      0.0   05/31 TO 05/31               0.0

DEGREE_DAYS
HEATING TOTAL      77                80      -3       73
 SINCE 7/1       4279              4588    -309     4939
COOLING TOTAL      85               110     -25      234
 SINCE 1/1        113               136     -23      267
.................................................................

WIND (MPH)
AVERAGE WIND SPEED              11.6
HIGHEST WIND SPEED/DIRECTION    39/170    DATE  05/06
HIGHEST GUST SPEED/DIRECTION    45/170    DATE  05/06

SKY COVER
POSSIBLE SUNSHINE (PERCENT)   MM
AVERAGE SKY COVER           0.70
NUMBER OF DAYS FAIR            3
NUMBER OF DAYS PC             12
NUMBER OF DAYS CLOUDY         16

AVERAGE RH (PERCENT)     72

WEATHER CONDITIONS. NUMBER OF DAYS WITH
THUNDERSTORM             10     MIXED PRECIP               0
HEAVY RAIN               10     RAIN                      12
LIGHT RAIN               21     FREEZING RAIN              0
LT FREEZING RAIN          0     HAIL                       0
HEAVY SNOW                0     SNOW                       0
LIGHT SNOW                0     SLEET                      0
FOG                      19     FOG W/VIS <= 1/4 MILE      1
HAZE                      3

-  INDICATES NEGATIVE NUMBERS.
R  INDICATES RECORD WAS SET OR TIED.
MM INDICATES DATA IS MISSING.
T  INDICATES TRACE AMOUNT.

$$
