262
CXUS51 KPHI 022034
CLMILG


CLIMATE REPORT
NATIONAL WEATHER SERVICE MOUNT HOLLY NJ
434 PM EDT FRI JUN 2 2017

...................................

...THE WILMINGTON CLIMATE SUMMARY FOR THE MONTH OF MAY 2017...

CLIMATE NORMAL PERIOD 1981 TO 2010
CLIMATE RECORD PERIOD 1894 TO 2017

WEATHER         OBSERVED          NORMAL  DEPART  LAST YEAR`S
                 VALUE   DATE(S)  VALUE   FROM    VALUE  DATE(S)
                                          NORMAL
................................................................
TEMPERATURE (F)
RECORD
 HIGH              98   05/30/1895
                        05/10/1895
 LOW               30   05/01/1978
HIGHEST            91                88       3       89
LOWEST             39                39       0       39
AVG. MAXIMUM     70.9              73.0    -2.1     70.1
AVG. MINIMUM     52.9              52.6     0.3     53.5
MEAN             61.9              62.8    -0.9     61.8
DAYS MAX >= 90      3               0.8     2.2        0
DAYS MAX <= 32      0               0.0     0.0        0
DAYS MIN <= 32      0               0.0     0.0        0
DAYS MIN <= 0       0               0.0     0.0        0

PRECIPITATION (INCHES)
RECORD
 MAXIMUM        11.99   1894
 MINIMUM         0.00   2013
TOTALS           5.86              3.95    1.91     7.30
DAILY AVG.       0.19              0.13    0.06     0.24
DAYS >= .01        14              11.2     2.8       16
DAYS >= .10         6               6.6    -0.6       11
DAYS >= .50         3               2.7     0.3        5
DAYS >= 1.00        3               0.9     2.1        3
GREATEST
 24 HR. TOTAL    1.88   05/25 TO 05/25              1.75

SNOWFALL (INCHES)
RECORDS
 TOTAL             MM   5
 24 HR TOTAL       MM
TOTALS            0.0               0.0     0.0      0.0
SINCE 7/1         9.0              20.2   -11.2     25.4
SNOWDEPTH AVG.      0                MM      MM        0
DAYS >= 1.0         0               0.0     0.0        0
GREATEST
 SNOW DEPTH         0   MM                             0  MM
 24 HR TOTAL      0.0   05/31 TO 05/31               0.0

DEGREE_DAYS
HEATING TOTAL     148               135      13      171
 SINCE 7/1       4077              4804    -727     4060
COOLING TOTAL      61                67      -6       78
 SINCE 1/1         91                79      12       92
.................................................................

WIND (MPH)
AVERAGE WIND SPEED              9.2
HIGHEST WIND SPEED/DIRECTION    31/300    DATE  05/14
HIGHEST GUST SPEED/DIRECTION    42/290    DATE  05/02

SKY COVER
POSSIBLE SUNSHINE (PERCENT)   MM
AVERAGE SKY COVER           0.60
NUMBER OF DAYS FAIR           10
NUMBER OF DAYS PC              8
NUMBER OF DAYS CLOUDY         13

AVERAGE RH (PERCENT)     72

WEATHER CONDITIONS. NUMBER OF DAYS WITH
THUNDERSTORM              0     MIXED PRECIP               0
HEAVY RAIN                4     RAIN                       5
LIGHT RAIN               19     FREEZING RAIN              0
LT FREEZING RAIN          0     HEAVY SNOW                 0
SNOW                      0     LIGHT SNOW                 0
SLEET                     0     FOG                       13
FOG W/VIS <= 1/4 MILE     2     HAZE                       1

-  INDICATES NEGATIVE NUMBERS.
R  INDICATES RECORD WAS SET OR TIED.
MM INDICATES DATA IS MISSING.
T  INDICATES TRACE AMOUNT.

$$
