000
CXUS53 KILX 011613
CLMILX

CLIMATE REPORT
NATIONAL WEATHER SERVICE LINCOLN IL
937 AM CDT TUE SEP 1 2015

...................................

...THE LINCOLN IL CLIMATE SUMMARY FOR THE MONTH OF AUGUST 2015...

CLIMATE NORMAL PERIOD 1981 TO 2010
CLIMATE RECORD PERIOD 1905 TO 2015

WEATHER         OBSERVED          NORMAL  DEPART  LAST YEAR`S
                 VALUE   DATE(S)  VALUE   FROM    VALUE
                                          NORMAL
.............................................................
TEMPERATURE (F)
RECORD
 HIGH             106   08/09/1934
 LOW               36   08/31/1915
HIGHEST            91   08/02        MM      MM       94
LOWEST             50   08/26        MM      MM       54
AVG. MAXIMUM     83.2              84.0    -0.8     82.4
AVG. MINIMUM     60.0              62.0    -2.0     63.7
MEAN             71.6              73.0    -1.4     73.1
DAYS MAX >= 90      2               5.5    -3.5        3
DAYS MAX <= 32      0               0.0     0.0        0
DAYS MIN <= 32      0               0.0     0.0        0
DAYS MIN <= 0       0               0.0     0.0        0

PRECIPITATION (INCHES)
RECORD
 MAXIMUM         8.58   2002
 MINIMUM         0.31   1943
TOTALS           1.08              3.92   -2.84     6.13
DAILY AVG.       0.04              0.13   -0.09     0.20
DAYS >= .01         6               8.6    -2.6       14
DAYS >= .10         4               5.8    -1.8        9
DAYS >= .50         1               2.5    -1.5        4
DAYS >= 1.00        0               1.1    -1.1        1
GREATEST
 24 HR. TOTAL    0.60   08/09 TO 08/09              1.80

SNOWFALL (INCHES)
RECORDS
 TOTAL            0.0   MM
TOTALS            0.0               0.0     0.0      0.0
SINCE 7/1         0.0               0.0     0.0      0.0
DAYS >= 1.0         0               0.0     0.0        0
GREATEST
 SNOW DEPTH         0   MM                             0
 24 HR TOTAL      0.0   08/31 TO 08/31               0.0

DEGREE_DAYS
HEATING TOTAL       3                 7      -4        1
 SINCE 7/1          9                 9       0       10
COOLING TOTAL     207               255     -48      259
 SINCE 1/1        804               889     -85      754
..............................................................

WIND (MPH)
AVERAGE WIND SPEED              MM
HIGHEST WIND SPEED/DIRECTION    MM        DATE   MM
HIGHEST GUST SPEED/DIRECTION    MM        DATE   MM

SKY COVER
POSSIBLE SUNSHINE (PERCENT)   MM
AVERAGE SKY COVER             MM
NUMBER OF DAYS FAIR            0
NUMBER OF DAYS PC              0
NUMBER OF DAYS CLOUDY          0

AVERAGE RH (PERCENT)     MM

WEATHER CONDITIONS. NUMBER OF DAYS WITH
THUNDERSTORM              5     MIXED PRECIP               0
HEAVY RAIN                3     RAIN                       3
LIGHT RAIN               10     FREEZING RAIN              0
LT FREEZING RAIN          0     HAIL                       0
HEAVY SNOW                0     SNOW                       0
LIGHT SNOW                0     SLEET                      0
FOG                       8     FOG W/VIS <= 1/4 MILE      2
HAZE                      0

-  INDICATES NEGATIVE NUMBERS.
R  INDICATES RECORD WAS SET OR TIED.
MM INDICATES DATA IS MISSING.
T  INDICATES TRACE AMOUNT.

$$
