000
CXUS53 KLBF 011430
CLMIML


CLIMATE REPORT
NATIONAL WEATHER SERVICE NORTH PLATTE
826 AM CST SUN MAR 1 2015

...................................

...THE IMPERIAL NE CLIMATE SUMMARY FOR THE MONTH OF FEBRUARY 2015...

CLIMATE NORMAL PERIOD 1981 TO 2010
CLIMATE RECORD PERIOD 1893 TO 2015

WEATHER         OBSERVED          NORMAL  DEPART  LAST YEAR`S
                 VALUE   DATE(S)  VALUE   FROM    VALUE  DATE(S)
                                          NORMAL
................................................................
TEMPERATURE (F)
RECORD
 HIGH              78   02/22/1982
                        02/17/1970
                        02/11/1962
 LOW              -35   02/12/1899
HIGHEST            76   02/07        68       8       60  02/16
LOWEST              0   02/23        -2       2      -16  02/05
                        02/02
                        02/01
AVG. MAXIMUM     45.6              44.5     1.1     32.6
AVG. MINIMUM     17.8              18.6    -0.8     10.9
MEAN             31.7              31.5     0.2     21.8
DAYS MAX >= 90      0               0.0     0.0        0
DAYS MAX <= 32      7               4.8     2.2       16
DAYS MIN <= 32     25              27.2    -2.2       27
DAYS MIN <= 0       3               1.0     2.0        9

PRECIPITATION (INCHES)
RECORD
 MAXIMUM         2.75   1903
 MINIMUM         0.00   1970
TOTALS           0.27              0.38   -0.11     0.62
DAILY AVG.       0.01              0.01    0.00     0.02
DAYS >= .01         6                MM      MM        8
DAYS >= .10         1                MM      MM        2
DAYS >= .50         0                MM      MM        0
DAYS >= 1.00        0                MM      MM        0
GREATEST
 24 HR. TOTAL    0.15   02/22 TO 02/22

SNOWFALL (INCHES)
TOTALS             MM

DEGREE_DAYS
HEATING TOTAL     925               936     -11     1201
 SINCE 7/1       4449              4589    -140     4797
COOLING TOTAL       0                 0       0        0
 SINCE 1/1          0                 0       0        0
....................................................

WIND (MPH)
HIGHEST WIND SPEED/DIRECTION    40/340    DATE  02/17
HIGHEST GUST SPEED/DIRECTION    49/330    DATE  02/17

AVERAGE RH (PERCENT)     61

WEATHER CONDITIONS. NUMBER OF DAYS WITH
THUNDERSTORM              0     MIXED PRECIP               0
HEAVY RAIN                0     RAIN                       0
LIGHT RAIN                3     FREEZING RAIN              0
LT FREEZING RAIN          0     HAIL                       0
HEAVY SNOW                0     SNOW                       2
LIGHT SNOW                7     SLEET                      0
FOG                       8     FOG W/VIS <= 1/4 MILE      1
HAZE                     11

-  INDICATES NEGATIVE NUMBERS.
R  INDICATES RECORD WAS SET OR TIED.
MM INDICATES DATA IS MISSING.
T  INDICATES TRACE AMOUNT.

$$
