000
CXUS53 KLBF 011158
CLMIML


CLIMATE REPORT
NATIONAL WEATHER SERVICE NORTH PLATTE
657 AM CDT SAT JUL 1 2017

...................................

...THE IMPERIAL NE CLIMATE SUMMARY FOR THE MONTH OF JUNE 2017...

CLIMATE NORMAL PERIOD 1981 TO 2010
CLIMATE RECORD PERIOD 1893 TO 2017

WEATHER         OBSERVED          NORMAL  DEPART  LAST YEAR`S
                 VALUE   DATE(S)  VALUE   FROM    VALUE  DATE(S)
                                          NORMAL
................................................................
TEMPERATURE (F)
RECORD
 HIGH             110   06/26/2012
 LOW               29   MM
HIGHEST           105   06/21        98       7      100  06/21
LOWEST             47   06/01        45       2       50  06/01
AVG. MAXIMUM     88.1              84.0     4.1     88.5
AVG. MINIMUM     55.6              56.0    -0.4     59.6
MEAN             71.9              70.0     1.9     74.0
DAYS MAX >= 90     14               8.7     5.3       13
DAYS MAX <= 32      0               0.0     0.0        0
DAYS MIN <= 32      0               0.0     0.0        0
DAYS MIN <= 0       0               0.0     0.0        0

PRECIPITATION (INCHES)
RECORD
 MAXIMUM         8.75   1962
 MINIMUM         0.07   1952
TOTALS           0.38              3.17   -2.79     2.52
DAILY AVG.       0.01              0.11   -0.10     0.08
DAYS >= .01         8                MM      MM       11
DAYS >= .10         2                MM      MM        6
DAYS >= .50         0                MM      MM        2
DAYS >= 1.00        0                MM      MM        0
GREATEST
 24 HR. TOTAL    0.13   06/23 TO 06/23           06/11 TO 06/12
                                                          06/12 TO 06/12
                                                          06/12 TO 06/13

SNOWFALL (INCHES)
TOTALS             MM

DEGREE_DAYS
HEATING TOTAL      10                34     -24        3
 SINCE 7/1       5367              6101    -734     5340
COOLING TOTAL     225               184      41      283
 SINCE 1/1        243               228      15      302
....................................................

WIND (MPH)
HIGHEST WIND SPEED/DIRECTION    32/320    DATE  06/22
HIGHEST GUST SPEED/DIRECTION    46/250    DATE  06/14

AVERAGE RH (PERCENT)     54

WEATHER CONDITIONS. NUMBER OF DAYS WITH
THUNDERSTORM              0     MIXED PRECIP               0
HEAVY RAIN                1     RAIN                       1
LIGHT RAIN                9     FREEZING RAIN              0
LT FREEZING RAIN          0     HAIL                       0
HEAVY SNOW                0     SNOW                       0
LIGHT SNOW                0     SLEET                      0
FOG                       2     FOG W/VIS <= 1/4 MILE      1
HAZE                      2

-  INDICATES NEGATIVE NUMBERS.
R  INDICATES RECORD WAS SET OR TIED.
MM INDICATES DATA IS MISSING.
T  INDICATES TRACE AMOUNT.

$$
