000
CXUS53 KLBF 011416 RRA
CLMIML

CLIMATE REPORT
NATIONAL WEATHER SERVICE NORTH PLATTE
745 AM CST MON FEB 1 2016

...................................

...THE IMPERIAL NE CLIMATE SUMMARY FOR THE MONTH OF JANUARY 2016...

CLIMATE NORMAL PERIOD 1981 TO 2010
CLIMATE RECORD PERIOD 1893 TO 2016

WEATHER         OBSERVED          NORMAL  DEPART  LAST YEAR`S
                 VALUE   DATE(S)  VALUE   FROM    VALUE  DATE(S)
                                          NORMAL
................................................................
TEMPERATURE (F)
RECORD
 HIGH              77   01/27/2015
 LOW              -32   01/02/1911
HIGHEST            61   01/28        61       0       77  01/27
LOWEST              3   01/18        -7      10       -7  01/04
AVG. MAXIMUM     42.9              41.1     1.8     42.9
AVG. MINIMUM     19.6              15.5     4.1     17.8
MEAN             31.3              28.3     3.0     30.3
DAYS MAX >= 90      0               0.0     0.0        0
DAYS MAX <= 32      4               8.4    -4.4        8
DAYS MIN <= 32     31              30.6     0.4       29
DAYS MIN <= 0       0               2.1    -2.1        3

PRECIPITATION (INCHES)
RECORD
 MAXIMUM         1.73   1944
 MINIMUM         0.00   1986
                        1964
                        1961
TOTALS           0.23              0.30   -0.07     0.13
DAILY AVG.       0.01              0.01    0.00     0.00
DAYS >= .01         3                MM      MM        2
DAYS >= .10         1                MM      MM        1
DAYS >= .50         0                MM      MM        0
DAYS >= 1.00        0                MM      MM        0
GREATEST
 24 HR. TOTAL    0.12   01/30 TO 01/30

SNOWFALL (INCHES)
TOTALS             MM

DEGREE_DAYS
HEATING TOTAL    1037              1138    -101     1069
 SINCE 7/1       3205              3653    -448     3524
COOLING TOTAL       0                 0       0        0
 SINCE 1/1          0                 0       0        0
..................................................

WIND (MPH)
HIGHEST WIND SPEED/DIRECTION    37/330    DATE  01/29
HIGHEST GUST SPEED/DIRECTION    50/300    DATE  01/29

AVERAGE RH (PERCENT)     66

WEATHER CONDITIONS. NUMBER OF DAYS WITH
THUNDERSTORM              0     MIXED PRECIP               0
HEAVY RAIN                0     RAIN                       0
LIGHT RAIN                0     FREEZING RAIN              0
LT FREEZING RAIN          0     HAIL                       0
HEAVY SNOW                0     SNOW                       0
LIGHT SNOW                5     SLEET                      0
FOG                       3     FOG W/VIS <= 1/4 MILE      0
HAZE                      1

-  INDICATES NEGATIVE NUMBERS.
R  INDICATES RECORD WAS SET OR TIED.
MM INDICATES DATA IS MISSING.
T  INDICATES TRACE AMOUNT.

$$
