000
CXUS53 KIND 031038 CCA
CLMIND

CLIMATE REPORT...CORRECTED
NATIONAL WEATHER SERVICE INDIANAPOLIS IN
1114 AM EDT SAT JUL 1 2017

...................................

...THE INDIANAPOLIS IN CLIMATE SUMMARY FOR THE MONTH OF JUNE 2017...

CLIMATE NORMAL PERIOD 1981 TO 2010
CLIMATE RECORD PERIOD 1871 TO 2017

WEATHER         OBSERVED          NORMAL  DEPART  LAST YEAR`S
                 VALUE   DATE(S)  VALUE   FROM    VALUE  DATE(S)
                                          NORMAL
................................................................
TEMPERATURE (F)
RECORD
 HIGH             104   06/28/2012
 LOW               37   06/22/1992
HIGHEST            90   06/14                         92  06/12
                        06/12                             06/11
LOWEST             51   06/27                         51  06/08
                        06/01
AVG. MAXIMUM     82.5              81.9     0.6     84.3
AVG. MINIMUM     61.6              62.1    -0.5     64.7
MEAN             72.1              72.0     0.1     74.5
DAYS MAX >= 90      2               2.7    -0.7        8
DAYS MAX <= 32      0               0.0     0.0        0
DAYS MIN <= 32      0               0.0     0.0        0
DAYS MIN <= 0       0               0.0     0.0        0

PRECIPITATION (INCHES)
RECORD
 MAXIMUM        12.21   1875
 MINIMUM         0.09   2012
TOTALS           6.53              4.25    2.28     4.53
DAILY AVG.       0.22              0.14    0.08     0.15
DAYS >= .01        10              11.1    -1.1        8
DAYS >= .10         6               7.4    -1.4        7
DAYS >= .50         3               3.0     0.0        4
DAYS >= 1.00        2               1.1     0.9        1
GREATEST
 24 HR. TOTAL    2.15   06/30 TO 06/30

SNOWFALL (INCHES)
RECORDS
 TOTAL             MM   MM
 SNOW DEPTH        MM   MM
TOTALS            0.0               0.0     0.0      0.0
SINCE 7/1         9.7              25.9   -16.2     13.3
SNOWDEPTH AVG.      0
DAYS >= 1.0         0               0.0     0.0        0
DAYS >= 0.1         0                                  0
GREATEST
 SNOW DEPTH         0   MM                             0  MM
 24 HR TOTAL      0.0   MM                           0.0  MM

DEGREE_DAYS
HEATING TOTAL       3                16     -13        1
 SINCE 7/1       4275              5378   -1103     4445
COOLING TOTAL     220               226      -6      295
 SINCE 1/1        326               310      16      396
.................................................

WIND (MPH)
AVERAGE WIND SPEED              9.8
HIGHEST WIND SPEED/DIRECTION    38/250    DATE  06/14
HIGHEST GUST SPEED/DIRECTION    45/250    DATE  06/14

SKY COVER
POSSIBLE SUNSHINE (PERCENT)   MM
AVERAGE SKY COVER           0.50
NUMBER OF DAYS FAIR           11
NUMBER OF DAYS PC             16
NUMBER OF DAYS CLOUDY          2

AVERAGE RH (PERCENT)     64

WEATHER CONDITIONS. NUMBER OF DAYS WITH
THUNDERSTORM              8     MIXED PRECIP               0
HEAVY RAIN                2     RAIN                       5
LIGHT RAIN               13     FREEZING RAIN              0
LT FREEZING RAIN          0     HAIL                       0
HEAVY SNOW                0     SNOW                       0
LIGHT SNOW                0     SLEET                      0
FOG                       8     FOG W/VIS <= 1/4 MILE      0
HAZE                      1

-  INDICATES NEGATIVE NUMBERS.
R  INDICATES RECORD WAS SET OR TIED.
MM INDICATES DATA IS MISSING.
T  INDICATES TRACE AMOUNT.

$$
