000
CXUS53 KDVN 012104 RRA
CLMIOW

CLIMATE REPORT...RETRANSMISSION
NATIONAL WEATHER SERVICE QUAD CITIES IA IL
304 PM CST WED MAR 1 2017

...................................

...THE IOWA CITY IA CLIMATE SUMMARY FOR THE MONTH OF FEBRUARY 2017...

CLIMATE NORMAL PERIOD 1981 TO 2010
CLIMATE RECORD PERIOD 9999 TO 9999

WEATHER         OBSERVED          NORMAL  DEPART
                 VALUE   DATE(S)  VALUE   FROM
                                          NORMAL
................................................
TEMPERATURE (F)
HIGHEST            77   02/22        40      37
LOWEST              7   02/09        15      -8
AVG. MAXIMUM     49.7              34.3    15.4
AVG. MINIMUM     25.5              18.3     7.2
MEAN             37.6              26.3    11.3
DAYS MAX >= 90      0
DAYS MAX <= 32      5
DAYS MIN <= 32     23
DAYS MIN <= 0       0

PRECIPITATION (INCHES)
TOTALS           0.93              1.24   -0.31
DAILY AVG.       0.03              0.04   -0.01
DAYS >= .01         7
DAYS >= .10         2
DAYS >= .50         1
DAYS >= 1.00        0
GREATEST
 24 HR. TOTAL    0.54   02/27 TO 02/28

DEGREE_DAYS
HEATING TOTAL     759              1083    -324
 SINCE 7/1       3895              4950   -1055
COOLING TOTAL       0                 0       0
 SINCE 1/1          0                 0       0
.................................................

WIND (MPH)
AVERAGE WIND SPEED              8.5
HIGHEST WIND SPEED/DIRECTION    32/310    DATE  02/12
HIGHEST GUST SPEED/DIRECTION    43/330    DATE  02/12

SKY COVER
POSSIBLE SUNSHINE (PERCENT)   MM
AVERAGE SKY COVER           0.30
NUMBER OF DAYS FAIR           19
NUMBER OF DAYS PC              7
NUMBER OF DAYS CLOUDY          2

AVERAGE RH (PERCENT)     67

WEATHER CONDITIONS. NUMBER OF DAYS WITH
THUNDERSTORM              4     HAIL                       0
SLEET                     0     FOG                       11
FOG W/VIS <= 1/4 MILE     4     HAZE                       2

-  INDICATES NEGATIVE NUMBERS.
R  INDICATES RECORD WAS SET OR TIED.
MM INDICATES DATA IS MISSING.
T  INDICATES TRACE AMOUNT.

$$
