000
CXUS51 KCTP 011407
CLMIPT

PHLCLMIPT 000
TTAA00 KCTP 010907


CLIMATE REPORT
NATIONAL WEATHER SERVICE STATE COLLEGE PA
1006 AM EDT TUE SEP 1 2015

...................................

...THE WILLIAMSPORT PA CLIMATE SUMMARY FOR THE MONTH OF AUGUST 2015...

CLIMATE NORMAL PERIOD 1981 TO 2010
CLIMATE RECORD PERIOD 1895 TO 2015

WEATHER         OBSERVED          NORMAL  DEPART  LAST YEAR`S
                 VALUE   DATE(S)  VALUE   FROM    VALUE  DATE(S)
                                          NORMAL
................................................................
TEMPERATURE (F)
RECORD
 HIGH             103   08/07/1918
 LOW               38   08/30/1965
                        08/25/1940
HIGHEST            91   08/17                         90  08/27
                        08/16
LOWEST             54   08/29                         50  08/29
                        08/26                             08/15
                        08/07
AVG. MAXIMUM     83.5              81.6     1.9     80.0
AVG. MINIMUM     60.8              60.7     0.1     59.2
MEAN             72.2              71.1     1.1     69.6
DAYS MAX >= 90      4               2.7     1.3        1
DAYS MAX <= 32      0               0.0     0.0        0
DAYS MIN <= 32      0               0.0     0.0        0
DAYS MIN <= 0       0               0.0     0.0        0

PRECIPITATION (INCHES)
RECORD
 MAXIMUM         9.65   1912
 MINIMUM         0.53   1930
TOTALS           4.13              3.86    0.27     6.58
DAILY AVG.       0.13              0.12    0.01     0.21
DAYS >= .01         5              10.3    -5.3       11
DAYS >= .10         4               6.4    -2.4        8
DAYS >= .50         2               2.6    -0.6        3
DAYS >= 1.00        2               1.0     1.0        1
GREATEST
 24 HR. TOTAL    2.10   08/20 TO 08/20
                        08/20 TO 08/21

SNOWFALL (INCHES)
RECORDS
 TOTAL            0.0   MM
TOTALS            0.0               0.0     0.0      0.0
SINCE 7/1         0.0               0.0     0.0      0.0
SNOWDEPTH AVG.      0                MM      MM        0
DAYS >= 1.0         0               0.0     0.0        0
GREATEST
 SNOW DEPTH         0   MM                             0  MM
 24 HR TOTAL      0.0  08/31 TO 08/31

DEGREE_DAYS
HEATING TOTAL       0                10     -10        5
 SINCE 7/1          2                14     -12        5
COOLING TOTAL     229               201      28      158
 SINCE 1/1        785               634     151      617
..................................................

WIND (MPH)
AVERAGE WIND SPEED              4.4
HIGHEST WIND SPEED/DIRECTION    24/150    DATE  08/10
HIGHEST GUST SPEED/DIRECTION    31/160    DATE  08/10

SKY COVER
POSSIBLE SUNSHINE (PERCENT)   MM
AVERAGE SKY COVER           0.40
NUMBER OF DAYS FAIR           16
NUMBER OF DAYS PC             11
NUMBER OF DAYS CLOUDY          4

AVERAGE RH (PERCENT)     67

WEATHER CONDITIONS. NUMBER OF DAYS WITH
THUNDERSTORM              2     MIXED PRECIP               0
HEAVY RAIN                4     RAIN                       4
LIGHT RAIN                8     FREEZING RAIN              0
LT FREEZING RAIN          0     HAIL                       0
HEAVY SNOW                0     SNOW                       0
LIGHT SNOW                0     SLEET                      0
FOG                      12     FOG W/VIS <= 1/4 MILE      2
HAZE                      7

-  INDICATES NEGATIVE NUMBERS.
R  INDICATES RECORD WAS SET OR TIED.
MM INDICATES DATA IS MISSING.
T  INDICATES TRACE AMOUNT.

$$
