000
CXUS51 KCTP 010805
CLMIPT

PHLCLMIPT 000
TTAA00 KCTP 010749


CLIMATE REPORT
NATIONAL WEATHER SERVICE STATE COLLEGE PA
349 AM EDT FRI SEP 1 2017

...................................

...THE WILLIAMSPORT PA CLIMATE SUMMARY FOR THE MONTH OF AUGUST 2017...

CLIMATE NORMAL PERIOD 1981 TO 2010
CLIMATE RECORD PERIOD 1895 TO 2017

WEATHER         OBSERVED          NORMAL  DEPART  LAST YEAR`S
                 VALUE   DATE(S)  VALUE   FROM    VALUE  DATE(S)
                                          NORMAL
................................................................
TEMPERATURE (F)
RECORD
 HIGH             103   08/07/1918
 LOW               38   08/30/1965
                        08/25/1940
HIGHEST            90   08/22                         94  08/13
                        08/01
LOWEST             51   08/27                         53  08/23
AVG. MAXIMUM     81.6              81.6     0.0     86.7
AVG. MINIMUM     60.3              60.7    -0.4     65.5
MEAN             71.0              71.1    -0.1     76.1
DAYS MAX >= 90      2               2.7    -0.7        8
DAYS MAX <= 32      0               0.0     0.0        0
DAYS MIN <= 32      0               0.0     0.0        0
DAYS MIN <= 0       0               0.0     0.0        0

PRECIPITATION (INCHES)
RECORD
 MAXIMUM         9.65   1912
 MINIMUM         0.53   1930
TOTALS           5.76              3.86    1.90     4.53
DAILY AVG.       0.19              0.12    0.07     0.15
DAYS >= .01        11              10.3     0.7       11
DAYS >= .10         7               6.4     0.6        7
DAYS >= .50         3               2.6     0.4        3
DAYS >= 1.00        2               1.0     1.0        1
GREATEST
 24 HR. TOTAL    2.46   08/02 TO 08/02

SNOWFALL (INCHES)
RECORDS
 TOTAL            0.0   MM
TOTALS            0.0               0.0     0.0      0.0
SINCE 7/1         0.0               0.0     0.0      0.0
SNOWDEPTH AVG.      0                MM      MM        0
DAYS >= 1.0         0               0.0     0.0        0
GREATEST
 SNOW DEPTH         0   MM                             0  MM
 24 HR TOTAL      0.0   08/31 TO 08/31

DEGREE_DAYS
HEATING TOTAL       2                10      -8        0
 SINCE 7/1          2                14     -12        0
COOLING TOTAL     196               201      -5      352
 SINCE 1/1        742               634     108      973
..................................................

WIND (MPH)
AVERAGE WIND SPEED              4.3
HIGHEST WIND SPEED/DIRECTION    28/260    DATE  08/04
HIGHEST GUST SPEED/DIRECTION    35/260    DATE  08/04

SKY COVER
POSSIBLE SUNSHINE (PERCENT)   MM
AVERAGE SKY COVER           0.40
NUMBER OF DAYS FAIR           13
NUMBER OF DAYS PC             17
NUMBER OF DAYS CLOUDY          1

AVERAGE RH (PERCENT)     75

WEATHER CONDITIONS. NUMBER OF DAYS WITH
THUNDERSTORM              6     MIXED PRECIP               0
HEAVY RAIN                3     RAIN                       5
LIGHT RAIN               16     FREEZING RAIN              0
LT FREEZING RAIN          0     HAIL                       0
HEAVY SNOW                0     SNOW                       0
LIGHT SNOW                0     SLEET                      0
FOG                      17     FOG W/VIS <= 1/4 MILE      4
HAZE                      2

-  INDICATES NEGATIVE NUMBERS.
R  INDICATES RECORD WAS SET OR TIED.
MM INDICATES DATA IS MISSING.
T  INDICATES TRACE AMOUNT.

$$
JMC
